{"id":60,"date":"2025-06-17T16:34:30","date_gmt":"2025-06-17T20:34:30","guid":{"rendered":"https:\/\/medicina.udd.cl\/casev\/?post_type=person&#038;p=60"},"modified":"2025-06-17T16:34:30","modified_gmt":"2025-06-17T20:34:30","slug":"jaime-leppe","status":"publish","type":"person","link":"https:\/\/medicina.udd.cl\/casev\/persona\/jaime-leppe\/","title":{"rendered":"Jaime Leppe"},"featured_media":61,"template":"","people_tax":[],"people_areas":[],"people_levels":[],"class_list":["post-60","person","type-person","status-publish","has-post-thumbnail","hentry"],"yoast_head":"<!-- This site is optimized with the Yoast SEO plugin v26.9 - https:\/\/yoast.com\/product\/yoast-seo-wordpress\/ -->\n<title>Jaime Leppe - Centro Acad\u00e9mico de Salud y Estilos de Vida<\/title>\n<meta name=\"robots\" content=\"index, follow, max-snippet:-1, max-image-preview:large, max-video-preview:-1\" \/>\n<link rel=\"canonical\" href=\"https:\/\/medicina.udd.cl\/casev\/persona\/jaime-leppe\/\" \/>\n<meta property=\"og:locale\" content=\"es_ES\" \/>\n<meta property=\"og:type\" content=\"article\" \/>\n<meta property=\"og:title\" content=\"Jaime Leppe - Centro Acad\u00e9mico de Salud y Estilos de Vida\" \/>\n<meta property=\"og:url\" content=\"https:\/\/medicina.udd.cl\/casev\/persona\/jaime-leppe\/\" \/>\n<meta property=\"og:site_name\" content=\"Centro Acad\u00e9mico de Salud y Estilos de Vida\" \/>\n<meta property=\"og:image\" content=\"http:\/\/medicina.udd.cl\/casev\/files\/2025\/06\/leppe-bn.jpg\" \/>\n\t<meta property=\"og:image:width\" content=\"254\" \/>\n\t<meta property=\"og:image:height\" content=\"198\" \/>\n\t<meta property=\"og:image:type\" content=\"image\/jpeg\" \/>\n<meta name=\"twitter:card\" content=\"summary_large_image\" \/>\n<meta name=\"twitter:label1\" content=\"Tiempo de lectura\" \/>\n\t<meta name=\"twitter:data1\" content=\"1 minuto\" \/>\n<script type=\"application\/ld+json\" class=\"yoast-schema-graph\">{\"@context\":\"https:\/\/schema.org\",\"@graph\":[{\"@type\":\"WebPage\",\"@id\":\"https:\/\/medicina.udd.cl\/casev\/persona\/jaime-leppe\/\",\"url\":\"https:\/\/medicina.udd.cl\/casev\/persona\/jaime-leppe\/\",\"name\":\"Jaime Leppe - Centro Acad\u00e9mico de Salud y Estilos de Vida\",\"isPartOf\":{\"@id\":\"https:\/\/medicina.udd.cl\/casev\/#website\"},\"primaryImageOfPage\":{\"@id\":\"https:\/\/medicina.udd.cl\/casev\/persona\/jaime-leppe\/#primaryimage\"},\"image\":{\"@id\":\"https:\/\/medicina.udd.cl\/casev\/persona\/jaime-leppe\/#primaryimage\"},\"thumbnailUrl\":\"https:\/\/medicina.udd.cl\/casev\/files\/2025\/06\/leppe-bn.jpg\",\"datePublished\":\"2025-06-17T20:34:30+00:00\",\"breadcrumb\":{\"@id\":\"https:\/\/medicina.udd.cl\/casev\/persona\/jaime-leppe\/#breadcrumb\"},\"inLanguage\":\"es\",\"potentialAction\":[{\"@type\":\"ReadAction\",\"target\":[\"https:\/\/medicina.udd.cl\/casev\/persona\/jaime-leppe\/\"]}]},{\"@type\":\"ImageObject\",\"inLanguage\":\"es\",\"@id\":\"https:\/\/medicina.udd.cl\/casev\/persona\/jaime-leppe\/#primaryimage\",\"url\":\"https:\/\/medicina.udd.cl\/casev\/files\/2025\/06\/leppe-bn.jpg\",\"contentUrl\":\"https:\/\/medicina.udd.cl\/casev\/files\/2025\/06\/leppe-bn.jpg\",\"width\":254,\"height\":198},{\"@type\":\"BreadcrumbList\",\"@id\":\"https:\/\/medicina.udd.cl\/casev\/persona\/jaime-leppe\/#breadcrumb\",\"itemListElement\":[{\"@type\":\"ListItem\",\"position\":1,\"name\":\"Portada\",\"item\":\"https:\/\/medicina.udd.cl\/casev\/\"},{\"@type\":\"ListItem\",\"position\":2,\"name\":\"Personas\",\"item\":\"https:\/\/medicina.udd.cl\/casev\/persona\/\"},{\"@type\":\"ListItem\",\"position\":3,\"name\":\"Jaime Leppe\"}]},{\"@type\":\"WebSite\",\"@id\":\"https:\/\/medicina.udd.cl\/casev\/#website\",\"url\":\"https:\/\/medicina.udd.cl\/casev\/\",\"name\":\"Centro Acad\u00e9mico de Salud y Estilos de Vida\",\"description\":\"\",\"inLanguage\":\"es\"}]}<\/script>\n<!-- \/ Yoast SEO plugin. -->","yoast_head_json":{"title":"Jaime Leppe - Centro Acad\u00e9mico de Salud y Estilos de Vida","robots":{"index":"index","follow":"follow","max-snippet":"max-snippet:-1","max-image-preview":"max-image-preview:large","max-video-preview":"max-video-preview:-1"},"canonical":"https:\/\/medicina.udd.cl\/casev\/persona\/jaime-leppe\/","og_locale":"es_ES","og_type":"article","og_title":"Jaime Leppe - Centro Acad\u00e9mico de Salud y Estilos de Vida","og_url":"https:\/\/medicina.udd.cl\/casev\/persona\/jaime-leppe\/","og_site_name":"Centro Acad\u00e9mico de Salud y Estilos de Vida","og_image":[{"width":254,"height":198,"url":"http:\/\/medicina.udd.cl\/casev\/files\/2025\/06\/leppe-bn.jpg","type":"image\/jpeg"}],"twitter_card":"summary_large_image","twitter_misc":{"Tiempo de lectura":"1 minuto"},"schema":{"@context":"https:\/\/schema.org","@graph":[{"@type":"WebPage","@id":"https:\/\/medicina.udd.cl\/casev\/persona\/jaime-leppe\/","url":"https:\/\/medicina.udd.cl\/casev\/persona\/jaime-leppe\/","name":"Jaime Leppe - Centro Acad\u00e9mico de Salud y Estilos de Vida","isPartOf":{"@id":"https:\/\/medicina.udd.cl\/casev\/#website"},"primaryImageOfPage":{"@id":"https:\/\/medicina.udd.cl\/casev\/persona\/jaime-leppe\/#primaryimage"},"image":{"@id":"https:\/\/medicina.udd.cl\/casev\/persona\/jaime-leppe\/#primaryimage"},"thumbnailUrl":"https:\/\/medicina.udd.cl\/casev\/files\/2025\/06\/leppe-bn.jpg","datePublished":"2025-06-17T20:34:30+00:00","breadcrumb":{"@id":"https:\/\/medicina.udd.cl\/casev\/persona\/jaime-leppe\/#breadcrumb"},"inLanguage":"es","potentialAction":[{"@type":"ReadAction","target":["https:\/\/medicina.udd.cl\/casev\/persona\/jaime-leppe\/"]}]},{"@type":"ImageObject","inLanguage":"es","@id":"https:\/\/medicina.udd.cl\/casev\/persona\/jaime-leppe\/#primaryimage","url":"https:\/\/medicina.udd.cl\/casev\/files\/2025\/06\/leppe-bn.jpg","contentUrl":"https:\/\/medicina.udd.cl\/casev\/files\/2025\/06\/leppe-bn.jpg","width":254,"height":198},{"@type":"BreadcrumbList","@id":"https:\/\/medicina.udd.cl\/casev\/persona\/jaime-leppe\/#breadcrumb","itemListElement":[{"@type":"ListItem","position":1,"name":"Portada","item":"https:\/\/medicina.udd.cl\/casev\/"},{"@type":"ListItem","position":2,"name":"Personas","item":"https:\/\/medicina.udd.cl\/casev\/persona\/"},{"@type":"ListItem","position":3,"name":"Jaime Leppe"}]},{"@type":"WebSite","@id":"https:\/\/medicina.udd.cl\/casev\/#website","url":"https:\/\/medicina.udd.cl\/casev\/","name":"Centro Acad\u00e9mico de Salud y Estilos de Vida","description":"","inLanguage":"es"}]}},"label":"Jaime Leppe","role":false,"thumbnail_url":"https:\/\/medicina.udd.cl\/casev\/files\/2025\/06\/leppe-bn.jpg","email":"","tel_job":"","content":{"rendered":"<div class=\"person-modal person-modal--scl\">\n\t<header class=\"person-modal__header\">\n\t\t<div class=\"person-modal__bg\"><\/div>\n\t\t<div class=\"modal-container\">\n\t\t\t\t\t\t<div class=\"person-modal__media\">\n\t\t\t\t<img width=\"254\" height=\"198\" src=\"https:\/\/medicina.udd.cl\/casev\/files\/2025\/06\/leppe-bn-62x62.jpg\" class=\"person-modal__image wp-post-image lazyload\" alt=\"\" decoding=\"async\" loading=\"lazy\" data-src=\"https:\/\/medicina.udd.cl\/casev\/files\/2025\/06\/leppe-bn.jpg\" \/>\t\t\t<\/div>\n\t\t\t\t\t\t<div class=\"person-modal__data\">\n\t\t\t\t<h1 class=\"person-modal__name\">Jaime Leppe<\/h1>\n\t\t\t\t\t\t\t\t\t\t\t\t\t\t\t<\/div>\n\t\t<\/div>\n\t<\/header>\n\t<div class=\"modal-container\">\n\t\t\t<div class=\"person-modal__content text\">\n\t\t\t\t\t\t\t\t\t\t<ul>\n<li>Kinesi\u00f3logo<\/li>\n<li>Director Mag\u00edster en Terapia F\u00edsica y Rehabilitaci\u00f3n<\/li>\n<li>Coordinador de Investigaci\u00f3n Kinesiolog\u00eda, Universidad del Desarrollo<\/li>\n<\/ul>\n\t\t<\/div>\n\t<\/div>\n<\/div>\n"},"identifier":"7381e152b7f3b23cdb18b00e86174eafcec00a5d","has_credential":[],"given_name":"Jaime","family_name":"Leppe","name":"Jaime Leppe","job_title":"","telephone":"","note":"","im":"","_self_schedule":null,"_links":{"self":[{"href":"https:\/\/medicina.udd.cl\/casev\/wp-json\/wp\/v2\/people\/60","targetHints":{"allow":["GET"]}}],"collection":[{"href":"https:\/\/medicina.udd.cl\/casev\/wp-json\/wp\/v2\/people"}],"about":[{"href":"https:\/\/medicina.udd.cl\/casev\/wp-json\/wp\/v2\/types\/person"}],"wp:featuredmedia":[{"embeddable":true,"href":"https:\/\/medicina.udd.cl\/casev\/wp-json\/wp\/v2\/media\/61"}],"wp:attachment":[{"href":"https:\/\/medicina.udd.cl\/casev\/wp-json\/wp\/v2\/media?parent=60"}],"wp:term":[{"taxonomy":"people_tax","embeddable":true,"href":"https:\/\/medicina.udd.cl\/casev\/wp-json\/wp\/v2\/people_tax?post=60"},{"taxonomy":"people_areas","embeddable":true,"href":"https:\/\/medicina.udd.cl\/casev\/wp-json\/wp\/v2\/people_areas?post=60"},{"taxonomy":"people_levels","embeddable":true,"href":"https:\/\/medicina.udd.cl\/casev\/wp-json\/wp\/v2\/people_levels?post=60"}],"curies":[{"name":"wp","href":"https:\/\/api.w.org\/{rel}","templated":true}]}}

<!-- This site is optimized with the Yoast SEO plugin v26.9 - https://yoast.com/product/yoast-seo-wordpress/ -->
<title>Jaime Leppe - Centro Académico de Salud y Estilos de Vida</title>
<meta name="robots" content="index, follow, max-snippet:-1, max-image-preview:large, max-video-preview:-1" />
<link rel="canonical" href="https://medicina.udd.cl/casev/persona/jaime-leppe/" />
<meta property="og:locale" content="es_ES" />
<meta property="og:type" content="article" />
<meta property="og:title" content="Jaime Leppe - Centro Académico de Salud y Estilos de Vida" />
<meta property="og:url" content="https://medicina.udd.cl/casev/persona/jaime-leppe/" />
<meta property="og:site_name" content="Centro Académico de Salud y Estilos de Vida" />
<meta property="og:image" content="http://medicina.udd.cl/casev/files/2025/06/leppe-bn.jpg" />
	<meta property="og:image:width" content="254" />
	<meta property="og:image:height" content="198" />
	<meta property="og:image:type" content="image/jpeg" />
<meta name="twitter:card" content="summary_large_image" />
<meta name="twitter:label1" content="Tiempo de lectura" />
	<meta name="twitter:data1" content="1 minuto" />
<script type="application/ld+json" class="yoast-schema-graph">{"@context":"https://schema.org","@graph":[{"@type":"WebPage","@id":"https://medicina.udd.cl/casev/persona/jaime-leppe/","url":"https://medicina.udd.cl/casev/persona/jaime-leppe/","name":"Jaime Leppe - Centro Académico de Salud y Estilos de Vida","isPartOf":{"@id":"https://medicina.udd.cl/casev/#website"},"primaryImageOfPage":{"@id":"https://medicina.udd.cl/casev/persona/jaime-leppe/#primaryimage"},"image":{"@id":"https://medicina.udd.cl/casev/persona/jaime-leppe/#primaryimage"},"thumbnailUrl":"https://medicina.udd.cl/casev/files/2025/06/leppe-bn.jpg","datePublished":"2025-06-17T20:34:30+00:00","breadcrumb":{"@id":"https://medicina.udd.cl/casev/persona/jaime-leppe/#breadcrumb"},"inLanguage":"es","potentialAction":[{"@type":"ReadAction","target":["https://medicina.udd.cl/casev/persona/jaime-leppe/"]}]},{"@type":"ImageObject","inLanguage":"es","@id":"https://medicina.udd.cl/casev/persona/jaime-leppe/#primaryimage","url":"https://medicina.udd.cl/casev/files/2025/06/leppe-bn.jpg","contentUrl":"https://medicina.udd.cl/casev/files/2025/06/leppe-bn.jpg","width":254,"height":198},{"@type":"BreadcrumbList","@id":"https://medicina.udd.cl/casev/persona/jaime-leppe/#breadcrumb","itemListElement":[{"@type":"ListItem","position":1,"name":"Portada","item":"https://medicina.udd.cl/casev/"},{"@type":"ListItem","position":2,"name":"Personas","item":"https://medicina.udd.cl/casev/persona/"},{"@type":"ListItem","position":3,"name":"Jaime Leppe"}]},{"@type":"WebSite","@id":"https://medicina.udd.cl/casev/#website","url":"https://medicina.udd.cl/casev/","name":"Centro Académico de Salud y Estilos de Vida","description":"","inLanguage":"es"}]}</script>
<!-- / Yoast SEO plugin. -->

Jaime Leppe - Centro Académico de Salud y Estilos de Vida

Centro Académico de Salud y Estilos de Vida

<div class="person-modal person-modal--scl">
	<header class="person-modal__header">
		<div class="person-modal__bg"></div>
		<div class="modal-container">
						<div class="person-modal__media">
				<img width="254" height="198" src="https://medicina.udd.cl/casev/files/2025/06/leppe-bn-62x62.jpg" class="person-modal__image wp-post-image lazyload" alt="" decoding="async" loading="lazy" data-src="https://medicina.udd.cl/casev/files/2025/06/leppe-bn.jpg" />			</div>
						<div class="person-modal__data">
				<h1 class="person-modal__name">Jaime Leppe</h1>
															</div>
		</div>
	</header>
	<div class="modal-container">
			<div class="person-modal__content text">
										<ul>
<li>Kinesiólogo</li>
<li>Director Magíster en Terapia Física y Rehabilitación</li>
<li>Coordinador de Investigación Kinesiología, Universidad del Desarrollo</li>
</ul>
		</div>
	</div>
</div>
