{"id":2159,"date":"2013-07-27T16:39:33","date_gmt":"2013-07-27T20:39:33","guid":{"rendered":"http:\/\/medicina.udd.cl\/centro-bioetica\/calendario\/dialogo-bioetico-regulacion-etica-y-juridica-de-la-investigacion\/"},"modified":"2013-07-27T16:39:33","modified_gmt":"2013-07-27T20:39:33","slug":"dialogo-bioetico-regulacion-etica-y-juridica-de-la-investigacion","status":"publish","type":"event","link":"https:\/\/medicina.udd.cl\/centro-bioetica\/eventos\/dialogo-bioetico-regulacion-etica-y-juridica-de-la-investigacion\/","title":{"rendered":"Di\u00e1logo Bio\u00e9tico: \u00abRegulaci\u00f3n \u00c9tica y Jur\u00eddica de la Investigaci\u00f3n\u00bb"},"content":{"rendered":"<p>Expone Dra. Mar&iacute;a In&eacute;s G&oacute;mez.<\/p>\n<p>Centro Saval: Avenida Manquehue Norte, 1409, frente a estacionamiento de Cl&iacute;nica Alemana.&nbsp;<\/p>\n","protected":false},"author":31,"featured_media":0,"template":"","locations":[4020],"events-tax":[4032],"class_list":["post-2159","event","type-event","status-publish","hentry","locations-santiago","events_tax-academico"],"yoast_head":"<!-- This site is optimized with the Yoast SEO plugin v26.9 - https:\/\/yoast.com\/product\/yoast-seo-wordpress\/ -->\n<title>Di\u00e1logo Bio\u00e9tico: &quot;Regulaci\u00f3n \u00c9tica y Jur\u00eddica de la Investigaci\u00f3n&quot; - Centro de Bio\u00e9tica<\/title>\n<meta name=\"robots\" content=\"index, follow, max-snippet:-1, max-image-preview:large, max-video-preview:-1\" \/>\n<link rel=\"canonical\" href=\"https:\/\/medicina.udd.cl\/centro-bioetica\/eventos\/dialogo-bioetico-regulacion-etica-y-juridica-de-la-investigacion\/\" \/>\n<meta property=\"og:locale\" content=\"es_ES\" \/>\n<meta property=\"og:type\" content=\"article\" \/>\n<meta property=\"og:title\" content=\"Di\u00e1logo Bio\u00e9tico: &quot;Regulaci\u00f3n \u00c9tica y Jur\u00eddica de la Investigaci\u00f3n&quot; - Centro de Bio\u00e9tica\" \/>\n<meta property=\"og:description\" content=\"Centro Saval\" \/>\n<meta property=\"og:url\" content=\"https:\/\/medicina.udd.cl\/centro-bioetica\/eventos\/dialogo-bioetico-regulacion-etica-y-juridica-de-la-investigacion\/\" \/>\n<meta property=\"og:site_name\" content=\"Centro de Bio\u00e9tica\" \/>\n<script type=\"application\/ld+json\" class=\"yoast-schema-graph\">{\"@context\":\"https:\/\/schema.org\",\"@graph\":[{\"@type\":\"WebPage\",\"@id\":\"https:\/\/medicina.udd.cl\/centro-bioetica\/eventos\/dialogo-bioetico-regulacion-etica-y-juridica-de-la-investigacion\/\",\"url\":\"https:\/\/medicina.udd.cl\/centro-bioetica\/eventos\/dialogo-bioetico-regulacion-etica-y-juridica-de-la-investigacion\/\",\"name\":\"Di\u00e1logo Bio\u00e9tico: \\\"Regulaci\u00f3n \u00c9tica y Jur\u00eddica de la Investigaci\u00f3n\\\" - Centro de Bio\u00e9tica\",\"isPartOf\":{\"@id\":\"https:\/\/medicina.udd.cl\/centro-bioetica\/#website\"},\"datePublished\":\"2013-07-27T20:39:33+00:00\",\"breadcrumb\":{\"@id\":\"https:\/\/medicina.udd.cl\/centro-bioetica\/eventos\/dialogo-bioetico-regulacion-etica-y-juridica-de-la-investigacion\/#breadcrumb\"},\"inLanguage\":\"es\",\"potentialAction\":[{\"@type\":\"ReadAction\",\"target\":[\"https:\/\/medicina.udd.cl\/centro-bioetica\/eventos\/dialogo-bioetico-regulacion-etica-y-juridica-de-la-investigacion\/\"]}]},{\"@type\":\"BreadcrumbList\",\"@id\":\"https:\/\/medicina.udd.cl\/centro-bioetica\/eventos\/dialogo-bioetico-regulacion-etica-y-juridica-de-la-investigacion\/#breadcrumb\",\"itemListElement\":[{\"@type\":\"ListItem\",\"position\":1,\"name\":\"Inicio\",\"item\":\"https:\/\/medicina.udd.cl\/centro-bioetica\/\"},{\"@type\":\"ListItem\",\"position\":2,\"name\":\"Eventos\",\"item\":\"https:\/\/medicina.udd.cl\/centro-bioetica\/eventos\/\"},{\"@type\":\"ListItem\",\"position\":3,\"name\":\"Di\u00e1logo Bio\u00e9tico: \u00abRegulaci\u00f3n \u00c9tica y Jur\u00eddica de la Investigaci\u00f3n\u00bb\"}]},{\"@type\":\"WebSite\",\"@id\":\"https:\/\/medicina.udd.cl\/centro-bioetica\/#website\",\"url\":\"https:\/\/medicina.udd.cl\/centro-bioetica\/\",\"name\":\"Centro de Bio\u00e9tica\",\"description\":\"Universidad del Desarrollo\",\"inLanguage\":\"es\"}]}<\/script>\n<!-- \/ Yoast SEO plugin. -->","yoast_head_json":{"title":"Di\u00e1logo Bio\u00e9tico: \"Regulaci\u00f3n \u00c9tica y Jur\u00eddica de la Investigaci\u00f3n\" - Centro de Bio\u00e9tica","robots":{"index":"index","follow":"follow","max-snippet":"max-snippet:-1","max-image-preview":"max-image-preview:large","max-video-preview":"max-video-preview:-1"},"canonical":"https:\/\/medicina.udd.cl\/centro-bioetica\/eventos\/dialogo-bioetico-regulacion-etica-y-juridica-de-la-investigacion\/","og_locale":"es_ES","og_type":"article","og_title":"Di\u00e1logo Bio\u00e9tico: \"Regulaci\u00f3n \u00c9tica y Jur\u00eddica de la Investigaci\u00f3n\" - Centro de Bio\u00e9tica","og_description":"Centro Saval","og_url":"https:\/\/medicina.udd.cl\/centro-bioetica\/eventos\/dialogo-bioetico-regulacion-etica-y-juridica-de-la-investigacion\/","og_site_name":"Centro de Bio\u00e9tica","schema":{"@context":"https:\/\/schema.org","@graph":[{"@type":"WebPage","@id":"https:\/\/medicina.udd.cl\/centro-bioetica\/eventos\/dialogo-bioetico-regulacion-etica-y-juridica-de-la-investigacion\/","url":"https:\/\/medicina.udd.cl\/centro-bioetica\/eventos\/dialogo-bioetico-regulacion-etica-y-juridica-de-la-investigacion\/","name":"Di\u00e1logo Bio\u00e9tico: \"Regulaci\u00f3n \u00c9tica y Jur\u00eddica de la Investigaci\u00f3n\" - Centro de Bio\u00e9tica","isPartOf":{"@id":"https:\/\/medicina.udd.cl\/centro-bioetica\/#website"},"datePublished":"2013-07-27T20:39:33+00:00","breadcrumb":{"@id":"https:\/\/medicina.udd.cl\/centro-bioetica\/eventos\/dialogo-bioetico-regulacion-etica-y-juridica-de-la-investigacion\/#breadcrumb"},"inLanguage":"es","potentialAction":[{"@type":"ReadAction","target":["https:\/\/medicina.udd.cl\/centro-bioetica\/eventos\/dialogo-bioetico-regulacion-etica-y-juridica-de-la-investigacion\/"]}]},{"@type":"BreadcrumbList","@id":"https:\/\/medicina.udd.cl\/centro-bioetica\/eventos\/dialogo-bioetico-regulacion-etica-y-juridica-de-la-investigacion\/#breadcrumb","itemListElement":[{"@type":"ListItem","position":1,"name":"Inicio","item":"https:\/\/medicina.udd.cl\/centro-bioetica\/"},{"@type":"ListItem","position":2,"name":"Eventos","item":"https:\/\/medicina.udd.cl\/centro-bioetica\/eventos\/"},{"@type":"ListItem","position":3,"name":"Di\u00e1logo Bio\u00e9tico: \u00abRegulaci\u00f3n \u00c9tica y Jur\u00eddica de la Investigaci\u00f3n\u00bb"}]},{"@type":"WebSite","@id":"https:\/\/medicina.udd.cl\/centro-bioetica\/#website","url":"https:\/\/medicina.udd.cl\/centro-bioetica\/","name":"Centro de Bio\u00e9tica","description":"Universidad del Desarrollo","inLanguage":"es"}]}},"dtstart":"2013-05-08T18:30:00-04:00","dtend":"2013-05-08T18:30:00-04:00","full_day":false,"attendance_mode":"","_links":{"self":[{"href":"https:\/\/medicina.udd.cl\/centro-bioetica\/wp-json\/wp\/v2\/events\/2159","targetHints":{"allow":["GET"]}}],"collection":[{"href":"https:\/\/medicina.udd.cl\/centro-bioetica\/wp-json\/wp\/v2\/events"}],"about":[{"href":"https:\/\/medicina.udd.cl\/centro-bioetica\/wp-json\/wp\/v2\/types\/event"}],"author":[{"embeddable":true,"href":"https:\/\/medicina.udd.cl\/centro-bioetica\/wp-json\/wp\/v2\/users\/31"}],"version-history":[{"count":0,"href":"https:\/\/medicina.udd.cl\/centro-bioetica\/wp-json\/wp\/v2\/events\/2159\/revisions"}],"wp:attachment":[{"href":"https:\/\/medicina.udd.cl\/centro-bioetica\/wp-json\/wp\/v2\/media?parent=2159"}],"wp:term":[{"taxonomy":"locations","embeddable":true,"href":"https:\/\/medicina.udd.cl\/centro-bioetica\/wp-json\/wp\/v2\/locations?post=2159"},{"taxonomy":"events_tax","embeddable":true,"href":"https:\/\/medicina.udd.cl\/centro-bioetica\/wp-json\/wp\/v2\/events-tax?post=2159"}],"curies":[{"name":"wp","href":"https:\/\/api.w.org\/{rel}","templated":true}]}}

Diálogo Bioético: «Regulación Ética y Jurídica de la Investigación»

<!-- This site is optimized with the Yoast SEO plugin v26.9 - https://yoast.com/product/yoast-seo-wordpress/ -->
<title>Diálogo Bioético: &quot;Regulación Ética y Jurídica de la Investigación&quot; - Centro de Bioética</title>
<meta name="robots" content="index, follow, max-snippet:-1, max-image-preview:large, max-video-preview:-1" />
<link rel="canonical" href="https://medicina.udd.cl/centro-bioetica/eventos/dialogo-bioetico-regulacion-etica-y-juridica-de-la-investigacion/" />
<meta property="og:locale" content="es_ES" />
<meta property="og:type" content="article" />
<meta property="og:title" content="Diálogo Bioético: &quot;Regulación Ética y Jurídica de la Investigación&quot; - Centro de Bioética" />
<meta property="og:description" content="Centro Saval" />
<meta property="og:url" content="https://medicina.udd.cl/centro-bioetica/eventos/dialogo-bioetico-regulacion-etica-y-juridica-de-la-investigacion/" />
<meta property="og:site_name" content="Centro de Bioética" />
<script type="application/ld+json" class="yoast-schema-graph">{"@context":"https://schema.org","@graph":[{"@type":"WebPage","@id":"https://medicina.udd.cl/centro-bioetica/eventos/dialogo-bioetico-regulacion-etica-y-juridica-de-la-investigacion/","url":"https://medicina.udd.cl/centro-bioetica/eventos/dialogo-bioetico-regulacion-etica-y-juridica-de-la-investigacion/","name":"Diálogo Bioético: \"Regulación Ética y Jurídica de la Investigación\" - Centro de Bioética","isPartOf":{"@id":"https://medicina.udd.cl/centro-bioetica/#website"},"datePublished":"2013-07-27T20:39:33+00:00","breadcrumb":{"@id":"https://medicina.udd.cl/centro-bioetica/eventos/dialogo-bioetico-regulacion-etica-y-juridica-de-la-investigacion/#breadcrumb"},"inLanguage":"es","potentialAction":[{"@type":"ReadAction","target":["https://medicina.udd.cl/centro-bioetica/eventos/dialogo-bioetico-regulacion-etica-y-juridica-de-la-investigacion/"]}]},{"@type":"BreadcrumbList","@id":"https://medicina.udd.cl/centro-bioetica/eventos/dialogo-bioetico-regulacion-etica-y-juridica-de-la-investigacion/#breadcrumb","itemListElement":[{"@type":"ListItem","position":1,"name":"Inicio","item":"https://medicina.udd.cl/centro-bioetica/"},{"@type":"ListItem","position":2,"name":"Eventos","item":"https://medicina.udd.cl/centro-bioetica/eventos/"},{"@type":"ListItem","position":3,"name":"Diálogo Bioético: «Regulación Ética y Jurídica de la Investigación»"}]},{"@type":"WebSite","@id":"https://medicina.udd.cl/centro-bioetica/#website","url":"https://medicina.udd.cl/centro-bioetica/","name":"Centro de Bioética","description":"Universidad del Desarrollo","inLanguage":"es"}]}</script>
<!-- / Yoast SEO plugin. -->

Diálogo Bioético: "Regulación Ética y Jurídica de la Investigación" - Centro de Bioética

Centro de Bioética
