{"id":2162,"date":"2013-07-27T16:39:35","date_gmt":"2013-07-27T20:39:35","guid":{"rendered":"http:\/\/medicina.udd.cl\/centro-bioetica\/calendario\/foro-decisiones-al-final-de-la-vida-una-vision-etica-y-juridica\/"},"modified":"2013-07-27T16:39:35","modified_gmt":"2013-07-27T20:39:35","slug":"foro-decisiones-al-final-de-la-vida-una-vision-etica-y-juridica","status":"publish","type":"event","link":"https:\/\/medicina.udd.cl\/centro-bioetica\/eventos\/foro-decisiones-al-final-de-la-vida-una-vision-etica-y-juridica\/","title":{"rendered":"Foro \u201cDecisiones al final de la vida: una visi\u00f3n \u00e9tica y jur\u00eddica\u201d"},"content":{"rendered":"<p>Organizado por el Observatorio de Bio&eacute;tica &amp; Derecho UDD<\/p>\n<p>Exponen: doctor Juan Pablo Beca, director del Centro de Bio&eacute;tica, y el abogado Alejandro Leiva, docente de Derecho UDD.<\/p>\n<p>Inscripci&oacute;n (incluye almuerzo): ihenriquezg@udd.cl \/ daniela.aguilo@gmail.com<\/p>\n<p>&nbsp;<\/p>\n","protected":false},"author":42,"featured_media":0,"template":"","locations":[4020],"events-tax":[4032],"class_list":["post-2162","event","type-event","status-publish","hentry","locations-santiago","events_tax-academico"],"yoast_head":"<!-- This site is optimized with the Yoast SEO plugin v26.9 - https:\/\/yoast.com\/product\/yoast-seo-wordpress\/ -->\n<title>Foro \u201cDecisiones al final de la vida: una visi\u00f3n \u00e9tica y jur\u00eddica\u201d - Centro de Bio\u00e9tica<\/title>\n<meta name=\"robots\" content=\"index, follow, max-snippet:-1, max-image-preview:large, max-video-preview:-1\" \/>\n<link rel=\"canonical\" href=\"https:\/\/medicina.udd.cl\/centro-bioetica\/eventos\/foro-decisiones-al-final-de-la-vida-una-vision-etica-y-juridica\/\" \/>\n<meta property=\"og:locale\" content=\"es_ES\" \/>\n<meta property=\"og:type\" content=\"article\" \/>\n<meta property=\"og:title\" content=\"Foro \u201cDecisiones al final de la vida: una visi\u00f3n \u00e9tica y jur\u00eddica\u201d - Centro de Bio\u00e9tica\" \/>\n<meta property=\"og:description\" content=\"Aula 205, Facultad de Medicina CAS - UDD\" \/>\n<meta property=\"og:url\" content=\"https:\/\/medicina.udd.cl\/centro-bioetica\/eventos\/foro-decisiones-al-final-de-la-vida-una-vision-etica-y-juridica\/\" \/>\n<meta property=\"og:site_name\" content=\"Centro de Bio\u00e9tica\" \/>\n<script type=\"application\/ld+json\" class=\"yoast-schema-graph\">{\"@context\":\"https:\/\/schema.org\",\"@graph\":[{\"@type\":\"WebPage\",\"@id\":\"https:\/\/medicina.udd.cl\/centro-bioetica\/eventos\/foro-decisiones-al-final-de-la-vida-una-vision-etica-y-juridica\/\",\"url\":\"https:\/\/medicina.udd.cl\/centro-bioetica\/eventos\/foro-decisiones-al-final-de-la-vida-una-vision-etica-y-juridica\/\",\"name\":\"Foro \u201cDecisiones al final de la vida: una visi\u00f3n \u00e9tica y jur\u00eddica\u201d - Centro de Bio\u00e9tica\",\"isPartOf\":{\"@id\":\"https:\/\/medicina.udd.cl\/centro-bioetica\/#website\"},\"datePublished\":\"2013-07-27T20:39:35+00:00\",\"breadcrumb\":{\"@id\":\"https:\/\/medicina.udd.cl\/centro-bioetica\/eventos\/foro-decisiones-al-final-de-la-vida-una-vision-etica-y-juridica\/#breadcrumb\"},\"inLanguage\":\"es\",\"potentialAction\":[{\"@type\":\"ReadAction\",\"target\":[\"https:\/\/medicina.udd.cl\/centro-bioetica\/eventos\/foro-decisiones-al-final-de-la-vida-una-vision-etica-y-juridica\/\"]}]},{\"@type\":\"BreadcrumbList\",\"@id\":\"https:\/\/medicina.udd.cl\/centro-bioetica\/eventos\/foro-decisiones-al-final-de-la-vida-una-vision-etica-y-juridica\/#breadcrumb\",\"itemListElement\":[{\"@type\":\"ListItem\",\"position\":1,\"name\":\"Inicio\",\"item\":\"https:\/\/medicina.udd.cl\/centro-bioetica\/\"},{\"@type\":\"ListItem\",\"position\":2,\"name\":\"Eventos\",\"item\":\"https:\/\/medicina.udd.cl\/centro-bioetica\/eventos\/\"},{\"@type\":\"ListItem\",\"position\":3,\"name\":\"Foro \u201cDecisiones al final de la vida: una visi\u00f3n \u00e9tica y jur\u00eddica\u201d\"}]},{\"@type\":\"WebSite\",\"@id\":\"https:\/\/medicina.udd.cl\/centro-bioetica\/#website\",\"url\":\"https:\/\/medicina.udd.cl\/centro-bioetica\/\",\"name\":\"Centro de Bio\u00e9tica\",\"description\":\"Universidad del Desarrollo\",\"inLanguage\":\"es\"}]}<\/script>\n<!-- \/ Yoast SEO plugin. -->","yoast_head_json":{"title":"Foro \u201cDecisiones al final de la vida: una visi\u00f3n \u00e9tica y jur\u00eddica\u201d - Centro de Bio\u00e9tica","robots":{"index":"index","follow":"follow","max-snippet":"max-snippet:-1","max-image-preview":"max-image-preview:large","max-video-preview":"max-video-preview:-1"},"canonical":"https:\/\/medicina.udd.cl\/centro-bioetica\/eventos\/foro-decisiones-al-final-de-la-vida-una-vision-etica-y-juridica\/","og_locale":"es_ES","og_type":"article","og_title":"Foro \u201cDecisiones al final de la vida: una visi\u00f3n \u00e9tica y jur\u00eddica\u201d - Centro de Bio\u00e9tica","og_description":"Aula 205, Facultad de Medicina CAS - UDD","og_url":"https:\/\/medicina.udd.cl\/centro-bioetica\/eventos\/foro-decisiones-al-final-de-la-vida-una-vision-etica-y-juridica\/","og_site_name":"Centro de Bio\u00e9tica","schema":{"@context":"https:\/\/schema.org","@graph":[{"@type":"WebPage","@id":"https:\/\/medicina.udd.cl\/centro-bioetica\/eventos\/foro-decisiones-al-final-de-la-vida-una-vision-etica-y-juridica\/","url":"https:\/\/medicina.udd.cl\/centro-bioetica\/eventos\/foro-decisiones-al-final-de-la-vida-una-vision-etica-y-juridica\/","name":"Foro \u201cDecisiones al final de la vida: una visi\u00f3n \u00e9tica y jur\u00eddica\u201d - Centro de Bio\u00e9tica","isPartOf":{"@id":"https:\/\/medicina.udd.cl\/centro-bioetica\/#website"},"datePublished":"2013-07-27T20:39:35+00:00","breadcrumb":{"@id":"https:\/\/medicina.udd.cl\/centro-bioetica\/eventos\/foro-decisiones-al-final-de-la-vida-una-vision-etica-y-juridica\/#breadcrumb"},"inLanguage":"es","potentialAction":[{"@type":"ReadAction","target":["https:\/\/medicina.udd.cl\/centro-bioetica\/eventos\/foro-decisiones-al-final-de-la-vida-una-vision-etica-y-juridica\/"]}]},{"@type":"BreadcrumbList","@id":"https:\/\/medicina.udd.cl\/centro-bioetica\/eventos\/foro-decisiones-al-final-de-la-vida-una-vision-etica-y-juridica\/#breadcrumb","itemListElement":[{"@type":"ListItem","position":1,"name":"Inicio","item":"https:\/\/medicina.udd.cl\/centro-bioetica\/"},{"@type":"ListItem","position":2,"name":"Eventos","item":"https:\/\/medicina.udd.cl\/centro-bioetica\/eventos\/"},{"@type":"ListItem","position":3,"name":"Foro \u201cDecisiones al final de la vida: una visi\u00f3n \u00e9tica y jur\u00eddica\u201d"}]},{"@type":"WebSite","@id":"https:\/\/medicina.udd.cl\/centro-bioetica\/#website","url":"https:\/\/medicina.udd.cl\/centro-bioetica\/","name":"Centro de Bio\u00e9tica","description":"Universidad del Desarrollo","inLanguage":"es"}]}},"dtstart":"2013-06-26T13:00:00-04:00","dtend":"2013-06-26T13:00:00-04:00","full_day":false,"attendance_mode":"","_links":{"self":[{"href":"https:\/\/medicina.udd.cl\/centro-bioetica\/wp-json\/wp\/v2\/events\/2162","targetHints":{"allow":["GET"]}}],"collection":[{"href":"https:\/\/medicina.udd.cl\/centro-bioetica\/wp-json\/wp\/v2\/events"}],"about":[{"href":"https:\/\/medicina.udd.cl\/centro-bioetica\/wp-json\/wp\/v2\/types\/event"}],"author":[{"embeddable":true,"href":"https:\/\/medicina.udd.cl\/centro-bioetica\/wp-json\/wp\/v2\/users\/42"}],"version-history":[{"count":0,"href":"https:\/\/medicina.udd.cl\/centro-bioetica\/wp-json\/wp\/v2\/events\/2162\/revisions"}],"wp:attachment":[{"href":"https:\/\/medicina.udd.cl\/centro-bioetica\/wp-json\/wp\/v2\/media?parent=2162"}],"wp:term":[{"taxonomy":"locations","embeddable":true,"href":"https:\/\/medicina.udd.cl\/centro-bioetica\/wp-json\/wp\/v2\/locations?post=2162"},{"taxonomy":"events_tax","embeddable":true,"href":"https:\/\/medicina.udd.cl\/centro-bioetica\/wp-json\/wp\/v2\/events-tax?post=2162"}],"curies":[{"name":"wp","href":"https:\/\/api.w.org\/{rel}","templated":true}]}}

Foro “Decisiones al final de la vida: una visión ética y jurídica”

<!-- This site is optimized with the Yoast SEO plugin v26.9 - https://yoast.com/product/yoast-seo-wordpress/ -->
<title>Foro “Decisiones al final de la vida: una visión ética y jurídica” - Centro de Bioética</title>
<meta name="robots" content="index, follow, max-snippet:-1, max-image-preview:large, max-video-preview:-1" />
<link rel="canonical" href="https://medicina.udd.cl/centro-bioetica/eventos/foro-decisiones-al-final-de-la-vida-una-vision-etica-y-juridica/" />
<meta property="og:locale" content="es_ES" />
<meta property="og:type" content="article" />
<meta property="og:title" content="Foro “Decisiones al final de la vida: una visión ética y jurídica” - Centro de Bioética" />
<meta property="og:description" content="Aula 205, Facultad de Medicina CAS - UDD" />
<meta property="og:url" content="https://medicina.udd.cl/centro-bioetica/eventos/foro-decisiones-al-final-de-la-vida-una-vision-etica-y-juridica/" />
<meta property="og:site_name" content="Centro de Bioética" />
<script type="application/ld+json" class="yoast-schema-graph">{"@context":"https://schema.org","@graph":[{"@type":"WebPage","@id":"https://medicina.udd.cl/centro-bioetica/eventos/foro-decisiones-al-final-de-la-vida-una-vision-etica-y-juridica/","url":"https://medicina.udd.cl/centro-bioetica/eventos/foro-decisiones-al-final-de-la-vida-una-vision-etica-y-juridica/","name":"Foro “Decisiones al final de la vida: una visión ética y jurídica” - Centro de Bioética","isPartOf":{"@id":"https://medicina.udd.cl/centro-bioetica/#website"},"datePublished":"2013-07-27T20:39:35+00:00","breadcrumb":{"@id":"https://medicina.udd.cl/centro-bioetica/eventos/foro-decisiones-al-final-de-la-vida-una-vision-etica-y-juridica/#breadcrumb"},"inLanguage":"es","potentialAction":[{"@type":"ReadAction","target":["https://medicina.udd.cl/centro-bioetica/eventos/foro-decisiones-al-final-de-la-vida-una-vision-etica-y-juridica/"]}]},{"@type":"BreadcrumbList","@id":"https://medicina.udd.cl/centro-bioetica/eventos/foro-decisiones-al-final-de-la-vida-una-vision-etica-y-juridica/#breadcrumb","itemListElement":[{"@type":"ListItem","position":1,"name":"Inicio","item":"https://medicina.udd.cl/centro-bioetica/"},{"@type":"ListItem","position":2,"name":"Eventos","item":"https://medicina.udd.cl/centro-bioetica/eventos/"},{"@type":"ListItem","position":3,"name":"Foro “Decisiones al final de la vida: una visión ética y jurídica”"}]},{"@type":"WebSite","@id":"https://medicina.udd.cl/centro-bioetica/#website","url":"https://medicina.udd.cl/centro-bioetica/","name":"Centro de Bioética","description":"Universidad del Desarrollo","inLanguage":"es"}]}</script>
<!-- / Yoast SEO plugin. -->

Foro “Decisiones al final de la vida: una visión ética y jurídica” - Centro de Bioética

Centro de Bioética
