{"id":2396,"date":"2013-08-19T09:37:04","date_gmt":"2013-08-19T13:37:04","guid":{"rendered":"http:\/\/medicina.udd.cl\/centro-bioetica\/?post_type=event&#038;p=2396"},"modified":"2022-07-07T18:30:46","modified_gmt":"2022-07-07T22:30:46","slug":"dialogo-bioetico-cuidados-paliativos-no-oncologicos","status":"publish","type":"event","link":"https:\/\/medicina.udd.cl\/centro-bioetica\/eventos\/dialogo-bioetico-cuidados-paliativos-no-oncologicos\/","title":{"rendered":"Di\u00e1logo bio\u00e9tico: Cuidados paliativos no oncol\u00f3gicos"},"content":{"rendered":"<p style=\"padding: 0px; margin: 0px; color: #201d1b; font-family: Verdana, Helv\u00e9tica, Arial, sans-serif; font-size: 11px; line-height: 15px; background-color: #ffffff;\">Expone Dra. Lorna Luco<\/p>\n<p style=\"padding: 0px; margin: 0px; color: #201d1b; font-family: Verdana, Helv\u00e9tica, Arial, sans-serif; font-size: 11px; line-height: 15px; background-color: #ffffff;\">Centro Saval: Manquehue Norte 1407 (frente a estacionamiento Cl\u00ednica Alemana), desde las 18:30 hasta las 20:00 horas.<\/p>\n","protected":false},"author":42,"featured_media":0,"template":"","locations":[4020],"events-tax":[4032],"class_list":["post-2396","event","type-event","status-publish","hentry","locations-santiago","events_tax-academico"],"yoast_head":"<!-- This site is optimized with the Yoast SEO plugin v26.9 - https:\/\/yoast.com\/product\/yoast-seo-wordpress\/ -->\n<title>Di\u00e1logo bio\u00e9tico: Cuidados paliativos no oncol\u00f3gicos - Centro Bio\u00e9tica<\/title>\n<meta name=\"robots\" content=\"index, follow, max-snippet:-1, max-image-preview:large, max-video-preview:-1\" \/>\n<link rel=\"canonical\" href=\"https:\/\/medicina.udd.cl\/centro-bioetica\/eventos\/dialogo-bioetico-cuidados-paliativos-no-oncologicos\/\" \/>\n<meta property=\"og:locale\" content=\"es_ES\" \/>\n<meta property=\"og:type\" content=\"article\" \/>\n<meta property=\"og:title\" content=\"Di\u00e1logo bio\u00e9tico: Cuidados paliativos no oncol\u00f3gicos - Centro Bio\u00e9tica\" \/>\n<meta property=\"og:description\" content=\"Expone Dra. Lorna Luco Centro Saval: Manquehue Norte 1407 (frente a estacionamiento Cl\u00ednica Alemana), desde las 18:30 hasta las 20:00 horas.\" \/>\n<meta property=\"og:url\" content=\"https:\/\/medicina.udd.cl\/centro-bioetica\/eventos\/dialogo-bioetico-cuidados-paliativos-no-oncologicos\/\" \/>\n<meta property=\"og:site_name\" content=\"Centro de Bio\u00e9tica\" \/>\n<meta property=\"article:modified_time\" content=\"2022-07-07T22:30:46+00:00\" \/>\n<script type=\"application\/ld+json\" class=\"yoast-schema-graph\">{\"@context\":\"https:\/\/schema.org\",\"@graph\":[{\"@type\":\"WebPage\",\"@id\":\"https:\/\/medicina.udd.cl\/centro-bioetica\/eventos\/dialogo-bioetico-cuidados-paliativos-no-oncologicos\/\",\"url\":\"https:\/\/medicina.udd.cl\/centro-bioetica\/eventos\/dialogo-bioetico-cuidados-paliativos-no-oncologicos\/\",\"name\":\"Di\u00e1logo bio\u00e9tico: Cuidados paliativos no oncol\u00f3gicos - Centro Bio\u00e9tica\",\"isPartOf\":{\"@id\":\"https:\/\/medicina.udd.cl\/centro-bioetica\/#website\"},\"datePublished\":\"2013-08-19T13:37:04+00:00\",\"dateModified\":\"2022-07-07T22:30:46+00:00\",\"breadcrumb\":{\"@id\":\"https:\/\/medicina.udd.cl\/centro-bioetica\/eventos\/dialogo-bioetico-cuidados-paliativos-no-oncologicos\/#breadcrumb\"},\"inLanguage\":\"es\",\"potentialAction\":[{\"@type\":\"ReadAction\",\"target\":[\"https:\/\/medicina.udd.cl\/centro-bioetica\/eventos\/dialogo-bioetico-cuidados-paliativos-no-oncologicos\/\"]}]},{\"@type\":\"BreadcrumbList\",\"@id\":\"https:\/\/medicina.udd.cl\/centro-bioetica\/eventos\/dialogo-bioetico-cuidados-paliativos-no-oncologicos\/#breadcrumb\",\"itemListElement\":[{\"@type\":\"ListItem\",\"position\":1,\"name\":\"Inicio\",\"item\":\"https:\/\/medicina.udd.cl\/centro-bioetica\/\"},{\"@type\":\"ListItem\",\"position\":2,\"name\":\"Eventos\",\"item\":\"https:\/\/medicina.udd.cl\/centro-bioetica\/eventos\/\"},{\"@type\":\"ListItem\",\"position\":3,\"name\":\"Di\u00e1logo bio\u00e9tico: Cuidados paliativos no oncol\u00f3gicos\"}]},{\"@type\":\"WebSite\",\"@id\":\"https:\/\/medicina.udd.cl\/centro-bioetica\/#website\",\"url\":\"https:\/\/medicina.udd.cl\/centro-bioetica\/\",\"name\":\"Centro de Bio\u00e9tica\",\"description\":\"Universidad del Desarrollo\",\"inLanguage\":\"es\"}]}<\/script>\n<!-- \/ Yoast SEO plugin. -->","yoast_head_json":{"title":"Di\u00e1logo bio\u00e9tico: Cuidados paliativos no oncol\u00f3gicos - Centro Bio\u00e9tica","robots":{"index":"index","follow":"follow","max-snippet":"max-snippet:-1","max-image-preview":"max-image-preview:large","max-video-preview":"max-video-preview:-1"},"canonical":"https:\/\/medicina.udd.cl\/centro-bioetica\/eventos\/dialogo-bioetico-cuidados-paliativos-no-oncologicos\/","og_locale":"es_ES","og_type":"article","og_title":"Di\u00e1logo bio\u00e9tico: Cuidados paliativos no oncol\u00f3gicos - Centro Bio\u00e9tica","og_description":"Expone Dra. Lorna Luco Centro Saval: Manquehue Norte 1407 (frente a estacionamiento Cl\u00ednica Alemana), desde las 18:30 hasta las 20:00 horas.","og_url":"https:\/\/medicina.udd.cl\/centro-bioetica\/eventos\/dialogo-bioetico-cuidados-paliativos-no-oncologicos\/","og_site_name":"Centro de Bio\u00e9tica","article_modified_time":"2022-07-07T22:30:46+00:00","schema":{"@context":"https:\/\/schema.org","@graph":[{"@type":"WebPage","@id":"https:\/\/medicina.udd.cl\/centro-bioetica\/eventos\/dialogo-bioetico-cuidados-paliativos-no-oncologicos\/","url":"https:\/\/medicina.udd.cl\/centro-bioetica\/eventos\/dialogo-bioetico-cuidados-paliativos-no-oncologicos\/","name":"Di\u00e1logo bio\u00e9tico: Cuidados paliativos no oncol\u00f3gicos - Centro Bio\u00e9tica","isPartOf":{"@id":"https:\/\/medicina.udd.cl\/centro-bioetica\/#website"},"datePublished":"2013-08-19T13:37:04+00:00","dateModified":"2022-07-07T22:30:46+00:00","breadcrumb":{"@id":"https:\/\/medicina.udd.cl\/centro-bioetica\/eventos\/dialogo-bioetico-cuidados-paliativos-no-oncologicos\/#breadcrumb"},"inLanguage":"es","potentialAction":[{"@type":"ReadAction","target":["https:\/\/medicina.udd.cl\/centro-bioetica\/eventos\/dialogo-bioetico-cuidados-paliativos-no-oncologicos\/"]}]},{"@type":"BreadcrumbList","@id":"https:\/\/medicina.udd.cl\/centro-bioetica\/eventos\/dialogo-bioetico-cuidados-paliativos-no-oncologicos\/#breadcrumb","itemListElement":[{"@type":"ListItem","position":1,"name":"Inicio","item":"https:\/\/medicina.udd.cl\/centro-bioetica\/"},{"@type":"ListItem","position":2,"name":"Eventos","item":"https:\/\/medicina.udd.cl\/centro-bioetica\/eventos\/"},{"@type":"ListItem","position":3,"name":"Di\u00e1logo bio\u00e9tico: Cuidados paliativos no oncol\u00f3gicos"}]},{"@type":"WebSite","@id":"https:\/\/medicina.udd.cl\/centro-bioetica\/#website","url":"https:\/\/medicina.udd.cl\/centro-bioetica\/","name":"Centro de Bio\u00e9tica","description":"Universidad del Desarrollo","inLanguage":"es"}]}},"dtstart":"2013-09-04T18:30:00-04:00","dtend":false,"full_day":false,"attendance_mode":"","_links":{"self":[{"href":"https:\/\/medicina.udd.cl\/centro-bioetica\/wp-json\/wp\/v2\/events\/2396","targetHints":{"allow":["GET"]}}],"collection":[{"href":"https:\/\/medicina.udd.cl\/centro-bioetica\/wp-json\/wp\/v2\/events"}],"about":[{"href":"https:\/\/medicina.udd.cl\/centro-bioetica\/wp-json\/wp\/v2\/types\/event"}],"author":[{"embeddable":true,"href":"https:\/\/medicina.udd.cl\/centro-bioetica\/wp-json\/wp\/v2\/users\/42"}],"version-history":[{"count":1,"href":"https:\/\/medicina.udd.cl\/centro-bioetica\/wp-json\/wp\/v2\/events\/2396\/revisions"}],"predecessor-version":[{"id":5740,"href":"https:\/\/medicina.udd.cl\/centro-bioetica\/wp-json\/wp\/v2\/events\/2396\/revisions\/5740"}],"wp:attachment":[{"href":"https:\/\/medicina.udd.cl\/centro-bioetica\/wp-json\/wp\/v2\/media?parent=2396"}],"wp:term":[{"taxonomy":"locations","embeddable":true,"href":"https:\/\/medicina.udd.cl\/centro-bioetica\/wp-json\/wp\/v2\/locations?post=2396"},{"taxonomy":"events_tax","embeddable":true,"href":"https:\/\/medicina.udd.cl\/centro-bioetica\/wp-json\/wp\/v2\/events-tax?post=2396"}],"curies":[{"name":"wp","href":"https:\/\/api.w.org\/{rel}","templated":true}]}}

Diálogo bioético: Cuidados paliativos no oncológicos

<p style="padding: 0px; margin: 0px; color: #201d1b; font-family: Verdana, Helvética, Arial, sans-serif; font-size: 11px; line-height: 15px; background-color: #ffffff;">Expone Dra. Lorna Luco</p>
<p style="padding: 0px; margin: 0px; color: #201d1b; font-family: Verdana, Helvética, Arial, sans-serif; font-size: 11px; line-height: 15px; background-color: #ffffff;">Centro Saval: Manquehue Norte 1407 (frente a estacionamiento Clínica Alemana), desde las 18:30 hasta las 20:00 horas.</p>

<!-- This site is optimized with the Yoast SEO plugin v26.9 - https://yoast.com/product/yoast-seo-wordpress/ -->
<title>Diálogo bioético: Cuidados paliativos no oncológicos - Centro Bioética</title>
<meta name="robots" content="index, follow, max-snippet:-1, max-image-preview:large, max-video-preview:-1" />
<link rel="canonical" href="https://medicina.udd.cl/centro-bioetica/eventos/dialogo-bioetico-cuidados-paliativos-no-oncologicos/" />
<meta property="og:locale" content="es_ES" />
<meta property="og:type" content="article" />
<meta property="og:title" content="Diálogo bioético: Cuidados paliativos no oncológicos - Centro Bioética" />
<meta property="og:description" content="Expone Dra. Lorna Luco Centro Saval: Manquehue Norte 1407 (frente a estacionamiento Clínica Alemana), desde las 18:30 hasta las 20:00 horas." />
<meta property="og:url" content="https://medicina.udd.cl/centro-bioetica/eventos/dialogo-bioetico-cuidados-paliativos-no-oncologicos/" />
<meta property="og:site_name" content="Centro de Bioética" />
<meta property="article:modified_time" content="2022-07-07T22:30:46+00:00" />
<script type="application/ld+json" class="yoast-schema-graph">{"@context":"https://schema.org","@graph":[{"@type":"WebPage","@id":"https://medicina.udd.cl/centro-bioetica/eventos/dialogo-bioetico-cuidados-paliativos-no-oncologicos/","url":"https://medicina.udd.cl/centro-bioetica/eventos/dialogo-bioetico-cuidados-paliativos-no-oncologicos/","name":"Diálogo bioético: Cuidados paliativos no oncológicos - Centro Bioética","isPartOf":{"@id":"https://medicina.udd.cl/centro-bioetica/#website"},"datePublished":"2013-08-19T13:37:04+00:00","dateModified":"2022-07-07T22:30:46+00:00","breadcrumb":{"@id":"https://medicina.udd.cl/centro-bioetica/eventos/dialogo-bioetico-cuidados-paliativos-no-oncologicos/#breadcrumb"},"inLanguage":"es","potentialAction":[{"@type":"ReadAction","target":["https://medicina.udd.cl/centro-bioetica/eventos/dialogo-bioetico-cuidados-paliativos-no-oncologicos/"]}]},{"@type":"BreadcrumbList","@id":"https://medicina.udd.cl/centro-bioetica/eventos/dialogo-bioetico-cuidados-paliativos-no-oncologicos/#breadcrumb","itemListElement":[{"@type":"ListItem","position":1,"name":"Inicio","item":"https://medicina.udd.cl/centro-bioetica/"},{"@type":"ListItem","position":2,"name":"Eventos","item":"https://medicina.udd.cl/centro-bioetica/eventos/"},{"@type":"ListItem","position":3,"name":"Diálogo bioético: Cuidados paliativos no oncológicos"}]},{"@type":"WebSite","@id":"https://medicina.udd.cl/centro-bioetica/#website","url":"https://medicina.udd.cl/centro-bioetica/","name":"Centro de Bioética","description":"Universidad del Desarrollo","inLanguage":"es"}]}</script>
<!-- / Yoast SEO plugin. -->

Diálogo bioético: Cuidados paliativos no oncológicos - Centro Bioética

Expone Dra. Lorna Luco Centro Saval: Manquehue Norte 1407 (frente a estacionamiento Clínica Alemana), desde las 18:30 hasta las 20:00 horas.

Centro de Bioética
