{"id":2398,"date":"2013-08-19T09:44:09","date_gmt":"2013-08-19T13:44:09","guid":{"rendered":"http:\/\/medicina.udd.cl\/centro-bioetica\/?post_type=event&#038;p=2398"},"modified":"2022-07-07T18:30:46","modified_gmt":"2022-07-07T22:30:46","slug":"dialogo-bioetico-el-paciente-pediatrico-cronico","status":"publish","type":"event","link":"https:\/\/medicina.udd.cl\/centro-bioetica\/eventos\/dialogo-bioetico-el-paciente-pediatrico-cronico\/","title":{"rendered":"Di\u00e1logo Bio\u00e9tico: Consideraciones  \u00e9ticas  sobre  la Investigaci\u00f3n Cl\u00ednica Internacional."},"content":{"rendered":"<p style=\"padding: 0px; margin: 0px; color: #201d1b; font-family: Verdana, Helv\u00e9tica, Arial, sans-serif; font-size: 11px; line-height: 15px; background-color: #ffffff;\"><span style=\"color: #201d1b; font-family: Verdana, Helv\u00e9tica, Arial, sans-serif; font-size: 11px; line-height: 15px;\">Expone el Profesor Jorge Ferrer s.j. <\/span><span style=\"color: #201d1b; font-family: Verdana, Helv\u00e9tica, Arial, sans-serif;\"><span style=\"font-size: 11px; line-height: 15px;\">Director del Instituto Hostosiano de Bio\u00e9tica<\/span><\/span><span style=\"color: #201d1b; font-family: Verdana, Helv\u00e9tica, Arial, sans-serif;\"><span style=\"font-size: 11px; line-height: 15px;\">\u00a0de la Universidad de Puerto Rico.<\/span><\/span><\/p>\n<p><span style=\"background-color: #ffffff; color: #201d1b; font-family: Verdana, Helv\u00e9tica, Arial, sans-serif; font-size: 11px; line-height: 15px;\">Centro Saval: Manquehue Norte 1407 (frente a estacionamiento Cl\u00ednica Alemana), desde las 18:30 hasta las 20:00 horas.<\/span><\/p>\n","protected":false},"author":42,"featured_media":0,"template":"","locations":[4020],"events-tax":[4032],"class_list":["post-2398","event","type-event","status-publish","hentry","locations-santiago","events_tax-academico"],"yoast_head":"<!-- This site is optimized with the Yoast SEO plugin v26.9 - https:\/\/yoast.com\/product\/yoast-seo-wordpress\/ -->\n<title>Di\u00e1logo Bio\u00e9tico: El paciente pedi\u00e1trico cr\u00f3nico - Centro de Bio\u00e9tica<\/title>\n<meta name=\"robots\" content=\"index, follow, max-snippet:-1, max-image-preview:large, max-video-preview:-1\" \/>\n<link rel=\"canonical\" href=\"https:\/\/medicina.udd.cl\/centro-bioetica\/eventos\/dialogo-bioetico-el-paciente-pediatrico-cronico\/\" \/>\n<meta property=\"og:locale\" content=\"es_ES\" \/>\n<meta property=\"og:type\" content=\"article\" \/>\n<meta property=\"og:title\" content=\"Di\u00e1logo Bio\u00e9tico: El paciente pedi\u00e1trico cr\u00f3nico - Centro de Bio\u00e9tica\" \/>\n<meta property=\"og:description\" content=\"Expone el Profesor Jorge Ferrer s.j. Director del Instituto Hostosiano de Bio\u00e9tica\u00a0de la Universidad de Puerto Rico. Centro Saval: Manquehue Norte 1407 (frente a estacionamiento Cl\u00ednica Alemana), desde las 18:30 hasta las 20:00 horas.\" \/>\n<meta property=\"og:url\" content=\"https:\/\/medicina.udd.cl\/centro-bioetica\/eventos\/dialogo-bioetico-el-paciente-pediatrico-cronico\/\" \/>\n<meta property=\"og:site_name\" content=\"Centro de Bio\u00e9tica\" \/>\n<meta property=\"article:modified_time\" content=\"2022-07-07T22:30:46+00:00\" \/>\n<script type=\"application\/ld+json\" class=\"yoast-schema-graph\">{\"@context\":\"https:\/\/schema.org\",\"@graph\":[{\"@type\":\"WebPage\",\"@id\":\"https:\/\/medicina.udd.cl\/centro-bioetica\/eventos\/dialogo-bioetico-el-paciente-pediatrico-cronico\/\",\"url\":\"https:\/\/medicina.udd.cl\/centro-bioetica\/eventos\/dialogo-bioetico-el-paciente-pediatrico-cronico\/\",\"name\":\"Di\u00e1logo Bio\u00e9tico: El paciente pedi\u00e1trico cr\u00f3nico - Centro de Bio\u00e9tica\",\"isPartOf\":{\"@id\":\"https:\/\/medicina.udd.cl\/centro-bioetica\/#website\"},\"datePublished\":\"2013-08-19T13:44:09+00:00\",\"dateModified\":\"2022-07-07T22:30:46+00:00\",\"breadcrumb\":{\"@id\":\"https:\/\/medicina.udd.cl\/centro-bioetica\/eventos\/dialogo-bioetico-el-paciente-pediatrico-cronico\/#breadcrumb\"},\"inLanguage\":\"es\",\"potentialAction\":[{\"@type\":\"ReadAction\",\"target\":[\"https:\/\/medicina.udd.cl\/centro-bioetica\/eventos\/dialogo-bioetico-el-paciente-pediatrico-cronico\/\"]}]},{\"@type\":\"BreadcrumbList\",\"@id\":\"https:\/\/medicina.udd.cl\/centro-bioetica\/eventos\/dialogo-bioetico-el-paciente-pediatrico-cronico\/#breadcrumb\",\"itemListElement\":[{\"@type\":\"ListItem\",\"position\":1,\"name\":\"Inicio\",\"item\":\"https:\/\/medicina.udd.cl\/centro-bioetica\/\"},{\"@type\":\"ListItem\",\"position\":2,\"name\":\"Eventos\",\"item\":\"https:\/\/medicina.udd.cl\/centro-bioetica\/eventos\/\"},{\"@type\":\"ListItem\",\"position\":3,\"name\":\"Di\u00e1logo Bio\u00e9tico: Consideraciones \u00e9ticas sobre la Investigaci\u00f3n Cl\u00ednica Internacional.\"}]},{\"@type\":\"WebSite\",\"@id\":\"https:\/\/medicina.udd.cl\/centro-bioetica\/#website\",\"url\":\"https:\/\/medicina.udd.cl\/centro-bioetica\/\",\"name\":\"Centro de Bio\u00e9tica\",\"description\":\"Universidad del Desarrollo\",\"inLanguage\":\"es\"}]}<\/script>\n<!-- \/ Yoast SEO plugin. -->","yoast_head_json":{"title":"Di\u00e1logo Bio\u00e9tico: El paciente pedi\u00e1trico cr\u00f3nico - Centro de Bio\u00e9tica","robots":{"index":"index","follow":"follow","max-snippet":"max-snippet:-1","max-image-preview":"max-image-preview:large","max-video-preview":"max-video-preview:-1"},"canonical":"https:\/\/medicina.udd.cl\/centro-bioetica\/eventos\/dialogo-bioetico-el-paciente-pediatrico-cronico\/","og_locale":"es_ES","og_type":"article","og_title":"Di\u00e1logo Bio\u00e9tico: El paciente pedi\u00e1trico cr\u00f3nico - Centro de Bio\u00e9tica","og_description":"Expone el Profesor Jorge Ferrer s.j. Director del Instituto Hostosiano de Bio\u00e9tica\u00a0de la Universidad de Puerto Rico. Centro Saval: Manquehue Norte 1407 (frente a estacionamiento Cl\u00ednica Alemana), desde las 18:30 hasta las 20:00 horas.","og_url":"https:\/\/medicina.udd.cl\/centro-bioetica\/eventos\/dialogo-bioetico-el-paciente-pediatrico-cronico\/","og_site_name":"Centro de Bio\u00e9tica","article_modified_time":"2022-07-07T22:30:46+00:00","schema":{"@context":"https:\/\/schema.org","@graph":[{"@type":"WebPage","@id":"https:\/\/medicina.udd.cl\/centro-bioetica\/eventos\/dialogo-bioetico-el-paciente-pediatrico-cronico\/","url":"https:\/\/medicina.udd.cl\/centro-bioetica\/eventos\/dialogo-bioetico-el-paciente-pediatrico-cronico\/","name":"Di\u00e1logo Bio\u00e9tico: El paciente pedi\u00e1trico cr\u00f3nico - Centro de Bio\u00e9tica","isPartOf":{"@id":"https:\/\/medicina.udd.cl\/centro-bioetica\/#website"},"datePublished":"2013-08-19T13:44:09+00:00","dateModified":"2022-07-07T22:30:46+00:00","breadcrumb":{"@id":"https:\/\/medicina.udd.cl\/centro-bioetica\/eventos\/dialogo-bioetico-el-paciente-pediatrico-cronico\/#breadcrumb"},"inLanguage":"es","potentialAction":[{"@type":"ReadAction","target":["https:\/\/medicina.udd.cl\/centro-bioetica\/eventos\/dialogo-bioetico-el-paciente-pediatrico-cronico\/"]}]},{"@type":"BreadcrumbList","@id":"https:\/\/medicina.udd.cl\/centro-bioetica\/eventos\/dialogo-bioetico-el-paciente-pediatrico-cronico\/#breadcrumb","itemListElement":[{"@type":"ListItem","position":1,"name":"Inicio","item":"https:\/\/medicina.udd.cl\/centro-bioetica\/"},{"@type":"ListItem","position":2,"name":"Eventos","item":"https:\/\/medicina.udd.cl\/centro-bioetica\/eventos\/"},{"@type":"ListItem","position":3,"name":"Di\u00e1logo Bio\u00e9tico: Consideraciones \u00e9ticas sobre la Investigaci\u00f3n Cl\u00ednica Internacional."}]},{"@type":"WebSite","@id":"https:\/\/medicina.udd.cl\/centro-bioetica\/#website","url":"https:\/\/medicina.udd.cl\/centro-bioetica\/","name":"Centro de Bio\u00e9tica","description":"Universidad del Desarrollo","inLanguage":"es"}]}},"dtstart":"2013-11-06T18:30:00-03:00","dtend":false,"full_day":false,"attendance_mode":"","_links":{"self":[{"href":"https:\/\/medicina.udd.cl\/centro-bioetica\/wp-json\/wp\/v2\/events\/2398","targetHints":{"allow":["GET"]}}],"collection":[{"href":"https:\/\/medicina.udd.cl\/centro-bioetica\/wp-json\/wp\/v2\/events"}],"about":[{"href":"https:\/\/medicina.udd.cl\/centro-bioetica\/wp-json\/wp\/v2\/types\/event"}],"author":[{"embeddable":true,"href":"https:\/\/medicina.udd.cl\/centro-bioetica\/wp-json\/wp\/v2\/users\/42"}],"version-history":[{"count":2,"href":"https:\/\/medicina.udd.cl\/centro-bioetica\/wp-json\/wp\/v2\/events\/2398\/revisions"}],"predecessor-version":[{"id":5738,"href":"https:\/\/medicina.udd.cl\/centro-bioetica\/wp-json\/wp\/v2\/events\/2398\/revisions\/5738"}],"wp:attachment":[{"href":"https:\/\/medicina.udd.cl\/centro-bioetica\/wp-json\/wp\/v2\/media?parent=2398"}],"wp:term":[{"taxonomy":"locations","embeddable":true,"href":"https:\/\/medicina.udd.cl\/centro-bioetica\/wp-json\/wp\/v2\/locations?post=2398"},{"taxonomy":"events_tax","embeddable":true,"href":"https:\/\/medicina.udd.cl\/centro-bioetica\/wp-json\/wp\/v2\/events-tax?post=2398"}],"curies":[{"name":"wp","href":"https:\/\/api.w.org\/{rel}","templated":true}]}}

Diálogo Bioético: Consideraciones  éticas  sobre  la Investigación Clínica Internacional.

<p style="padding: 0px; margin: 0px; color: #201d1b; font-family: Verdana, Helvética, Arial, sans-serif; font-size: 11px; line-height: 15px; background-color: #ffffff;"><span style="color: #201d1b; font-family: Verdana, Helvética, Arial, sans-serif; font-size: 11px; line-height: 15px;">Expone el Profesor Jorge Ferrer s.j. </span><span style="color: #201d1b; font-family: Verdana, Helvética, Arial, sans-serif;"><span style="font-size: 11px; line-height: 15px;">Director del Instituto Hostosiano de Bioética</span></span><span style="color: #201d1b; font-family: Verdana, Helvética, Arial, sans-serif;"><span style="font-size: 11px; line-height: 15px;"> de la Universidad de Puerto Rico.</span></span></p>
<p><span style="background-color: #ffffff; color: #201d1b; font-family: Verdana, Helvética, Arial, sans-serif; font-size: 11px; line-height: 15px;">Centro Saval: Manquehue Norte 1407 (frente a estacionamiento Clínica Alemana), desde las 18:30 hasta las 20:00 horas.</span></p>

<!-- This site is optimized with the Yoast SEO plugin v26.9 - https://yoast.com/product/yoast-seo-wordpress/ -->
<title>Diálogo Bioético: El paciente pediátrico crónico - Centro de Bioética</title>
<meta name="robots" content="index, follow, max-snippet:-1, max-image-preview:large, max-video-preview:-1" />
<link rel="canonical" href="https://medicina.udd.cl/centro-bioetica/eventos/dialogo-bioetico-el-paciente-pediatrico-cronico/" />
<meta property="og:locale" content="es_ES" />
<meta property="og:type" content="article" />
<meta property="og:title" content="Diálogo Bioético: El paciente pediátrico crónico - Centro de Bioética" />
<meta property="og:description" content="Expone el Profesor Jorge Ferrer s.j. Director del Instituto Hostosiano de Bioética de la Universidad de Puerto Rico. Centro Saval: Manquehue Norte 1407 (frente a estacionamiento Clínica Alemana), desde las 18:30 hasta las 20:00 horas." />
<meta property="og:url" content="https://medicina.udd.cl/centro-bioetica/eventos/dialogo-bioetico-el-paciente-pediatrico-cronico/" />
<meta property="og:site_name" content="Centro de Bioética" />
<meta property="article:modified_time" content="2022-07-07T22:30:46+00:00" />
<script type="application/ld+json" class="yoast-schema-graph">{"@context":"https://schema.org","@graph":[{"@type":"WebPage","@id":"https://medicina.udd.cl/centro-bioetica/eventos/dialogo-bioetico-el-paciente-pediatrico-cronico/","url":"https://medicina.udd.cl/centro-bioetica/eventos/dialogo-bioetico-el-paciente-pediatrico-cronico/","name":"Diálogo Bioético: El paciente pediátrico crónico - Centro de Bioética","isPartOf":{"@id":"https://medicina.udd.cl/centro-bioetica/#website"},"datePublished":"2013-08-19T13:44:09+00:00","dateModified":"2022-07-07T22:30:46+00:00","breadcrumb":{"@id":"https://medicina.udd.cl/centro-bioetica/eventos/dialogo-bioetico-el-paciente-pediatrico-cronico/#breadcrumb"},"inLanguage":"es","potentialAction":[{"@type":"ReadAction","target":["https://medicina.udd.cl/centro-bioetica/eventos/dialogo-bioetico-el-paciente-pediatrico-cronico/"]}]},{"@type":"BreadcrumbList","@id":"https://medicina.udd.cl/centro-bioetica/eventos/dialogo-bioetico-el-paciente-pediatrico-cronico/#breadcrumb","itemListElement":[{"@type":"ListItem","position":1,"name":"Inicio","item":"https://medicina.udd.cl/centro-bioetica/"},{"@type":"ListItem","position":2,"name":"Eventos","item":"https://medicina.udd.cl/centro-bioetica/eventos/"},{"@type":"ListItem","position":3,"name":"Diálogo Bioético: Consideraciones éticas sobre la Investigación Clínica Internacional."}]},{"@type":"WebSite","@id":"https://medicina.udd.cl/centro-bioetica/#website","url":"https://medicina.udd.cl/centro-bioetica/","name":"Centro de Bioética","description":"Universidad del Desarrollo","inLanguage":"es"}]}</script>
<!-- / Yoast SEO plugin. -->

Diálogo Bioético: El paciente pediátrico crónico - Centro de Bioética

Expone el Profesor Jorge Ferrer s.j. Director del Instituto Hostosiano de Bioética de la Universidad de Puerto Rico. Centro Saval: Manquehue Norte 1407 (frente a estacionamiento Clínica Alemana), desde las 18:30 hasta las 20:00 horas.

Centro de Bioética

Diálogo Bioético: Consideraciones éticas sobre la Investigación Clínica Internacional.
