{"id":2716,"date":"2014-03-14T09:14:11","date_gmt":"2014-03-14T13:14:11","guid":{"rendered":"http:\/\/medicina.udd.cl\/centro-bioetica\/?post_type=event&#038;p=2716"},"modified":"2022-07-07T18:30:46","modified_gmt":"2022-07-07T22:30:46","slug":"dialogo-bioetico-los-adolescentes-frente-a-sus-decisiones-de-salud","status":"publish","type":"event","link":"https:\/\/medicina.udd.cl\/centro-bioetica\/eventos\/dialogo-bioetico-los-adolescentes-frente-a-sus-decisiones-de-salud\/","title":{"rendered":"Di\u00e1logo Bio\u00e9tico: Los adolescentes frente a sus decisiones de salud"},"content":{"rendered":"<p>Presentan: Dres. Andrea Huneeus y Alejandro Koppmann.<\/p>\n<p>De 18:45 a 20:30 hrs. en el Centro Saval : (Manquehue Norte 1407, frente a Cl\u00ednica Alemana)<\/p>\n","protected":false},"author":42,"featured_media":0,"template":"","locations":[4020],"events-tax":[4032],"class_list":["post-2716","event","type-event","status-publish","hentry","locations-santiago","events_tax-academico"],"yoast_head":"<!-- This site is optimized with the Yoast SEO plugin v26.9 - https:\/\/yoast.com\/product\/yoast-seo-wordpress\/ -->\n<title>Di\u00e1logo Bio\u00e9tico - Centro de Bio\u00e9tica Facultad de Medicina | UDD<\/title>\n<meta name=\"robots\" content=\"index, follow, max-snippet:-1, max-image-preview:large, max-video-preview:-1\" \/>\n<link rel=\"canonical\" href=\"https:\/\/medicina.udd.cl\/centro-bioetica\/eventos\/dialogo-bioetico-los-adolescentes-frente-a-sus-decisiones-de-salud\/\" \/>\n<meta property=\"og:locale\" content=\"es_ES\" \/>\n<meta property=\"og:type\" content=\"article\" \/>\n<meta property=\"og:title\" content=\"Di\u00e1logo Bio\u00e9tico - Centro de Bio\u00e9tica Facultad de Medicina | UDD\" \/>\n<meta property=\"og:description\" content=\"Presentan: Dres. Andrea Huneeus y Alejandro Koppmann. De 18:45 a 20:30 hrs. en el Centro Saval : (Manquehue Norte 1407, frente a Cl\u00ednica Alemana)\" \/>\n<meta property=\"og:url\" content=\"https:\/\/medicina.udd.cl\/centro-bioetica\/eventos\/dialogo-bioetico-los-adolescentes-frente-a-sus-decisiones-de-salud\/\" \/>\n<meta property=\"og:site_name\" content=\"Centro de Bio\u00e9tica\" \/>\n<meta property=\"article:modified_time\" content=\"2022-07-07T22:30:46+00:00\" \/>\n<script type=\"application\/ld+json\" class=\"yoast-schema-graph\">{\"@context\":\"https:\/\/schema.org\",\"@graph\":[{\"@type\":\"WebPage\",\"@id\":\"https:\/\/medicina.udd.cl\/centro-bioetica\/eventos\/dialogo-bioetico-los-adolescentes-frente-a-sus-decisiones-de-salud\/\",\"url\":\"https:\/\/medicina.udd.cl\/centro-bioetica\/eventos\/dialogo-bioetico-los-adolescentes-frente-a-sus-decisiones-de-salud\/\",\"name\":\"Di\u00e1logo Bio\u00e9tico - Centro de Bio\u00e9tica Facultad de Medicina | UDD\",\"isPartOf\":{\"@id\":\"https:\/\/medicina.udd.cl\/centro-bioetica\/#website\"},\"datePublished\":\"2014-03-14T13:14:11+00:00\",\"dateModified\":\"2022-07-07T22:30:46+00:00\",\"breadcrumb\":{\"@id\":\"https:\/\/medicina.udd.cl\/centro-bioetica\/eventos\/dialogo-bioetico-los-adolescentes-frente-a-sus-decisiones-de-salud\/#breadcrumb\"},\"inLanguage\":\"es\",\"potentialAction\":[{\"@type\":\"ReadAction\",\"target\":[\"https:\/\/medicina.udd.cl\/centro-bioetica\/eventos\/dialogo-bioetico-los-adolescentes-frente-a-sus-decisiones-de-salud\/\"]}]},{\"@type\":\"BreadcrumbList\",\"@id\":\"https:\/\/medicina.udd.cl\/centro-bioetica\/eventos\/dialogo-bioetico-los-adolescentes-frente-a-sus-decisiones-de-salud\/#breadcrumb\",\"itemListElement\":[{\"@type\":\"ListItem\",\"position\":1,\"name\":\"Inicio\",\"item\":\"https:\/\/medicina.udd.cl\/centro-bioetica\/\"},{\"@type\":\"ListItem\",\"position\":2,\"name\":\"Eventos\",\"item\":\"https:\/\/medicina.udd.cl\/centro-bioetica\/eventos\/\"},{\"@type\":\"ListItem\",\"position\":3,\"name\":\"Di\u00e1logo Bio\u00e9tico: Los adolescentes frente a sus decisiones de salud\"}]},{\"@type\":\"WebSite\",\"@id\":\"https:\/\/medicina.udd.cl\/centro-bioetica\/#website\",\"url\":\"https:\/\/medicina.udd.cl\/centro-bioetica\/\",\"name\":\"Centro de Bio\u00e9tica\",\"description\":\"Universidad del Desarrollo\",\"inLanguage\":\"es\"}]}<\/script>\n<!-- \/ Yoast SEO plugin. -->","yoast_head_json":{"title":"Di\u00e1logo Bio\u00e9tico - Centro de Bio\u00e9tica Facultad de Medicina | UDD","robots":{"index":"index","follow":"follow","max-snippet":"max-snippet:-1","max-image-preview":"max-image-preview:large","max-video-preview":"max-video-preview:-1"},"canonical":"https:\/\/medicina.udd.cl\/centro-bioetica\/eventos\/dialogo-bioetico-los-adolescentes-frente-a-sus-decisiones-de-salud\/","og_locale":"es_ES","og_type":"article","og_title":"Di\u00e1logo Bio\u00e9tico - Centro de Bio\u00e9tica Facultad de Medicina | UDD","og_description":"Presentan: Dres. Andrea Huneeus y Alejandro Koppmann. De 18:45 a 20:30 hrs. en el Centro Saval : (Manquehue Norte 1407, frente a Cl\u00ednica Alemana)","og_url":"https:\/\/medicina.udd.cl\/centro-bioetica\/eventos\/dialogo-bioetico-los-adolescentes-frente-a-sus-decisiones-de-salud\/","og_site_name":"Centro de Bio\u00e9tica","article_modified_time":"2022-07-07T22:30:46+00:00","schema":{"@context":"https:\/\/schema.org","@graph":[{"@type":"WebPage","@id":"https:\/\/medicina.udd.cl\/centro-bioetica\/eventos\/dialogo-bioetico-los-adolescentes-frente-a-sus-decisiones-de-salud\/","url":"https:\/\/medicina.udd.cl\/centro-bioetica\/eventos\/dialogo-bioetico-los-adolescentes-frente-a-sus-decisiones-de-salud\/","name":"Di\u00e1logo Bio\u00e9tico - Centro de Bio\u00e9tica Facultad de Medicina | UDD","isPartOf":{"@id":"https:\/\/medicina.udd.cl\/centro-bioetica\/#website"},"datePublished":"2014-03-14T13:14:11+00:00","dateModified":"2022-07-07T22:30:46+00:00","breadcrumb":{"@id":"https:\/\/medicina.udd.cl\/centro-bioetica\/eventos\/dialogo-bioetico-los-adolescentes-frente-a-sus-decisiones-de-salud\/#breadcrumb"},"inLanguage":"es","potentialAction":[{"@type":"ReadAction","target":["https:\/\/medicina.udd.cl\/centro-bioetica\/eventos\/dialogo-bioetico-los-adolescentes-frente-a-sus-decisiones-de-salud\/"]}]},{"@type":"BreadcrumbList","@id":"https:\/\/medicina.udd.cl\/centro-bioetica\/eventos\/dialogo-bioetico-los-adolescentes-frente-a-sus-decisiones-de-salud\/#breadcrumb","itemListElement":[{"@type":"ListItem","position":1,"name":"Inicio","item":"https:\/\/medicina.udd.cl\/centro-bioetica\/"},{"@type":"ListItem","position":2,"name":"Eventos","item":"https:\/\/medicina.udd.cl\/centro-bioetica\/eventos\/"},{"@type":"ListItem","position":3,"name":"Di\u00e1logo Bio\u00e9tico: Los adolescentes frente a sus decisiones de salud"}]},{"@type":"WebSite","@id":"https:\/\/medicina.udd.cl\/centro-bioetica\/#website","url":"https:\/\/medicina.udd.cl\/centro-bioetica\/","name":"Centro de Bio\u00e9tica","description":"Universidad del Desarrollo","inLanguage":"es"}]}},"dtstart":"2014-04-09T18:45:00-03:00","dtend":false,"full_day":false,"attendance_mode":"","_links":{"self":[{"href":"https:\/\/medicina.udd.cl\/centro-bioetica\/wp-json\/wp\/v2\/events\/2716","targetHints":{"allow":["GET"]}}],"collection":[{"href":"https:\/\/medicina.udd.cl\/centro-bioetica\/wp-json\/wp\/v2\/events"}],"about":[{"href":"https:\/\/medicina.udd.cl\/centro-bioetica\/wp-json\/wp\/v2\/types\/event"}],"author":[{"embeddable":true,"href":"https:\/\/medicina.udd.cl\/centro-bioetica\/wp-json\/wp\/v2\/users\/42"}],"version-history":[{"count":1,"href":"https:\/\/medicina.udd.cl\/centro-bioetica\/wp-json\/wp\/v2\/events\/2716\/revisions"}],"predecessor-version":[{"id":5734,"href":"https:\/\/medicina.udd.cl\/centro-bioetica\/wp-json\/wp\/v2\/events\/2716\/revisions\/5734"}],"wp:attachment":[{"href":"https:\/\/medicina.udd.cl\/centro-bioetica\/wp-json\/wp\/v2\/media?parent=2716"}],"wp:term":[{"taxonomy":"locations","embeddable":true,"href":"https:\/\/medicina.udd.cl\/centro-bioetica\/wp-json\/wp\/v2\/locations?post=2716"},{"taxonomy":"events_tax","embeddable":true,"href":"https:\/\/medicina.udd.cl\/centro-bioetica\/wp-json\/wp\/v2\/events-tax?post=2716"}],"curies":[{"name":"wp","href":"https:\/\/api.w.org\/{rel}","templated":true}]}}

Diálogo Bioético: Los adolescentes frente a sus decisiones de salud

<p>Presentan: Dres. Andrea Huneeus y Alejandro Koppmann.</p>
<p>De 18:45 a 20:30 hrs. en el Centro Saval : (Manquehue Norte 1407, frente a Clínica Alemana)</p>

<!-- This site is optimized with the Yoast SEO plugin v26.9 - https://yoast.com/product/yoast-seo-wordpress/ -->
<title>Diálogo Bioético - Centro de Bioética Facultad de Medicina | UDD</title>
<meta name="robots" content="index, follow, max-snippet:-1, max-image-preview:large, max-video-preview:-1" />
<link rel="canonical" href="https://medicina.udd.cl/centro-bioetica/eventos/dialogo-bioetico-los-adolescentes-frente-a-sus-decisiones-de-salud/" />
<meta property="og:locale" content="es_ES" />
<meta property="og:type" content="article" />
<meta property="og:title" content="Diálogo Bioético - Centro de Bioética Facultad de Medicina | UDD" />
<meta property="og:description" content="Presentan: Dres. Andrea Huneeus y Alejandro Koppmann. De 18:45 a 20:30 hrs. en el Centro Saval : (Manquehue Norte 1407, frente a Clínica Alemana)" />
<meta property="og:url" content="https://medicina.udd.cl/centro-bioetica/eventos/dialogo-bioetico-los-adolescentes-frente-a-sus-decisiones-de-salud/" />
<meta property="og:site_name" content="Centro de Bioética" />
<meta property="article:modified_time" content="2022-07-07T22:30:46+00:00" />
<script type="application/ld+json" class="yoast-schema-graph">{"@context":"https://schema.org","@graph":[{"@type":"WebPage","@id":"https://medicina.udd.cl/centro-bioetica/eventos/dialogo-bioetico-los-adolescentes-frente-a-sus-decisiones-de-salud/","url":"https://medicina.udd.cl/centro-bioetica/eventos/dialogo-bioetico-los-adolescentes-frente-a-sus-decisiones-de-salud/","name":"Diálogo Bioético - Centro de Bioética Facultad de Medicina | UDD","isPartOf":{"@id":"https://medicina.udd.cl/centro-bioetica/#website"},"datePublished":"2014-03-14T13:14:11+00:00","dateModified":"2022-07-07T22:30:46+00:00","breadcrumb":{"@id":"https://medicina.udd.cl/centro-bioetica/eventos/dialogo-bioetico-los-adolescentes-frente-a-sus-decisiones-de-salud/#breadcrumb"},"inLanguage":"es","potentialAction":[{"@type":"ReadAction","target":["https://medicina.udd.cl/centro-bioetica/eventos/dialogo-bioetico-los-adolescentes-frente-a-sus-decisiones-de-salud/"]}]},{"@type":"BreadcrumbList","@id":"https://medicina.udd.cl/centro-bioetica/eventos/dialogo-bioetico-los-adolescentes-frente-a-sus-decisiones-de-salud/#breadcrumb","itemListElement":[{"@type":"ListItem","position":1,"name":"Inicio","item":"https://medicina.udd.cl/centro-bioetica/"},{"@type":"ListItem","position":2,"name":"Eventos","item":"https://medicina.udd.cl/centro-bioetica/eventos/"},{"@type":"ListItem","position":3,"name":"Diálogo Bioético: Los adolescentes frente a sus decisiones de salud"}]},{"@type":"WebSite","@id":"https://medicina.udd.cl/centro-bioetica/#website","url":"https://medicina.udd.cl/centro-bioetica/","name":"Centro de Bioética","description":"Universidad del Desarrollo","inLanguage":"es"}]}</script>
<!-- / Yoast SEO plugin. -->

Diálogo Bioético - Centro de Bioética Facultad de Medicina | UDD

Presentan: Dres. Andrea Huneeus y Alejandro Koppmann. De 18:45 a 20:30 hrs. en el Centro Saval : (Manquehue Norte 1407, frente a Clínica Alemana)

Centro de Bioética
