{"id":2828,"date":"2014-05-12T17:19:33","date_gmt":"2014-05-12T21:19:33","guid":{"rendered":"http:\/\/medicina.udd.cl\/centro-bioetica\/?post_type=event&#038;p=2828"},"modified":"2022-07-07T18:30:45","modified_gmt":"2022-07-07T22:30:45","slug":"presentacion-libro-bioetica-clinica-narrativa","status":"publish","type":"event","link":"https:\/\/medicina.udd.cl\/centro-bioetica\/eventos\/presentacion-libro-bioetica-clinica-narrativa\/","title":{"rendered":"Presentaci\u00f3n Libro \u00abBio\u00e9tica Cl\u00ednica Narrativa\u00bb"},"content":{"rendered":"<p>Se realizar\u00e1 a las 19 horas en el Aula Magna de la Facultad de Medicina CAS-UDD.<\/p>\n<p>En la ocasi\u00f3n, se presentar\u00e1 tambi\u00e9n el libro Bio\u00e9tica Narrativa de los autores espa\u00f1oles\u00a0Tom\u00e1s Domingo Moratalla y Lydia Feito.<\/p>\n","protected":false},"author":42,"featured_media":0,"template":"","locations":[4020],"events-tax":[4032],"class_list":["post-2828","event","type-event","status-publish","hentry","locations-santiago","events_tax-academico"],"yoast_head":"<!-- This site is optimized with the Yoast SEO plugin v26.9 - https:\/\/yoast.com\/product\/yoast-seo-wordpress\/ -->\n<title>Libro Bio\u00e9tica Cl\u00ednica Narrativa - Centro de Bio\u00e9tica | UDD<\/title>\n<meta name=\"description\" content=\"Se realizar\u00e1 en el Aula Magna de la Facultad de Medicina Cl\u00ednica Alemana Universidad del Desarrollo.\" \/>\n<meta name=\"robots\" content=\"index, follow, max-snippet:-1, max-image-preview:large, max-video-preview:-1\" \/>\n<link rel=\"canonical\" href=\"https:\/\/medicina.udd.cl\/centro-bioetica\/eventos\/presentacion-libro-bioetica-clinica-narrativa\/\" \/>\n<meta property=\"og:locale\" content=\"es_ES\" \/>\n<meta property=\"og:type\" content=\"article\" \/>\n<meta property=\"og:title\" content=\"Libro Bio\u00e9tica Cl\u00ednica Narrativa - Centro de Bio\u00e9tica | UDD\" \/>\n<meta property=\"og:description\" content=\"Se realizar\u00e1 en el Aula Magna de la Facultad de Medicina Cl\u00ednica Alemana Universidad del Desarrollo.\" \/>\n<meta property=\"og:url\" content=\"https:\/\/medicina.udd.cl\/centro-bioetica\/eventos\/presentacion-libro-bioetica-clinica-narrativa\/\" \/>\n<meta property=\"og:site_name\" content=\"Centro de Bio\u00e9tica\" \/>\n<meta property=\"article:modified_time\" content=\"2022-07-07T22:30:45+00:00\" \/>\n<script type=\"application\/ld+json\" class=\"yoast-schema-graph\">{\"@context\":\"https:\/\/schema.org\",\"@graph\":[{\"@type\":\"WebPage\",\"@id\":\"https:\/\/medicina.udd.cl\/centro-bioetica\/eventos\/presentacion-libro-bioetica-clinica-narrativa\/\",\"url\":\"https:\/\/medicina.udd.cl\/centro-bioetica\/eventos\/presentacion-libro-bioetica-clinica-narrativa\/\",\"name\":\"Libro Bio\u00e9tica Cl\u00ednica Narrativa - Centro de Bio\u00e9tica | UDD\",\"isPartOf\":{\"@id\":\"https:\/\/medicina.udd.cl\/centro-bioetica\/#website\"},\"datePublished\":\"2014-05-12T21:19:33+00:00\",\"dateModified\":\"2022-07-07T22:30:45+00:00\",\"description\":\"Se realizar\u00e1 en el Aula Magna de la Facultad de Medicina Cl\u00ednica Alemana Universidad del Desarrollo.\",\"breadcrumb\":{\"@id\":\"https:\/\/medicina.udd.cl\/centro-bioetica\/eventos\/presentacion-libro-bioetica-clinica-narrativa\/#breadcrumb\"},\"inLanguage\":\"es\",\"potentialAction\":[{\"@type\":\"ReadAction\",\"target\":[\"https:\/\/medicina.udd.cl\/centro-bioetica\/eventos\/presentacion-libro-bioetica-clinica-narrativa\/\"]}]},{\"@type\":\"BreadcrumbList\",\"@id\":\"https:\/\/medicina.udd.cl\/centro-bioetica\/eventos\/presentacion-libro-bioetica-clinica-narrativa\/#breadcrumb\",\"itemListElement\":[{\"@type\":\"ListItem\",\"position\":1,\"name\":\"Inicio\",\"item\":\"https:\/\/medicina.udd.cl\/centro-bioetica\/\"},{\"@type\":\"ListItem\",\"position\":2,\"name\":\"Eventos\",\"item\":\"https:\/\/medicina.udd.cl\/centro-bioetica\/eventos\/\"},{\"@type\":\"ListItem\",\"position\":3,\"name\":\"Presentaci\u00f3n Libro \u00abBio\u00e9tica Cl\u00ednica Narrativa\u00bb\"}]},{\"@type\":\"WebSite\",\"@id\":\"https:\/\/medicina.udd.cl\/centro-bioetica\/#website\",\"url\":\"https:\/\/medicina.udd.cl\/centro-bioetica\/\",\"name\":\"Centro de Bio\u00e9tica\",\"description\":\"Universidad del Desarrollo\",\"inLanguage\":\"es\"}]}<\/script>\n<!-- \/ Yoast SEO plugin. -->","yoast_head_json":{"title":"Libro Bio\u00e9tica Cl\u00ednica Narrativa - Centro de Bio\u00e9tica | UDD","description":"Se realizar\u00e1 en el Aula Magna de la Facultad de Medicina Cl\u00ednica Alemana Universidad del Desarrollo.","robots":{"index":"index","follow":"follow","max-snippet":"max-snippet:-1","max-image-preview":"max-image-preview:large","max-video-preview":"max-video-preview:-1"},"canonical":"https:\/\/medicina.udd.cl\/centro-bioetica\/eventos\/presentacion-libro-bioetica-clinica-narrativa\/","og_locale":"es_ES","og_type":"article","og_title":"Libro Bio\u00e9tica Cl\u00ednica Narrativa - Centro de Bio\u00e9tica | UDD","og_description":"Se realizar\u00e1 en el Aula Magna de la Facultad de Medicina Cl\u00ednica Alemana Universidad del Desarrollo.","og_url":"https:\/\/medicina.udd.cl\/centro-bioetica\/eventos\/presentacion-libro-bioetica-clinica-narrativa\/","og_site_name":"Centro de Bio\u00e9tica","article_modified_time":"2022-07-07T22:30:45+00:00","schema":{"@context":"https:\/\/schema.org","@graph":[{"@type":"WebPage","@id":"https:\/\/medicina.udd.cl\/centro-bioetica\/eventos\/presentacion-libro-bioetica-clinica-narrativa\/","url":"https:\/\/medicina.udd.cl\/centro-bioetica\/eventos\/presentacion-libro-bioetica-clinica-narrativa\/","name":"Libro Bio\u00e9tica Cl\u00ednica Narrativa - Centro de Bio\u00e9tica | UDD","isPartOf":{"@id":"https:\/\/medicina.udd.cl\/centro-bioetica\/#website"},"datePublished":"2014-05-12T21:19:33+00:00","dateModified":"2022-07-07T22:30:45+00:00","description":"Se realizar\u00e1 en el Aula Magna de la Facultad de Medicina Cl\u00ednica Alemana Universidad del Desarrollo.","breadcrumb":{"@id":"https:\/\/medicina.udd.cl\/centro-bioetica\/eventos\/presentacion-libro-bioetica-clinica-narrativa\/#breadcrumb"},"inLanguage":"es","potentialAction":[{"@type":"ReadAction","target":["https:\/\/medicina.udd.cl\/centro-bioetica\/eventos\/presentacion-libro-bioetica-clinica-narrativa\/"]}]},{"@type":"BreadcrumbList","@id":"https:\/\/medicina.udd.cl\/centro-bioetica\/eventos\/presentacion-libro-bioetica-clinica-narrativa\/#breadcrumb","itemListElement":[{"@type":"ListItem","position":1,"name":"Inicio","item":"https:\/\/medicina.udd.cl\/centro-bioetica\/"},{"@type":"ListItem","position":2,"name":"Eventos","item":"https:\/\/medicina.udd.cl\/centro-bioetica\/eventos\/"},{"@type":"ListItem","position":3,"name":"Presentaci\u00f3n Libro \u00abBio\u00e9tica Cl\u00ednica Narrativa\u00bb"}]},{"@type":"WebSite","@id":"https:\/\/medicina.udd.cl\/centro-bioetica\/#website","url":"https:\/\/medicina.udd.cl\/centro-bioetica\/","name":"Centro de Bio\u00e9tica","description":"Universidad del Desarrollo","inLanguage":"es"}]}},"dtstart":"2014-05-11T19:00:00-04:00","dtend":false,"full_day":false,"attendance_mode":"","_links":{"self":[{"href":"https:\/\/medicina.udd.cl\/centro-bioetica\/wp-json\/wp\/v2\/events\/2828","targetHints":{"allow":["GET"]}}],"collection":[{"href":"https:\/\/medicina.udd.cl\/centro-bioetica\/wp-json\/wp\/v2\/events"}],"about":[{"href":"https:\/\/medicina.udd.cl\/centro-bioetica\/wp-json\/wp\/v2\/types\/event"}],"author":[{"embeddable":true,"href":"https:\/\/medicina.udd.cl\/centro-bioetica\/wp-json\/wp\/v2\/users\/42"}],"version-history":[{"count":1,"href":"https:\/\/medicina.udd.cl\/centro-bioetica\/wp-json\/wp\/v2\/events\/2828\/revisions"}],"predecessor-version":[{"id":5730,"href":"https:\/\/medicina.udd.cl\/centro-bioetica\/wp-json\/wp\/v2\/events\/2828\/revisions\/5730"}],"wp:attachment":[{"href":"https:\/\/medicina.udd.cl\/centro-bioetica\/wp-json\/wp\/v2\/media?parent=2828"}],"wp:term":[{"taxonomy":"locations","embeddable":true,"href":"https:\/\/medicina.udd.cl\/centro-bioetica\/wp-json\/wp\/v2\/locations?post=2828"},{"taxonomy":"events_tax","embeddable":true,"href":"https:\/\/medicina.udd.cl\/centro-bioetica\/wp-json\/wp\/v2\/events-tax?post=2828"}],"curies":[{"name":"wp","href":"https:\/\/api.w.org\/{rel}","templated":true}]}}

Presentación Libro «Bioética Clínica Narrativa»

<p>Se realizará a las 19 horas en el Aula Magna de la Facultad de Medicina CAS-UDD.</p>
<p>En la ocasión, se presentará también el libro Bioética Narrativa de los autores españoles Tomás Domingo Moratalla y Lydia Feito.</p>

<!-- This site is optimized with the Yoast SEO plugin v26.9 - https://yoast.com/product/yoast-seo-wordpress/ -->
<title>Libro Bioética Clínica Narrativa - Centro de Bioética | UDD</title>
<meta name="description" content="Se realizará en el Aula Magna de la Facultad de Medicina Clínica Alemana Universidad del Desarrollo." />
<meta name="robots" content="index, follow, max-snippet:-1, max-image-preview:large, max-video-preview:-1" />
<link rel="canonical" href="https://medicina.udd.cl/centro-bioetica/eventos/presentacion-libro-bioetica-clinica-narrativa/" />
<meta property="og:locale" content="es_ES" />
<meta property="og:type" content="article" />
<meta property="og:title" content="Libro Bioética Clínica Narrativa - Centro de Bioética | UDD" />
<meta property="og:description" content="Se realizará en el Aula Magna de la Facultad de Medicina Clínica Alemana Universidad del Desarrollo." />
<meta property="og:url" content="https://medicina.udd.cl/centro-bioetica/eventos/presentacion-libro-bioetica-clinica-narrativa/" />
<meta property="og:site_name" content="Centro de Bioética" />
<meta property="article:modified_time" content="2022-07-07T22:30:45+00:00" />
<script type="application/ld+json" class="yoast-schema-graph">{"@context":"https://schema.org","@graph":[{"@type":"WebPage","@id":"https://medicina.udd.cl/centro-bioetica/eventos/presentacion-libro-bioetica-clinica-narrativa/","url":"https://medicina.udd.cl/centro-bioetica/eventos/presentacion-libro-bioetica-clinica-narrativa/","name":"Libro Bioética Clínica Narrativa - Centro de Bioética | UDD","isPartOf":{"@id":"https://medicina.udd.cl/centro-bioetica/#website"},"datePublished":"2014-05-12T21:19:33+00:00","dateModified":"2022-07-07T22:30:45+00:00","description":"Se realizará en el Aula Magna de la Facultad de Medicina Clínica Alemana Universidad del Desarrollo.","breadcrumb":{"@id":"https://medicina.udd.cl/centro-bioetica/eventos/presentacion-libro-bioetica-clinica-narrativa/#breadcrumb"},"inLanguage":"es","potentialAction":[{"@type":"ReadAction","target":["https://medicina.udd.cl/centro-bioetica/eventos/presentacion-libro-bioetica-clinica-narrativa/"]}]},{"@type":"BreadcrumbList","@id":"https://medicina.udd.cl/centro-bioetica/eventos/presentacion-libro-bioetica-clinica-narrativa/#breadcrumb","itemListElement":[{"@type":"ListItem","position":1,"name":"Inicio","item":"https://medicina.udd.cl/centro-bioetica/"},{"@type":"ListItem","position":2,"name":"Eventos","item":"https://medicina.udd.cl/centro-bioetica/eventos/"},{"@type":"ListItem","position":3,"name":"Presentación Libro «Bioética Clínica Narrativa»"}]},{"@type":"WebSite","@id":"https://medicina.udd.cl/centro-bioetica/#website","url":"https://medicina.udd.cl/centro-bioetica/","name":"Centro de Bioética","description":"Universidad del Desarrollo","inLanguage":"es"}]}</script>
<!-- / Yoast SEO plugin. -->

Libro Bioética Clínica Narrativa - Centro de Bioética | UDD

Se realizará en el Aula Magna de la Facultad de Medicina Clínica Alemana Universidad del Desarrollo.

Centro de Bioética
