{"id":2839,"date":"2014-05-20T14:29:21","date_gmt":"2014-05-20T18:29:21","guid":{"rendered":"http:\/\/medicina.udd.cl\/centro-bioetica\/?post_type=event&#038;p=2839"},"modified":"2022-07-07T18:30:45","modified_gmt":"2022-07-07T22:30:45","slug":"viii-seminario-internacional-de-bioetica","status":"publish","type":"event","link":"https:\/\/medicina.udd.cl\/centro-bioetica\/eventos\/viii-seminario-internacional-de-bioetica\/","title":{"rendered":"VIII Seminario Internacional de Bio\u00e9tica"},"content":{"rendered":"<p>VIII Seminario Internacional de Bio\u00e9tica:\u00a0La responsabilidad del cuidado en el tratamiento m\u00e9dico.<\/p>\n<p>Se realizar\u00e1 en el Aula Magna de la Cl\u00ednica Alemana, ubicada en Manquehue Norte 1410, Vitacura, Santiago.<\/p>\n<p>Organizan: Centro de Bio\u00e9tica de la Facultad de Medicina CAS-UDD y el Departamento Cient\u00edfico Docente de la Cl\u00ednica Alemana.<\/p>\n<p>Informaciones: cursosclinicos1@alemana.cl<\/p>\n<p>&nbsp;<\/p>\n<p>&nbsp;<\/p>\n","protected":false},"author":42,"featured_media":0,"template":"","locations":[4020],"events-tax":[4032],"class_list":["post-2839","event","type-event","status-publish","hentry","locations-santiago","events_tax-academico"],"yoast_head":"<!-- This site is optimized with the Yoast SEO plugin v26.9 - https:\/\/yoast.com\/product\/yoast-seo-wordpress\/ -->\n<title>VIII Seminario Internacional de Bio\u00e9tica<\/title>\n<meta name=\"description\" content=\"Organizan el Centro de Bio\u00e9tica de la Facultad de Medicina CAS-UDD, y el Departamento Cient\u00edfico Docente de la Cl\u00ednica Alemana.\" \/>\n<meta name=\"robots\" content=\"index, follow, max-snippet:-1, max-image-preview:large, max-video-preview:-1\" \/>\n<link rel=\"canonical\" href=\"https:\/\/medicina.udd.cl\/centro-bioetica\/eventos\/viii-seminario-internacional-de-bioetica\/\" \/>\n<meta property=\"og:locale\" content=\"es_ES\" \/>\n<meta property=\"og:type\" content=\"article\" \/>\n<meta property=\"og:title\" content=\"VIII Seminario Internacional de Bio\u00e9tica\" \/>\n<meta property=\"og:description\" content=\"Organizan el Centro de Bio\u00e9tica de la Facultad de Medicina CAS-UDD, y el Departamento Cient\u00edfico Docente de la Cl\u00ednica Alemana.\" \/>\n<meta property=\"og:url\" content=\"https:\/\/medicina.udd.cl\/centro-bioetica\/eventos\/viii-seminario-internacional-de-bioetica\/\" \/>\n<meta property=\"og:site_name\" content=\"Centro de Bio\u00e9tica\" \/>\n<meta property=\"article:modified_time\" content=\"2022-07-07T22:30:45+00:00\" \/>\n<script type=\"application\/ld+json\" class=\"yoast-schema-graph\">{\"@context\":\"https:\/\/schema.org\",\"@graph\":[{\"@type\":\"WebPage\",\"@id\":\"https:\/\/medicina.udd.cl\/centro-bioetica\/eventos\/viii-seminario-internacional-de-bioetica\/\",\"url\":\"https:\/\/medicina.udd.cl\/centro-bioetica\/eventos\/viii-seminario-internacional-de-bioetica\/\",\"name\":\"VIII Seminario Internacional de Bio\u00e9tica\",\"isPartOf\":{\"@id\":\"https:\/\/medicina.udd.cl\/centro-bioetica\/#website\"},\"datePublished\":\"2014-05-20T18:29:21+00:00\",\"dateModified\":\"2022-07-07T22:30:45+00:00\",\"description\":\"Organizan el Centro de Bio\u00e9tica de la Facultad de Medicina CAS-UDD, y el Departamento Cient\u00edfico Docente de la Cl\u00ednica Alemana.\",\"breadcrumb\":{\"@id\":\"https:\/\/medicina.udd.cl\/centro-bioetica\/eventos\/viii-seminario-internacional-de-bioetica\/#breadcrumb\"},\"inLanguage\":\"es\",\"potentialAction\":[{\"@type\":\"ReadAction\",\"target\":[\"https:\/\/medicina.udd.cl\/centro-bioetica\/eventos\/viii-seminario-internacional-de-bioetica\/\"]}]},{\"@type\":\"BreadcrumbList\",\"@id\":\"https:\/\/medicina.udd.cl\/centro-bioetica\/eventos\/viii-seminario-internacional-de-bioetica\/#breadcrumb\",\"itemListElement\":[{\"@type\":\"ListItem\",\"position\":1,\"name\":\"Inicio\",\"item\":\"https:\/\/medicina.udd.cl\/centro-bioetica\/\"},{\"@type\":\"ListItem\",\"position\":2,\"name\":\"Eventos\",\"item\":\"https:\/\/medicina.udd.cl\/centro-bioetica\/eventos\/\"},{\"@type\":\"ListItem\",\"position\":3,\"name\":\"VIII Seminario Internacional de Bio\u00e9tica\"}]},{\"@type\":\"WebSite\",\"@id\":\"https:\/\/medicina.udd.cl\/centro-bioetica\/#website\",\"url\":\"https:\/\/medicina.udd.cl\/centro-bioetica\/\",\"name\":\"Centro de Bio\u00e9tica\",\"description\":\"Universidad del Desarrollo\",\"inLanguage\":\"es\"}]}<\/script>\n<!-- \/ Yoast SEO plugin. -->","yoast_head_json":{"title":"VIII Seminario Internacional de Bio\u00e9tica","description":"Organizan el Centro de Bio\u00e9tica de la Facultad de Medicina CAS-UDD, y el Departamento Cient\u00edfico Docente de la Cl\u00ednica Alemana.","robots":{"index":"index","follow":"follow","max-snippet":"max-snippet:-1","max-image-preview":"max-image-preview:large","max-video-preview":"max-video-preview:-1"},"canonical":"https:\/\/medicina.udd.cl\/centro-bioetica\/eventos\/viii-seminario-internacional-de-bioetica\/","og_locale":"es_ES","og_type":"article","og_title":"VIII Seminario Internacional de Bio\u00e9tica","og_description":"Organizan el Centro de Bio\u00e9tica de la Facultad de Medicina CAS-UDD, y el Departamento Cient\u00edfico Docente de la Cl\u00ednica Alemana.","og_url":"https:\/\/medicina.udd.cl\/centro-bioetica\/eventos\/viii-seminario-internacional-de-bioetica\/","og_site_name":"Centro de Bio\u00e9tica","article_modified_time":"2022-07-07T22:30:45+00:00","schema":{"@context":"https:\/\/schema.org","@graph":[{"@type":"WebPage","@id":"https:\/\/medicina.udd.cl\/centro-bioetica\/eventos\/viii-seminario-internacional-de-bioetica\/","url":"https:\/\/medicina.udd.cl\/centro-bioetica\/eventos\/viii-seminario-internacional-de-bioetica\/","name":"VIII Seminario Internacional de Bio\u00e9tica","isPartOf":{"@id":"https:\/\/medicina.udd.cl\/centro-bioetica\/#website"},"datePublished":"2014-05-20T18:29:21+00:00","dateModified":"2022-07-07T22:30:45+00:00","description":"Organizan el Centro de Bio\u00e9tica de la Facultad de Medicina CAS-UDD, y el Departamento Cient\u00edfico Docente de la Cl\u00ednica Alemana.","breadcrumb":{"@id":"https:\/\/medicina.udd.cl\/centro-bioetica\/eventos\/viii-seminario-internacional-de-bioetica\/#breadcrumb"},"inLanguage":"es","potentialAction":[{"@type":"ReadAction","target":["https:\/\/medicina.udd.cl\/centro-bioetica\/eventos\/viii-seminario-internacional-de-bioetica\/"]}]},{"@type":"BreadcrumbList","@id":"https:\/\/medicina.udd.cl\/centro-bioetica\/eventos\/viii-seminario-internacional-de-bioetica\/#breadcrumb","itemListElement":[{"@type":"ListItem","position":1,"name":"Inicio","item":"https:\/\/medicina.udd.cl\/centro-bioetica\/"},{"@type":"ListItem","position":2,"name":"Eventos","item":"https:\/\/medicina.udd.cl\/centro-bioetica\/eventos\/"},{"@type":"ListItem","position":3,"name":"VIII Seminario Internacional de Bio\u00e9tica"}]},{"@type":"WebSite","@id":"https:\/\/medicina.udd.cl\/centro-bioetica\/#website","url":"https:\/\/medicina.udd.cl\/centro-bioetica\/","name":"Centro de Bio\u00e9tica","description":"Universidad del Desarrollo","inLanguage":"es"}]}},"dtstart":"2014-07-04T08:30:00-04:00","dtend":false,"full_day":false,"attendance_mode":"OnlineEventAttendanceMode","_links":{"self":[{"href":"https:\/\/medicina.udd.cl\/centro-bioetica\/wp-json\/wp\/v2\/events\/2839","targetHints":{"allow":["GET"]}}],"collection":[{"href":"https:\/\/medicina.udd.cl\/centro-bioetica\/wp-json\/wp\/v2\/events"}],"about":[{"href":"https:\/\/medicina.udd.cl\/centro-bioetica\/wp-json\/wp\/v2\/types\/event"}],"author":[{"embeddable":true,"href":"https:\/\/medicina.udd.cl\/centro-bioetica\/wp-json\/wp\/v2\/users\/42"}],"version-history":[{"count":1,"href":"https:\/\/medicina.udd.cl\/centro-bioetica\/wp-json\/wp\/v2\/events\/2839\/revisions"}],"predecessor-version":[{"id":5729,"href":"https:\/\/medicina.udd.cl\/centro-bioetica\/wp-json\/wp\/v2\/events\/2839\/revisions\/5729"}],"wp:attachment":[{"href":"https:\/\/medicina.udd.cl\/centro-bioetica\/wp-json\/wp\/v2\/media?parent=2839"}],"wp:term":[{"taxonomy":"locations","embeddable":true,"href":"https:\/\/medicina.udd.cl\/centro-bioetica\/wp-json\/wp\/v2\/locations?post=2839"},{"taxonomy":"events_tax","embeddable":true,"href":"https:\/\/medicina.udd.cl\/centro-bioetica\/wp-json\/wp\/v2\/events-tax?post=2839"}],"curies":[{"name":"wp","href":"https:\/\/api.w.org\/{rel}","templated":true}]}}

VIII Seminario Internacional de Bioética

<p>VIII Seminario Internacional de Bioética: La responsabilidad del cuidado en el tratamiento médico.</p>
<p>Se realizará en el Aula Magna de la Clínica Alemana, ubicada en Manquehue Norte 1410, Vitacura, Santiago.</p>
<p>Organizan: Centro de Bioética de la Facultad de Medicina CAS-UDD y el Departamento Científico Docente de la Clínica Alemana.</p>
<p>Informaciones: cursosclinicos1@alemana.cl</p>
<p>&nbsp;</p>
<p>&nbsp;</p>

<!-- This site is optimized with the Yoast SEO plugin v26.9 - https://yoast.com/product/yoast-seo-wordpress/ -->
<title>VIII Seminario Internacional de Bioética</title>
<meta name="description" content="Organizan el Centro de Bioética de la Facultad de Medicina CAS-UDD, y el Departamento Científico Docente de la Clínica Alemana." />
<meta name="robots" content="index, follow, max-snippet:-1, max-image-preview:large, max-video-preview:-1" />
<link rel="canonical" href="https://medicina.udd.cl/centro-bioetica/eventos/viii-seminario-internacional-de-bioetica/" />
<meta property="og:locale" content="es_ES" />
<meta property="og:type" content="article" />
<meta property="og:title" content="VIII Seminario Internacional de Bioética" />
<meta property="og:description" content="Organizan el Centro de Bioética de la Facultad de Medicina CAS-UDD, y el Departamento Científico Docente de la Clínica Alemana." />
<meta property="og:url" content="https://medicina.udd.cl/centro-bioetica/eventos/viii-seminario-internacional-de-bioetica/" />
<meta property="og:site_name" content="Centro de Bioética" />
<meta property="article:modified_time" content="2022-07-07T22:30:45+00:00" />
<script type="application/ld+json" class="yoast-schema-graph">{"@context":"https://schema.org","@graph":[{"@type":"WebPage","@id":"https://medicina.udd.cl/centro-bioetica/eventos/viii-seminario-internacional-de-bioetica/","url":"https://medicina.udd.cl/centro-bioetica/eventos/viii-seminario-internacional-de-bioetica/","name":"VIII Seminario Internacional de Bioética","isPartOf":{"@id":"https://medicina.udd.cl/centro-bioetica/#website"},"datePublished":"2014-05-20T18:29:21+00:00","dateModified":"2022-07-07T22:30:45+00:00","description":"Organizan el Centro de Bioética de la Facultad de Medicina CAS-UDD, y el Departamento Científico Docente de la Clínica Alemana.","breadcrumb":{"@id":"https://medicina.udd.cl/centro-bioetica/eventos/viii-seminario-internacional-de-bioetica/#breadcrumb"},"inLanguage":"es","potentialAction":[{"@type":"ReadAction","target":["https://medicina.udd.cl/centro-bioetica/eventos/viii-seminario-internacional-de-bioetica/"]}]},{"@type":"BreadcrumbList","@id":"https://medicina.udd.cl/centro-bioetica/eventos/viii-seminario-internacional-de-bioetica/#breadcrumb","itemListElement":[{"@type":"ListItem","position":1,"name":"Inicio","item":"https://medicina.udd.cl/centro-bioetica/"},{"@type":"ListItem","position":2,"name":"Eventos","item":"https://medicina.udd.cl/centro-bioetica/eventos/"},{"@type":"ListItem","position":3,"name":"VIII Seminario Internacional de Bioética"}]},{"@type":"WebSite","@id":"https://medicina.udd.cl/centro-bioetica/#website","url":"https://medicina.udd.cl/centro-bioetica/","name":"Centro de Bioética","description":"Universidad del Desarrollo","inLanguage":"es"}]}</script>
<!-- / Yoast SEO plugin. -->

Organizan el Centro de Bioética de la Facultad de Medicina CAS-UDD, y el Departamento Científico Docente de la Clínica Alemana.

Centro de Bioética
