{"id":3180,"date":"2015-01-16T15:54:15","date_gmt":"2015-01-16T18:54:15","guid":{"rendered":"http:\/\/medicina.udd.cl\/centro-bioetica\/?post_type=event&#038;p=3180"},"modified":"2022-07-07T18:30:45","modified_gmt":"2022-07-07T22:30:45","slug":"ix-seminario-internacional-de-bioetica-2","status":"publish","type":"event","link":"https:\/\/medicina.udd.cl\/centro-bioetica\/eventos\/ix-seminario-internacional-de-bioetica-2\/","title":{"rendered":"IX Seminario Internacional de Bio\u00e9tica"},"content":{"rendered":"<p>El encuentro se llevar\u00e1 a cabo el viernes 3 y s\u00e1bado 4 de julio en el Aula Magna de la Cl\u00ednica Alemana y contar\u00e1 con la presencia de destacados expositores.<\/p>\n","protected":false},"author":42,"featured_media":0,"template":"","locations":[4020],"events-tax":[4032],"class_list":["post-3180","event","type-event","status-publish","hentry","locations-santiago","events_tax-academico"],"yoast_head":"<!-- This site is optimized with the Yoast SEO plugin v26.9 - https:\/\/yoast.com\/product\/yoast-seo-wordpress\/ -->\n<title>IX Seminario Internacional de Bio\u00e9tica - Centro de Bio\u00e9tica<\/title>\n<meta name=\"robots\" content=\"index, follow, max-snippet:-1, max-image-preview:large, max-video-preview:-1\" \/>\n<link rel=\"canonical\" href=\"https:\/\/medicina.udd.cl\/centro-bioetica\/eventos\/ix-seminario-internacional-de-bioetica-2\/\" \/>\n<meta property=\"og:locale\" content=\"es_ES\" \/>\n<meta property=\"og:type\" content=\"article\" \/>\n<meta property=\"og:title\" content=\"IX Seminario Internacional de Bio\u00e9tica - Centro de Bio\u00e9tica\" \/>\n<meta property=\"og:description\" content=\"El encuentro se llevar\u00e1 a cabo el viernes 3 y s\u00e1bado 4 de julio en el Aula Magna de la Cl\u00ednica Alemana y contar\u00e1 con la presencia de destacados expositores.\" \/>\n<meta property=\"og:url\" content=\"https:\/\/medicina.udd.cl\/centro-bioetica\/eventos\/ix-seminario-internacional-de-bioetica-2\/\" \/>\n<meta property=\"og:site_name\" content=\"Centro de Bio\u00e9tica\" \/>\n<meta property=\"article:modified_time\" content=\"2022-07-07T22:30:45+00:00\" \/>\n<script type=\"application\/ld+json\" class=\"yoast-schema-graph\">{\"@context\":\"https:\/\/schema.org\",\"@graph\":[{\"@type\":\"WebPage\",\"@id\":\"https:\/\/medicina.udd.cl\/centro-bioetica\/eventos\/ix-seminario-internacional-de-bioetica-2\/\",\"url\":\"https:\/\/medicina.udd.cl\/centro-bioetica\/eventos\/ix-seminario-internacional-de-bioetica-2\/\",\"name\":\"IX Seminario Internacional de Bio\u00e9tica - Centro de Bio\u00e9tica\",\"isPartOf\":{\"@id\":\"https:\/\/medicina.udd.cl\/centro-bioetica\/#website\"},\"datePublished\":\"2015-01-16T18:54:15+00:00\",\"dateModified\":\"2022-07-07T22:30:45+00:00\",\"breadcrumb\":{\"@id\":\"https:\/\/medicina.udd.cl\/centro-bioetica\/eventos\/ix-seminario-internacional-de-bioetica-2\/#breadcrumb\"},\"inLanguage\":\"es\",\"potentialAction\":[{\"@type\":\"ReadAction\",\"target\":[\"https:\/\/medicina.udd.cl\/centro-bioetica\/eventos\/ix-seminario-internacional-de-bioetica-2\/\"]}]},{\"@type\":\"BreadcrumbList\",\"@id\":\"https:\/\/medicina.udd.cl\/centro-bioetica\/eventos\/ix-seminario-internacional-de-bioetica-2\/#breadcrumb\",\"itemListElement\":[{\"@type\":\"ListItem\",\"position\":1,\"name\":\"Inicio\",\"item\":\"https:\/\/medicina.udd.cl\/centro-bioetica\/\"},{\"@type\":\"ListItem\",\"position\":2,\"name\":\"Eventos\",\"item\":\"https:\/\/medicina.udd.cl\/centro-bioetica\/eventos\/\"},{\"@type\":\"ListItem\",\"position\":3,\"name\":\"IX Seminario Internacional de Bio\u00e9tica\"}]},{\"@type\":\"WebSite\",\"@id\":\"https:\/\/medicina.udd.cl\/centro-bioetica\/#website\",\"url\":\"https:\/\/medicina.udd.cl\/centro-bioetica\/\",\"name\":\"Centro de Bio\u00e9tica\",\"description\":\"Universidad del Desarrollo\",\"inLanguage\":\"es\"}]}<\/script>\n<!-- \/ Yoast SEO plugin. -->","yoast_head_json":{"title":"IX Seminario Internacional de Bio\u00e9tica - Centro de Bio\u00e9tica","robots":{"index":"index","follow":"follow","max-snippet":"max-snippet:-1","max-image-preview":"max-image-preview:large","max-video-preview":"max-video-preview:-1"},"canonical":"https:\/\/medicina.udd.cl\/centro-bioetica\/eventos\/ix-seminario-internacional-de-bioetica-2\/","og_locale":"es_ES","og_type":"article","og_title":"IX Seminario Internacional de Bio\u00e9tica - Centro de Bio\u00e9tica","og_description":"El encuentro se llevar\u00e1 a cabo el viernes 3 y s\u00e1bado 4 de julio en el Aula Magna de la Cl\u00ednica Alemana y contar\u00e1 con la presencia de destacados expositores.","og_url":"https:\/\/medicina.udd.cl\/centro-bioetica\/eventos\/ix-seminario-internacional-de-bioetica-2\/","og_site_name":"Centro de Bio\u00e9tica","article_modified_time":"2022-07-07T22:30:45+00:00","schema":{"@context":"https:\/\/schema.org","@graph":[{"@type":"WebPage","@id":"https:\/\/medicina.udd.cl\/centro-bioetica\/eventos\/ix-seminario-internacional-de-bioetica-2\/","url":"https:\/\/medicina.udd.cl\/centro-bioetica\/eventos\/ix-seminario-internacional-de-bioetica-2\/","name":"IX Seminario Internacional de Bio\u00e9tica - Centro de Bio\u00e9tica","isPartOf":{"@id":"https:\/\/medicina.udd.cl\/centro-bioetica\/#website"},"datePublished":"2015-01-16T18:54:15+00:00","dateModified":"2022-07-07T22:30:45+00:00","breadcrumb":{"@id":"https:\/\/medicina.udd.cl\/centro-bioetica\/eventos\/ix-seminario-internacional-de-bioetica-2\/#breadcrumb"},"inLanguage":"es","potentialAction":[{"@type":"ReadAction","target":["https:\/\/medicina.udd.cl\/centro-bioetica\/eventos\/ix-seminario-internacional-de-bioetica-2\/"]}]},{"@type":"BreadcrumbList","@id":"https:\/\/medicina.udd.cl\/centro-bioetica\/eventos\/ix-seminario-internacional-de-bioetica-2\/#breadcrumb","itemListElement":[{"@type":"ListItem","position":1,"name":"Inicio","item":"https:\/\/medicina.udd.cl\/centro-bioetica\/"},{"@type":"ListItem","position":2,"name":"Eventos","item":"https:\/\/medicina.udd.cl\/centro-bioetica\/eventos\/"},{"@type":"ListItem","position":3,"name":"IX Seminario Internacional de Bio\u00e9tica"}]},{"@type":"WebSite","@id":"https:\/\/medicina.udd.cl\/centro-bioetica\/#website","url":"https:\/\/medicina.udd.cl\/centro-bioetica\/","name":"Centro de Bio\u00e9tica","description":"Universidad del Desarrollo","inLanguage":"es"}]}},"dtstart":"2015-07-04T09:00:00-03:00","dtend":false,"full_day":false,"attendance_mode":"","_links":{"self":[{"href":"https:\/\/medicina.udd.cl\/centro-bioetica\/wp-json\/wp\/v2\/events\/3180","targetHints":{"allow":["GET"]}}],"collection":[{"href":"https:\/\/medicina.udd.cl\/centro-bioetica\/wp-json\/wp\/v2\/events"}],"about":[{"href":"https:\/\/medicina.udd.cl\/centro-bioetica\/wp-json\/wp\/v2\/types\/event"}],"author":[{"embeddable":true,"href":"https:\/\/medicina.udd.cl\/centro-bioetica\/wp-json\/wp\/v2\/users\/42"}],"version-history":[{"count":1,"href":"https:\/\/medicina.udd.cl\/centro-bioetica\/wp-json\/wp\/v2\/events\/3180\/revisions"}],"predecessor-version":[{"id":5726,"href":"https:\/\/medicina.udd.cl\/centro-bioetica\/wp-json\/wp\/v2\/events\/3180\/revisions\/5726"}],"wp:attachment":[{"href":"https:\/\/medicina.udd.cl\/centro-bioetica\/wp-json\/wp\/v2\/media?parent=3180"}],"wp:term":[{"taxonomy":"locations","embeddable":true,"href":"https:\/\/medicina.udd.cl\/centro-bioetica\/wp-json\/wp\/v2\/locations?post=3180"},{"taxonomy":"events_tax","embeddable":true,"href":"https:\/\/medicina.udd.cl\/centro-bioetica\/wp-json\/wp\/v2\/events-tax?post=3180"}],"curies":[{"name":"wp","href":"https:\/\/api.w.org\/{rel}","templated":true}]}}

IX Seminario Internacional de Bioética

<p>El encuentro se llevará a cabo el viernes 3 y sábado 4 de julio en el Aula Magna de la Clínica Alemana y contará con la presencia de destacados expositores.</p>

<!-- This site is optimized with the Yoast SEO plugin v26.9 - https://yoast.com/product/yoast-seo-wordpress/ -->
<title>IX Seminario Internacional de Bioética - Centro de Bioética</title>
<meta name="robots" content="index, follow, max-snippet:-1, max-image-preview:large, max-video-preview:-1" />
<link rel="canonical" href="https://medicina.udd.cl/centro-bioetica/eventos/ix-seminario-internacional-de-bioetica-2/" />
<meta property="og:locale" content="es_ES" />
<meta property="og:type" content="article" />
<meta property="og:title" content="IX Seminario Internacional de Bioética - Centro de Bioética" />
<meta property="og:description" content="El encuentro se llevará a cabo el viernes 3 y sábado 4 de julio en el Aula Magna de la Clínica Alemana y contará con la presencia de destacados expositores." />
<meta property="og:url" content="https://medicina.udd.cl/centro-bioetica/eventos/ix-seminario-internacional-de-bioetica-2/" />
<meta property="og:site_name" content="Centro de Bioética" />
<meta property="article:modified_time" content="2022-07-07T22:30:45+00:00" />
<script type="application/ld+json" class="yoast-schema-graph">{"@context":"https://schema.org","@graph":[{"@type":"WebPage","@id":"https://medicina.udd.cl/centro-bioetica/eventos/ix-seminario-internacional-de-bioetica-2/","url":"https://medicina.udd.cl/centro-bioetica/eventos/ix-seminario-internacional-de-bioetica-2/","name":"IX Seminario Internacional de Bioética - Centro de Bioética","isPartOf":{"@id":"https://medicina.udd.cl/centro-bioetica/#website"},"datePublished":"2015-01-16T18:54:15+00:00","dateModified":"2022-07-07T22:30:45+00:00","breadcrumb":{"@id":"https://medicina.udd.cl/centro-bioetica/eventos/ix-seminario-internacional-de-bioetica-2/#breadcrumb"},"inLanguage":"es","potentialAction":[{"@type":"ReadAction","target":["https://medicina.udd.cl/centro-bioetica/eventos/ix-seminario-internacional-de-bioetica-2/"]}]},{"@type":"BreadcrumbList","@id":"https://medicina.udd.cl/centro-bioetica/eventos/ix-seminario-internacional-de-bioetica-2/#breadcrumb","itemListElement":[{"@type":"ListItem","position":1,"name":"Inicio","item":"https://medicina.udd.cl/centro-bioetica/"},{"@type":"ListItem","position":2,"name":"Eventos","item":"https://medicina.udd.cl/centro-bioetica/eventos/"},{"@type":"ListItem","position":3,"name":"IX Seminario Internacional de Bioética"}]},{"@type":"WebSite","@id":"https://medicina.udd.cl/centro-bioetica/#website","url":"https://medicina.udd.cl/centro-bioetica/","name":"Centro de Bioética","description":"Universidad del Desarrollo","inLanguage":"es"}]}</script>
<!-- / Yoast SEO plugin. -->

IX Seminario Internacional de Bioética - Centro de Bioética

El encuentro se llevará a cabo el viernes 3 y sábado 4 de julio en el Aula Magna de la Clínica Alemana y contará con la presencia de destacados expositores.

Centro de Bioética
