{"id":3182,"date":"2015-01-16T15:59:03","date_gmt":"2015-01-16T18:59:03","guid":{"rendered":"http:\/\/medicina.udd.cl\/centro-bioetica\/?post_type=event&#038;p=3182"},"modified":"2022-07-07T18:30:45","modified_gmt":"2022-07-07T22:30:45","slug":"bioetica-y-humanizacion-en-odontologia","status":"publish","type":"event","link":"https:\/\/medicina.udd.cl\/centro-bioetica\/eventos\/bioetica-y-humanizacion-en-odontologia\/","title":{"rendered":"Bio\u00e9tica y Humanizaci\u00f3n en Odontolog\u00eda"},"content":{"rendered":"<p>Se realizar\u00e1 en el Aula Magna el viernes 26 y el s\u00e1bado 27 de junio.<\/p>\n","protected":false},"author":42,"featured_media":0,"template":"","locations":[4020],"events-tax":[4032],"class_list":["post-3182","event","type-event","status-publish","hentry","locations-santiago","events_tax-academico"],"yoast_head":"<!-- This site is optimized with the Yoast SEO plugin v26.9 - https:\/\/yoast.com\/product\/yoast-seo-wordpress\/ -->\n<title>Bio\u00e9tica y Humanizaci\u00f3n en Odontolog\u00eda - Centro de Bio\u00e9tica<\/title>\n<meta name=\"robots\" content=\"index, follow, max-snippet:-1, max-image-preview:large, max-video-preview:-1\" \/>\n<link rel=\"canonical\" href=\"https:\/\/medicina.udd.cl\/centro-bioetica\/eventos\/bioetica-y-humanizacion-en-odontologia\/\" \/>\n<meta property=\"og:locale\" content=\"es_ES\" \/>\n<meta property=\"og:type\" content=\"article\" \/>\n<meta property=\"og:title\" content=\"Bio\u00e9tica y Humanizaci\u00f3n en Odontolog\u00eda - Centro de Bio\u00e9tica\" \/>\n<meta property=\"og:description\" content=\"Se realizar\u00e1 en el Aula Magna el viernes 26 y el s\u00e1bado 27 de junio.\" \/>\n<meta property=\"og:url\" content=\"https:\/\/medicina.udd.cl\/centro-bioetica\/eventos\/bioetica-y-humanizacion-en-odontologia\/\" \/>\n<meta property=\"og:site_name\" content=\"Centro de Bio\u00e9tica\" \/>\n<meta property=\"article:modified_time\" content=\"2022-07-07T22:30:45+00:00\" \/>\n<script type=\"application\/ld+json\" class=\"yoast-schema-graph\">{\"@context\":\"https:\/\/schema.org\",\"@graph\":[{\"@type\":\"WebPage\",\"@id\":\"https:\/\/medicina.udd.cl\/centro-bioetica\/eventos\/bioetica-y-humanizacion-en-odontologia\/\",\"url\":\"https:\/\/medicina.udd.cl\/centro-bioetica\/eventos\/bioetica-y-humanizacion-en-odontologia\/\",\"name\":\"Bio\u00e9tica y Humanizaci\u00f3n en Odontolog\u00eda - Centro de Bio\u00e9tica\",\"isPartOf\":{\"@id\":\"https:\/\/medicina.udd.cl\/centro-bioetica\/#website\"},\"datePublished\":\"2015-01-16T18:59:03+00:00\",\"dateModified\":\"2022-07-07T22:30:45+00:00\",\"breadcrumb\":{\"@id\":\"https:\/\/medicina.udd.cl\/centro-bioetica\/eventos\/bioetica-y-humanizacion-en-odontologia\/#breadcrumb\"},\"inLanguage\":\"es\",\"potentialAction\":[{\"@type\":\"ReadAction\",\"target\":[\"https:\/\/medicina.udd.cl\/centro-bioetica\/eventos\/bioetica-y-humanizacion-en-odontologia\/\"]}]},{\"@type\":\"BreadcrumbList\",\"@id\":\"https:\/\/medicina.udd.cl\/centro-bioetica\/eventos\/bioetica-y-humanizacion-en-odontologia\/#breadcrumb\",\"itemListElement\":[{\"@type\":\"ListItem\",\"position\":1,\"name\":\"Inicio\",\"item\":\"https:\/\/medicina.udd.cl\/centro-bioetica\/\"},{\"@type\":\"ListItem\",\"position\":2,\"name\":\"Eventos\",\"item\":\"https:\/\/medicina.udd.cl\/centro-bioetica\/eventos\/\"},{\"@type\":\"ListItem\",\"position\":3,\"name\":\"Bio\u00e9tica y Humanizaci\u00f3n en Odontolog\u00eda\"}]},{\"@type\":\"WebSite\",\"@id\":\"https:\/\/medicina.udd.cl\/centro-bioetica\/#website\",\"url\":\"https:\/\/medicina.udd.cl\/centro-bioetica\/\",\"name\":\"Centro de Bio\u00e9tica\",\"description\":\"Universidad del Desarrollo\",\"inLanguage\":\"es\"}]}<\/script>\n<!-- \/ Yoast SEO plugin. -->","yoast_head_json":{"title":"Bio\u00e9tica y Humanizaci\u00f3n en Odontolog\u00eda - Centro de Bio\u00e9tica","robots":{"index":"index","follow":"follow","max-snippet":"max-snippet:-1","max-image-preview":"max-image-preview:large","max-video-preview":"max-video-preview:-1"},"canonical":"https:\/\/medicina.udd.cl\/centro-bioetica\/eventos\/bioetica-y-humanizacion-en-odontologia\/","og_locale":"es_ES","og_type":"article","og_title":"Bio\u00e9tica y Humanizaci\u00f3n en Odontolog\u00eda - Centro de Bio\u00e9tica","og_description":"Se realizar\u00e1 en el Aula Magna el viernes 26 y el s\u00e1bado 27 de junio.","og_url":"https:\/\/medicina.udd.cl\/centro-bioetica\/eventos\/bioetica-y-humanizacion-en-odontologia\/","og_site_name":"Centro de Bio\u00e9tica","article_modified_time":"2022-07-07T22:30:45+00:00","schema":{"@context":"https:\/\/schema.org","@graph":[{"@type":"WebPage","@id":"https:\/\/medicina.udd.cl\/centro-bioetica\/eventos\/bioetica-y-humanizacion-en-odontologia\/","url":"https:\/\/medicina.udd.cl\/centro-bioetica\/eventos\/bioetica-y-humanizacion-en-odontologia\/","name":"Bio\u00e9tica y Humanizaci\u00f3n en Odontolog\u00eda - Centro de Bio\u00e9tica","isPartOf":{"@id":"https:\/\/medicina.udd.cl\/centro-bioetica\/#website"},"datePublished":"2015-01-16T18:59:03+00:00","dateModified":"2022-07-07T22:30:45+00:00","breadcrumb":{"@id":"https:\/\/medicina.udd.cl\/centro-bioetica\/eventos\/bioetica-y-humanizacion-en-odontologia\/#breadcrumb"},"inLanguage":"es","potentialAction":[{"@type":"ReadAction","target":["https:\/\/medicina.udd.cl\/centro-bioetica\/eventos\/bioetica-y-humanizacion-en-odontologia\/"]}]},{"@type":"BreadcrumbList","@id":"https:\/\/medicina.udd.cl\/centro-bioetica\/eventos\/bioetica-y-humanizacion-en-odontologia\/#breadcrumb","itemListElement":[{"@type":"ListItem","position":1,"name":"Inicio","item":"https:\/\/medicina.udd.cl\/centro-bioetica\/"},{"@type":"ListItem","position":2,"name":"Eventos","item":"https:\/\/medicina.udd.cl\/centro-bioetica\/eventos\/"},{"@type":"ListItem","position":3,"name":"Bio\u00e9tica y Humanizaci\u00f3n en Odontolog\u00eda"}]},{"@type":"WebSite","@id":"https:\/\/medicina.udd.cl\/centro-bioetica\/#website","url":"https:\/\/medicina.udd.cl\/centro-bioetica\/","name":"Centro de Bio\u00e9tica","description":"Universidad del Desarrollo","inLanguage":"es"}]}},"dtstart":"2015-06-26T09:00:00-03:00","dtend":false,"full_day":false,"attendance_mode":"","_links":{"self":[{"href":"https:\/\/medicina.udd.cl\/centro-bioetica\/wp-json\/wp\/v2\/events\/3182","targetHints":{"allow":["GET"]}}],"collection":[{"href":"https:\/\/medicina.udd.cl\/centro-bioetica\/wp-json\/wp\/v2\/events"}],"about":[{"href":"https:\/\/medicina.udd.cl\/centro-bioetica\/wp-json\/wp\/v2\/types\/event"}],"author":[{"embeddable":true,"href":"https:\/\/medicina.udd.cl\/centro-bioetica\/wp-json\/wp\/v2\/users\/42"}],"version-history":[{"count":1,"href":"https:\/\/medicina.udd.cl\/centro-bioetica\/wp-json\/wp\/v2\/events\/3182\/revisions"}],"predecessor-version":[{"id":5724,"href":"https:\/\/medicina.udd.cl\/centro-bioetica\/wp-json\/wp\/v2\/events\/3182\/revisions\/5724"}],"wp:attachment":[{"href":"https:\/\/medicina.udd.cl\/centro-bioetica\/wp-json\/wp\/v2\/media?parent=3182"}],"wp:term":[{"taxonomy":"locations","embeddable":true,"href":"https:\/\/medicina.udd.cl\/centro-bioetica\/wp-json\/wp\/v2\/locations?post=3182"},{"taxonomy":"events_tax","embeddable":true,"href":"https:\/\/medicina.udd.cl\/centro-bioetica\/wp-json\/wp\/v2\/events-tax?post=3182"}],"curies":[{"name":"wp","href":"https:\/\/api.w.org\/{rel}","templated":true}]}}

Bioética y Humanización en Odontología

<p>Se realizará en el Aula Magna el viernes 26 y el sábado 27 de junio.</p>

<!-- This site is optimized with the Yoast SEO plugin v26.9 - https://yoast.com/product/yoast-seo-wordpress/ -->
<title>Bioética y Humanización en Odontología - Centro de Bioética</title>
<meta name="robots" content="index, follow, max-snippet:-1, max-image-preview:large, max-video-preview:-1" />
<link rel="canonical" href="https://medicina.udd.cl/centro-bioetica/eventos/bioetica-y-humanizacion-en-odontologia/" />
<meta property="og:locale" content="es_ES" />
<meta property="og:type" content="article" />
<meta property="og:title" content="Bioética y Humanización en Odontología - Centro de Bioética" />
<meta property="og:description" content="Se realizará en el Aula Magna el viernes 26 y el sábado 27 de junio." />
<meta property="og:url" content="https://medicina.udd.cl/centro-bioetica/eventos/bioetica-y-humanizacion-en-odontologia/" />
<meta property="og:site_name" content="Centro de Bioética" />
<meta property="article:modified_time" content="2022-07-07T22:30:45+00:00" />
<script type="application/ld+json" class="yoast-schema-graph">{"@context":"https://schema.org","@graph":[{"@type":"WebPage","@id":"https://medicina.udd.cl/centro-bioetica/eventos/bioetica-y-humanizacion-en-odontologia/","url":"https://medicina.udd.cl/centro-bioetica/eventos/bioetica-y-humanizacion-en-odontologia/","name":"Bioética y Humanización en Odontología - Centro de Bioética","isPartOf":{"@id":"https://medicina.udd.cl/centro-bioetica/#website"},"datePublished":"2015-01-16T18:59:03+00:00","dateModified":"2022-07-07T22:30:45+00:00","breadcrumb":{"@id":"https://medicina.udd.cl/centro-bioetica/eventos/bioetica-y-humanizacion-en-odontologia/#breadcrumb"},"inLanguage":"es","potentialAction":[{"@type":"ReadAction","target":["https://medicina.udd.cl/centro-bioetica/eventos/bioetica-y-humanizacion-en-odontologia/"]}]},{"@type":"BreadcrumbList","@id":"https://medicina.udd.cl/centro-bioetica/eventos/bioetica-y-humanizacion-en-odontologia/#breadcrumb","itemListElement":[{"@type":"ListItem","position":1,"name":"Inicio","item":"https://medicina.udd.cl/centro-bioetica/"},{"@type":"ListItem","position":2,"name":"Eventos","item":"https://medicina.udd.cl/centro-bioetica/eventos/"},{"@type":"ListItem","position":3,"name":"Bioética y Humanización en Odontología"}]},{"@type":"WebSite","@id":"https://medicina.udd.cl/centro-bioetica/#website","url":"https://medicina.udd.cl/centro-bioetica/","name":"Centro de Bioética","description":"Universidad del Desarrollo","inLanguage":"es"}]}</script>
<!-- / Yoast SEO plugin. -->

Bioética y Humanización en Odontología - Centro de Bioética

Se realizará en el Aula Magna el viernes 26 y el sábado 27 de junio.

Centro de Bioética
