{"id":1014,"date":"2011-03-07T10:34:34","date_gmt":"2011-03-07T13:34:34","guid":{"rendered":"http:\/\/medicina.udd.cl\/centro-bioetica\/"},"modified":"2015-08-31T15:36:13","modified_gmt":"2015-08-31T18:36:13","slug":"dialogos-bioeticos-2011","status":"publish","type":"page","link":"https:\/\/medicina.udd.cl\/centro-bioetica\/dialogos-bioeticos\/dialogos-bioeticos-2011\/","title":{"rendered":"Di\u00e1logos Bio\u00e9ticos 2011"},"content":{"rendered":"<p>Marzo\u00a016:<br \/>\n<strong>\u00abAborto terap\u00e9utico\u00bb<\/strong><br \/>\nPresenta: Juan Pablo Beca, Ricardo von Muhlenbrock y\u00a0Alejandra Vald\u00e9s<br \/>\n<a href=\"http:\/\/medicina.udd.cl\/centro-bioetica\/2011\/03\/18\/hablemos-del-aborto\/\">Descargue resumen<\/a><br \/>\nPara ver el video, descargue <a href=\"http:\/\/www.savalnet.cl\/educacionmedica\/cursosycongresos\/20110316_12316\/\">aqu\u00ed<\/a><\/p>\n<p>Abril\u00a013:<br \/>\n<strong>\u00abAn\u00e1lisis \u00e9tico de los programas de vacunaci\u00f3n\u00bb<\/strong><br \/>\n<a href=\"http:\/\/medicina.udd.cl\/centro-bioetica\/2011\/05\/26\/analisis-etico-de-los-programas-de-vacunacion\/\">Descargue resumen<br \/>\n<\/a>Presenta: Jaime Burrows<br \/>\nPara ver el video, descargue <a href=\"http:\/\/www.savalnet.cl\/educacionmedica\/cursosycongresos\/20110316_12316\/\">aqu\u00ed<\/a><\/p>\n<p>Mayo 11:<br \/>\n<strong>\u00abDiagn\u00f3stico prenatal\u00bb<\/strong><br \/>\nPresenta: Carmen Astete<br \/>\nPara ver el video, descargue a<a href=\"http:\/\/www.savalnet.cl\/educacionmedica\/cursosycongresos\/20110316_12316\/\">qu\u00ed<\/a><\/p>\n<p>Junio 8:<br \/>\n<strong>\u00abLos estudiantes de medicina como parte del equipo de salud\u00bb<\/strong><br \/>\nPresenta: Mar\u00eda In\u00e9s\u00a0G\u00f3mez<br \/>\nPara ver el video, descargue <a href=\"http:\/\/www.savalnet.cl\/educacionmedica\/cursosycongresos\/20110316_12316\/\">aqu\u00ed<\/a><\/p>\n<p>Agosto 10:<br \/>\n<strong>\u00abFormaci\u00f3n \u00e9tica de los profesionales de la salud\u00bb<\/strong><br \/>\nPresenta: J.P. Beca, J. Y\u00e1\u00f1ez, S. Salas<br \/>\nPara ver el video, descargue <a href=\"http:\/\/www.savalnet.cl\/educacionmedica\/cursosycongresos\/20110316_12316\/\">aqu\u00ed<\/a><\/p>\n<p>Septiembre 7:<br \/>\n<strong>\u00abHuelga de Hambre, una mirada desde la Bio\u00e9tica\u00bb<\/strong><br \/>\nPresenta: Alejandro Koppmann<br \/>\nPara ver el video, descargue <a href=\"http:\/\/www.savalnet.cl\/educacionmedica\/cursosycongresos\/20110316_12316\/\">aqu\u00ed<\/a><\/p>\n<p>Octubre 12:<br \/>\n<strong>\u00abBio\u00e9tica global\u00bb<\/strong><br \/>\nPresenta:\u00a0Lorna Luco<br \/>\nPara ver el video, descargue <a href=\"http:\/\/www.savalnet.cl\/educacionmedica\/cursosycongresos\/20110316_12316\/\">aqu\u00ed<\/a><\/p>\n<p>Noviembre 9:<br \/>\n<strong>\u00abLa realidad del consentimiento informado en la pr\u00e1ctica cl\u00ednica\u00bb<\/strong><br \/>\nPresenta: \u00a0Alejandra Vald\u00e9s y\u00a0 Pamela Ch\u00e1vez<br \/>\n<a href=\"http:\/\/medicina.udd.cl\/centro-bioetica\/files\/2011\/03\/Consentimiento-informado-en-la-pr\u00e1ctica-cl\u00ednica.pdf\">Material de apoyo<\/a><\/p>\n<p><a href=\"http:\/\/medicina.udd.cl\/centro-bioetica\/files\/2011\/03\/Presentaci\u00f3n.pdf\">Presentaci\u00f3n<\/a><\/p>\n<p>Diciembre 14:<br \/>\n<strong>\u00abToma de decisiones cl\u00ednicas al final de la vida\u00bb<\/strong><br \/>\nJuan Pablo Beca<br \/>\nPara ver el video, descargue<a href=\"http:\/\/www.savalnet.cl\/educacionmedica\/cursosycongresos\/20110316_12316\/\"> aqu\u00ed<\/a><\/p>\n","protected":false},"excerpt":{"rendered":"<p>Revisa los encuentros de 2011.<\/p>\n","protected":false},"author":1,"featured_media":0,"parent":226,"menu_order":2,"comment_status":"open","ping_status":"closed","template":"","meta":{"footnotes":""},"class_list":["post-1014","page","type-page","status-publish","hentry"],"yoast_head":"<!-- This site is optimized with the Yoast SEO plugin v26.9 - https:\/\/yoast.com\/product\/yoast-seo-wordpress\/ -->\n<title>Di\u00e1logos Bio\u00e9ticos 2011 - Centro de Bio\u00e9tica<\/title>\n<meta name=\"robots\" content=\"index, follow, max-snippet:-1, max-image-preview:large, max-video-preview:-1\" \/>\n<link rel=\"canonical\" href=\"https:\/\/medicina.udd.cl\/centro-bioetica\/dialogos-bioeticos\/dialogos-bioeticos-2011\/\" \/>\n<meta property=\"og:locale\" content=\"es_ES\" \/>\n<meta property=\"og:type\" content=\"article\" \/>\n<meta property=\"og:title\" content=\"Di\u00e1logos Bio\u00e9ticos 2011 - Centro de Bio\u00e9tica\" \/>\n<meta property=\"og:description\" content=\"Revisa los encuentros de 2011.\" \/>\n<meta property=\"og:url\" content=\"https:\/\/medicina.udd.cl\/centro-bioetica\/dialogos-bioeticos\/dialogos-bioeticos-2011\/\" \/>\n<meta property=\"og:site_name\" content=\"Centro de Bio\u00e9tica\" \/>\n<meta property=\"article:modified_time\" content=\"2015-08-31T18:36:13+00:00\" \/>\n<meta name=\"twitter:label1\" content=\"Tiempo de lectura\" \/>\n\t<meta name=\"twitter:data1\" content=\"1 minuto\" \/>\n<script type=\"application\/ld+json\" class=\"yoast-schema-graph\">{\"@context\":\"https:\/\/schema.org\",\"@graph\":[{\"@type\":\"WebPage\",\"@id\":\"https:\/\/medicina.udd.cl\/centro-bioetica\/dialogos-bioeticos\/dialogos-bioeticos-2011\/\",\"url\":\"https:\/\/medicina.udd.cl\/centro-bioetica\/dialogos-bioeticos\/dialogos-bioeticos-2011\/\",\"name\":\"Di\u00e1logos Bio\u00e9ticos 2011 - Centro de Bio\u00e9tica\",\"isPartOf\":{\"@id\":\"https:\/\/medicina.udd.cl\/centro-bioetica\/#website\"},\"datePublished\":\"2011-03-07T13:34:34+00:00\",\"dateModified\":\"2015-08-31T18:36:13+00:00\",\"breadcrumb\":{\"@id\":\"https:\/\/medicina.udd.cl\/centro-bioetica\/dialogos-bioeticos\/dialogos-bioeticos-2011\/#breadcrumb\"},\"inLanguage\":\"es\",\"potentialAction\":[{\"@type\":\"ReadAction\",\"target\":[\"https:\/\/medicina.udd.cl\/centro-bioetica\/dialogos-bioeticos\/dialogos-bioeticos-2011\/\"]}]},{\"@type\":\"BreadcrumbList\",\"@id\":\"https:\/\/medicina.udd.cl\/centro-bioetica\/dialogos-bioeticos\/dialogos-bioeticos-2011\/#breadcrumb\",\"itemListElement\":[{\"@type\":\"ListItem\",\"position\":1,\"name\":\"Inicio\",\"item\":\"https:\/\/medicina.udd.cl\/centro-bioetica\/\"},{\"@type\":\"ListItem\",\"position\":2,\"name\":\"Di\u00e1logos Bio\u00e9ticos\",\"item\":\"https:\/\/medicina.udd.cl\/centro-bioetica\/dialogos-bioeticos\/\"},{\"@type\":\"ListItem\",\"position\":3,\"name\":\"Di\u00e1logos Bio\u00e9ticos 2011\"}]},{\"@type\":\"WebSite\",\"@id\":\"https:\/\/medicina.udd.cl\/centro-bioetica\/#website\",\"url\":\"https:\/\/medicina.udd.cl\/centro-bioetica\/\",\"name\":\"Centro de Bio\u00e9tica\",\"description\":\"Universidad del Desarrollo\",\"inLanguage\":\"es\"}]}<\/script>\n<!-- \/ Yoast SEO plugin. -->","yoast_head_json":{"title":"Di\u00e1logos Bio\u00e9ticos 2011 - Centro de Bio\u00e9tica","robots":{"index":"index","follow":"follow","max-snippet":"max-snippet:-1","max-image-preview":"max-image-preview:large","max-video-preview":"max-video-preview:-1"},"canonical":"https:\/\/medicina.udd.cl\/centro-bioetica\/dialogos-bioeticos\/dialogos-bioeticos-2011\/","og_locale":"es_ES","og_type":"article","og_title":"Di\u00e1logos Bio\u00e9ticos 2011 - Centro de Bio\u00e9tica","og_description":"Revisa los encuentros de 2011.","og_url":"https:\/\/medicina.udd.cl\/centro-bioetica\/dialogos-bioeticos\/dialogos-bioeticos-2011\/","og_site_name":"Centro de Bio\u00e9tica","article_modified_time":"2015-08-31T18:36:13+00:00","twitter_misc":{"Tiempo de lectura":"1 minuto"},"schema":{"@context":"https:\/\/schema.org","@graph":[{"@type":"WebPage","@id":"https:\/\/medicina.udd.cl\/centro-bioetica\/dialogos-bioeticos\/dialogos-bioeticos-2011\/","url":"https:\/\/medicina.udd.cl\/centro-bioetica\/dialogos-bioeticos\/dialogos-bioeticos-2011\/","name":"Di\u00e1logos Bio\u00e9ticos 2011 - Centro de Bio\u00e9tica","isPartOf":{"@id":"https:\/\/medicina.udd.cl\/centro-bioetica\/#website"},"datePublished":"2011-03-07T13:34:34+00:00","dateModified":"2015-08-31T18:36:13+00:00","breadcrumb":{"@id":"https:\/\/medicina.udd.cl\/centro-bioetica\/dialogos-bioeticos\/dialogos-bioeticos-2011\/#breadcrumb"},"inLanguage":"es","potentialAction":[{"@type":"ReadAction","target":["https:\/\/medicina.udd.cl\/centro-bioetica\/dialogos-bioeticos\/dialogos-bioeticos-2011\/"]}]},{"@type":"BreadcrumbList","@id":"https:\/\/medicina.udd.cl\/centro-bioetica\/dialogos-bioeticos\/dialogos-bioeticos-2011\/#breadcrumb","itemListElement":[{"@type":"ListItem","position":1,"name":"Inicio","item":"https:\/\/medicina.udd.cl\/centro-bioetica\/"},{"@type":"ListItem","position":2,"name":"Di\u00e1logos Bio\u00e9ticos","item":"https:\/\/medicina.udd.cl\/centro-bioetica\/dialogos-bioeticos\/"},{"@type":"ListItem","position":3,"name":"Di\u00e1logos Bio\u00e9ticos 2011"}]},{"@type":"WebSite","@id":"https:\/\/medicina.udd.cl\/centro-bioetica\/#website","url":"https:\/\/medicina.udd.cl\/centro-bioetica\/","name":"Centro de Bio\u00e9tica","description":"Universidad del Desarrollo","inLanguage":"es"}]}},"_links":{"self":[{"href":"https:\/\/medicina.udd.cl\/centro-bioetica\/wp-json\/wp\/v2\/pages\/1014","targetHints":{"allow":["GET"]}}],"collection":[{"href":"https:\/\/medicina.udd.cl\/centro-bioetica\/wp-json\/wp\/v2\/pages"}],"about":[{"href":"https:\/\/medicina.udd.cl\/centro-bioetica\/wp-json\/wp\/v2\/types\/page"}],"author":[{"embeddable":true,"href":"https:\/\/medicina.udd.cl\/centro-bioetica\/wp-json\/wp\/v2\/users\/1"}],"replies":[{"embeddable":true,"href":"https:\/\/medicina.udd.cl\/centro-bioetica\/wp-json\/wp\/v2\/comments?post=1014"}],"version-history":[{"count":20,"href":"https:\/\/medicina.udd.cl\/centro-bioetica\/wp-json\/wp\/v2\/pages\/1014\/revisions"}],"predecessor-version":[{"id":3409,"href":"https:\/\/medicina.udd.cl\/centro-bioetica\/wp-json\/wp\/v2\/pages\/1014\/revisions\/3409"}],"up":[{"embeddable":true,"href":"https:\/\/medicina.udd.cl\/centro-bioetica\/wp-json\/wp\/v2\/pages\/226"}],"wp:attachment":[{"href":"https:\/\/medicina.udd.cl\/centro-bioetica\/wp-json\/wp\/v2\/media?parent=1014"}],"curies":[{"name":"wp","href":"https:\/\/api.w.org\/{rel}","templated":true}]}}