{"id":1292,"date":"2012-01-24T11:12:50","date_gmt":"2012-01-24T14:12:50","guid":{"rendered":"http:\/\/medicina.udd.cl\/centro-bioetica\/"},"modified":"2015-08-31T15:34:29","modified_gmt":"2015-08-31T18:34:29","slug":"dialogos-bioeticos-2012","status":"publish","type":"page","link":"https:\/\/medicina.udd.cl\/centro-bioetica\/dialogos-bioeticos\/dialogos-bioeticos-2012\/","title":{"rendered":"Di\u00e1logos Bio\u00e9ticos 2012"},"content":{"rendered":"<p>Marzo 14:<br \/>\n<strong>Ley derechos del paciente: \u00bfes un avance?<\/strong><br \/>\nPresenta: Dr. Jaime Burrows<\/p>\n<p><a href=\"http:\/\/www.savalnet.cl\/educacionmedica\/cursosycongresos\/20120509_12337\/\">Ver video <\/a><\/p>\n<p>Abril 11:<br \/>\n<strong>Enfrentamiento de la muerte<\/strong><br \/>\nPresenta: Dr. Alejandro Koppmann<\/p>\n<p><a href=\"http:\/\/www.savalnet.cl\/educacionmedica\/cursosycongresos\/20120509_12337\/\">Ver video<\/a><\/p>\n<p>Mayo 9:<br \/>\n<strong>Problemas \u00e9ticos en\u00a0cirug\u00eda pl\u00e1stica<\/strong><br \/>\nPresenta: Dr. Miguel \u00c1ngel Rojas<\/p>\n<p><a href=\"http:\/\/www.savalnet.cl\/educacionmedica\/cursosycongresos\/20120509_12337\/\">Ver video<\/a><\/p>\n<p>Junio 13:<br \/>\n<strong>Problemas \u00e9ticos en transg\u00e9nicos<\/strong><br \/>\nPresenta: Alberto Lecaros<\/p>\n<p><a href=\"http:\/\/www.savalnet.cl\/educacionmedica\/cursosycongresos\/20120509_12337\/\">Ver video<\/a><\/p>\n<p>Julio 11:<br \/>\n<strong>Qu\u00e9 es trabajar en equipo en salud<\/strong><br \/>\nPresenta: Klgo. Juan Y\u00e1\u00f1ez<\/p>\n<p><a href=\"http:\/\/www.savalnet.cl\/educacionmedica\/cursosycongresos\/20120509_12337\/\">Ver video<\/a><\/p>\n<p>Agosto 8:<br \/>\n<strong>Modelos\u00a0 de ense\u00f1anza de Bio\u00e9tica<\/strong><br \/>\nPresenta: Pablo Rodr\u00edguez del Pozo<\/p>\n<p><a href=\"http:\/\/www.savalnet.cl\/educacionmedica\/cursosycongresos\/20120509_12337\/\">Ver video<\/a><\/p>\n<p>Septiembre 5:<br \/>\n<strong>Informaci\u00f3n prenatal<\/strong><br \/>\nPresenta: Dra. Carmen Astete<\/p>\n<p><a href=\"http:\/\/www.savalnet.cl\/educacionmedica\/cursosycongresos\/20120509_12337\/\">Ver video<\/a><\/p>\n<p>Octubre 3:<br \/>\n<strong>Neonatolog\u00eda<\/strong><br \/>\nPresenta: Dr. Andr\u00e9s Maturana<\/p>\n<p><a href=\"http:\/\/www.savalnet.cl\/educacionmedica\/cursosycongresos\/20120509_12337\/\">Ver video<\/a><\/p>\n<p>Diciembre 11:<\/p>\n<p><strong>Cuidado Espiritual de los Enfermos<\/strong><\/p>\n<p>Presenta: Dr. Juan Pablo Beca<\/p>\n<p><a href=\"http:\/\/www.savalnet.cl\/educacionmedica\/cursosycongresos\/20120509_12337\/\">Ver video<\/a><\/p>\n<p>Diciembre 13:<\/p>\n<p><strong>La ley N\u00b020.584 sobre deberes y derechos de los pacientes desde la perspectiva bio\u00e9tica<\/strong><br \/>\nPresenta: Profesor Alberto Lecaros<\/p>\n<p><a href=\"http:\/\/www.savalnet.cl\/educacionmedica\/cursosycongresos\/20120509_12337\/\">Ver video<\/a><\/p>\n<p>Diciembre 13:<\/p>\n<p><strong>Tratamiento del desacuerdo entre el paciente y el m\u00e9dico<\/strong><br \/>\nPresenta: Abogado Antonio Bascu\u00f1\u00e1n<\/p>\n<p><a href=\"http:\/\/www.savalnet.cl\/educacionmedica\/cursosycongresos\/20120509_12337\/\">Ver video<\/a><\/p>\n","protected":false},"excerpt":{"rendered":"<p>Revisa los temas tratados durante el 2012.<\/p>\n","protected":false},"author":1,"featured_media":0,"parent":226,"menu_order":1,"comment_status":"open","ping_status":"open","template":"","meta":{"footnotes":""},"class_list":["post-1292","page","type-page","status-publish","hentry"],"yoast_head":"<!-- This site is optimized with the Yoast SEO plugin v26.9 - https:\/\/yoast.com\/product\/yoast-seo-wordpress\/ -->\n<title>Di\u00e1logos Bio\u00e9ticos 2012 - Centro de Bio\u00e9tica<\/title>\n<meta name=\"robots\" content=\"index, follow, max-snippet:-1, max-image-preview:large, max-video-preview:-1\" \/>\n<link rel=\"canonical\" href=\"https:\/\/medicina.udd.cl\/centro-bioetica\/dialogos-bioeticos\/dialogos-bioeticos-2012\/\" \/>\n<meta property=\"og:locale\" content=\"es_ES\" \/>\n<meta property=\"og:type\" content=\"article\" \/>\n<meta property=\"og:title\" content=\"Di\u00e1logos Bio\u00e9ticos 2012 - Centro de Bio\u00e9tica\" \/>\n<meta property=\"og:description\" content=\"Revisa los temas tratados durante el 2012.\" \/>\n<meta property=\"og:url\" content=\"https:\/\/medicina.udd.cl\/centro-bioetica\/dialogos-bioeticos\/dialogos-bioeticos-2012\/\" \/>\n<meta property=\"og:site_name\" content=\"Centro de Bio\u00e9tica\" \/>\n<meta property=\"article:modified_time\" content=\"2015-08-31T18:34:29+00:00\" \/>\n<meta name=\"twitter:label1\" content=\"Tiempo de lectura\" \/>\n\t<meta name=\"twitter:data1\" content=\"1 minuto\" \/>\n<script type=\"application\/ld+json\" class=\"yoast-schema-graph\">{\"@context\":\"https:\/\/schema.org\",\"@graph\":[{\"@type\":\"WebPage\",\"@id\":\"https:\/\/medicina.udd.cl\/centro-bioetica\/dialogos-bioeticos\/dialogos-bioeticos-2012\/\",\"url\":\"https:\/\/medicina.udd.cl\/centro-bioetica\/dialogos-bioeticos\/dialogos-bioeticos-2012\/\",\"name\":\"Di\u00e1logos Bio\u00e9ticos 2012 - Centro de Bio\u00e9tica\",\"isPartOf\":{\"@id\":\"https:\/\/medicina.udd.cl\/centro-bioetica\/#website\"},\"datePublished\":\"2012-01-24T14:12:50+00:00\",\"dateModified\":\"2015-08-31T18:34:29+00:00\",\"breadcrumb\":{\"@id\":\"https:\/\/medicina.udd.cl\/centro-bioetica\/dialogos-bioeticos\/dialogos-bioeticos-2012\/#breadcrumb\"},\"inLanguage\":\"es\",\"potentialAction\":[{\"@type\":\"ReadAction\",\"target\":[\"https:\/\/medicina.udd.cl\/centro-bioetica\/dialogos-bioeticos\/dialogos-bioeticos-2012\/\"]}]},{\"@type\":\"BreadcrumbList\",\"@id\":\"https:\/\/medicina.udd.cl\/centro-bioetica\/dialogos-bioeticos\/dialogos-bioeticos-2012\/#breadcrumb\",\"itemListElement\":[{\"@type\":\"ListItem\",\"position\":1,\"name\":\"Inicio\",\"item\":\"https:\/\/medicina.udd.cl\/centro-bioetica\/\"},{\"@type\":\"ListItem\",\"position\":2,\"name\":\"Di\u00e1logos Bio\u00e9ticos\",\"item\":\"https:\/\/medicina.udd.cl\/centro-bioetica\/dialogos-bioeticos\/\"},{\"@type\":\"ListItem\",\"position\":3,\"name\":\"Di\u00e1logos Bio\u00e9ticos 2012\"}]},{\"@type\":\"WebSite\",\"@id\":\"https:\/\/medicina.udd.cl\/centro-bioetica\/#website\",\"url\":\"https:\/\/medicina.udd.cl\/centro-bioetica\/\",\"name\":\"Centro de Bio\u00e9tica\",\"description\":\"Universidad del Desarrollo\",\"inLanguage\":\"es\"}]}<\/script>\n<!-- \/ Yoast SEO plugin. -->","yoast_head_json":{"title":"Di\u00e1logos Bio\u00e9ticos 2012 - Centro de Bio\u00e9tica","robots":{"index":"index","follow":"follow","max-snippet":"max-snippet:-1","max-image-preview":"max-image-preview:large","max-video-preview":"max-video-preview:-1"},"canonical":"https:\/\/medicina.udd.cl\/centro-bioetica\/dialogos-bioeticos\/dialogos-bioeticos-2012\/","og_locale":"es_ES","og_type":"article","og_title":"Di\u00e1logos Bio\u00e9ticos 2012 - Centro de Bio\u00e9tica","og_description":"Revisa los temas tratados durante el 2012.","og_url":"https:\/\/medicina.udd.cl\/centro-bioetica\/dialogos-bioeticos\/dialogos-bioeticos-2012\/","og_site_name":"Centro de Bio\u00e9tica","article_modified_time":"2015-08-31T18:34:29+00:00","twitter_misc":{"Tiempo de lectura":"1 minuto"},"schema":{"@context":"https:\/\/schema.org","@graph":[{"@type":"WebPage","@id":"https:\/\/medicina.udd.cl\/centro-bioetica\/dialogos-bioeticos\/dialogos-bioeticos-2012\/","url":"https:\/\/medicina.udd.cl\/centro-bioetica\/dialogos-bioeticos\/dialogos-bioeticos-2012\/","name":"Di\u00e1logos Bio\u00e9ticos 2012 - Centro de Bio\u00e9tica","isPartOf":{"@id":"https:\/\/medicina.udd.cl\/centro-bioetica\/#website"},"datePublished":"2012-01-24T14:12:50+00:00","dateModified":"2015-08-31T18:34:29+00:00","breadcrumb":{"@id":"https:\/\/medicina.udd.cl\/centro-bioetica\/dialogos-bioeticos\/dialogos-bioeticos-2012\/#breadcrumb"},"inLanguage":"es","potentialAction":[{"@type":"ReadAction","target":["https:\/\/medicina.udd.cl\/centro-bioetica\/dialogos-bioeticos\/dialogos-bioeticos-2012\/"]}]},{"@type":"BreadcrumbList","@id":"https:\/\/medicina.udd.cl\/centro-bioetica\/dialogos-bioeticos\/dialogos-bioeticos-2012\/#breadcrumb","itemListElement":[{"@type":"ListItem","position":1,"name":"Inicio","item":"https:\/\/medicina.udd.cl\/centro-bioetica\/"},{"@type":"ListItem","position":2,"name":"Di\u00e1logos Bio\u00e9ticos","item":"https:\/\/medicina.udd.cl\/centro-bioetica\/dialogos-bioeticos\/"},{"@type":"ListItem","position":3,"name":"Di\u00e1logos Bio\u00e9ticos 2012"}]},{"@type":"WebSite","@id":"https:\/\/medicina.udd.cl\/centro-bioetica\/#website","url":"https:\/\/medicina.udd.cl\/centro-bioetica\/","name":"Centro de Bio\u00e9tica","description":"Universidad del Desarrollo","inLanguage":"es"}]}},"_links":{"self":[{"href":"https:\/\/medicina.udd.cl\/centro-bioetica\/wp-json\/wp\/v2\/pages\/1292","targetHints":{"allow":["GET"]}}],"collection":[{"href":"https:\/\/medicina.udd.cl\/centro-bioetica\/wp-json\/wp\/v2\/pages"}],"about":[{"href":"https:\/\/medicina.udd.cl\/centro-bioetica\/wp-json\/wp\/v2\/types\/page"}],"author":[{"embeddable":true,"href":"https:\/\/medicina.udd.cl\/centro-bioetica\/wp-json\/wp\/v2\/users\/1"}],"replies":[{"embeddable":true,"href":"https:\/\/medicina.udd.cl\/centro-bioetica\/wp-json\/wp\/v2\/comments?post=1292"}],"version-history":[{"count":26,"href":"https:\/\/medicina.udd.cl\/centro-bioetica\/wp-json\/wp\/v2\/pages\/1292\/revisions"}],"predecessor-version":[{"id":3005,"href":"https:\/\/medicina.udd.cl\/centro-bioetica\/wp-json\/wp\/v2\/pages\/1292\/revisions\/3005"}],"up":[{"embeddable":true,"href":"https:\/\/medicina.udd.cl\/centro-bioetica\/wp-json\/wp\/v2\/pages\/226"}],"wp:attachment":[{"href":"https:\/\/medicina.udd.cl\/centro-bioetica\/wp-json\/wp\/v2\/media?parent=1292"}],"curies":[{"name":"wp","href":"https:\/\/api.w.org\/{rel}","templated":true}]}}