{"id":136,"date":"2010-06-29T09:42:50","date_gmt":"2010-06-29T13:42:50","guid":{"rendered":"http:\/\/medicina.udd.cl\/centro-bioetica\/curso-de-iniciacion-y-fundamentacion-de-la-bioetica\/"},"modified":"2010-08-10T09:55:49","modified_gmt":"2010-08-10T13:55:49","slug":"curso-de-iniciacion-y-fundamentacion-de-la-bioetica","status":"publish","type":"page","link":"https:\/\/medicina.udd.cl\/centro-bioetica\/curso-de-iniciacion-y-fundamentacion-de-la-bioetica\/","title":{"rendered":"Curso de Iniciaci\u00f3n y Fundamentaci\u00f3n de la Bio\u00e9tica"},"content":{"rendered":"<p style=\"text-align: justify\">Este curso, <strong>organizado por el\u00a0<\/strong><span style=\"font-size: x-small\"><strong>Institut Borja de Bioetica<\/strong>, <\/span>te proporcionar\u00e1 una formaci\u00f3n b\u00e1sica para la bio\u00e9tica cl\u00ednica, con conocimientos espec\u00edficos y complementarios a tu pr\u00e1ctica profesional, permitiendo una toma de contacto con esta interesante disciplina.<\/p>\n<p style=\"text-align: justify\">Para m\u00e1s informaci\u00f3n descargue documento adjunto: <a href=\"http:\/\/medicina.udd.cl\/centro-bioetica\/files\/2010\/06\/Curso.pdf\">Descargar programa<\/a>\u00a0o ingrese directamente a la p\u00e1gina del organizador:\u00a0<a href=\"http:\/\/www.ibbioetica.org\/es\/\"><span style=\"text-decoration: underline\"><span style=\"font-size: x-small;color: #0000ff\"><span style=\"font-size: x-small;color: #0000ff\">http:\/\/www.ibbioetica.org\/es\/<\/span><\/span><\/span><\/a><\/p>\n","protected":false},"excerpt":{"rendered":"<p>El curso se impartir\u00e1 desde el 4 de octubre hasta el 1 de diciembre de 2010.<\/p>\n","protected":false},"author":1,"featured_media":0,"parent":0,"menu_order":0,"comment_status":"open","ping_status":"open","template":"","meta":{"footnotes":""},"class_list":["post-136","page","type-page","status-publish","hentry"],"yoast_head":"<!-- This site is optimized with the Yoast SEO plugin v26.9 - https:\/\/yoast.com\/product\/yoast-seo-wordpress\/ -->\n<title>Curso de Iniciaci\u00f3n y Fundamentaci\u00f3n de la Bio\u00e9tica - Centro de Bio\u00e9tica<\/title>\n<meta name=\"robots\" content=\"index, follow, max-snippet:-1, max-image-preview:large, max-video-preview:-1\" \/>\n<link rel=\"canonical\" href=\"https:\/\/medicina.udd.cl\/centro-bioetica\/curso-de-iniciacion-y-fundamentacion-de-la-bioetica\/\" \/>\n<meta property=\"og:locale\" content=\"es_ES\" \/>\n<meta property=\"og:type\" content=\"article\" \/>\n<meta property=\"og:title\" content=\"Curso de Iniciaci\u00f3n y Fundamentaci\u00f3n de la Bio\u00e9tica - Centro de Bio\u00e9tica\" \/>\n<meta property=\"og:description\" content=\"El curso se impartir\u00e1 desde el 4 de octubre hasta el 1 de diciembre de 2010.\" \/>\n<meta property=\"og:url\" content=\"https:\/\/medicina.udd.cl\/centro-bioetica\/curso-de-iniciacion-y-fundamentacion-de-la-bioetica\/\" \/>\n<meta property=\"og:site_name\" content=\"Centro de Bio\u00e9tica\" \/>\n<meta property=\"article:modified_time\" content=\"2010-08-10T13:55:49+00:00\" \/>\n<script type=\"application\/ld+json\" class=\"yoast-schema-graph\">{\"@context\":\"https:\/\/schema.org\",\"@graph\":[{\"@type\":\"WebPage\",\"@id\":\"https:\/\/medicina.udd.cl\/centro-bioetica\/curso-de-iniciacion-y-fundamentacion-de-la-bioetica\/\",\"url\":\"https:\/\/medicina.udd.cl\/centro-bioetica\/curso-de-iniciacion-y-fundamentacion-de-la-bioetica\/\",\"name\":\"Curso de Iniciaci\u00f3n y Fundamentaci\u00f3n de la Bio\u00e9tica - Centro de Bio\u00e9tica\",\"isPartOf\":{\"@id\":\"https:\/\/medicina.udd.cl\/centro-bioetica\/#website\"},\"datePublished\":\"2010-06-29T13:42:50+00:00\",\"dateModified\":\"2010-08-10T13:55:49+00:00\",\"breadcrumb\":{\"@id\":\"https:\/\/medicina.udd.cl\/centro-bioetica\/curso-de-iniciacion-y-fundamentacion-de-la-bioetica\/#breadcrumb\"},\"inLanguage\":\"es\",\"potentialAction\":[{\"@type\":\"ReadAction\",\"target\":[\"https:\/\/medicina.udd.cl\/centro-bioetica\/curso-de-iniciacion-y-fundamentacion-de-la-bioetica\/\"]}]},{\"@type\":\"BreadcrumbList\",\"@id\":\"https:\/\/medicina.udd.cl\/centro-bioetica\/curso-de-iniciacion-y-fundamentacion-de-la-bioetica\/#breadcrumb\",\"itemListElement\":[{\"@type\":\"ListItem\",\"position\":1,\"name\":\"Inicio\",\"item\":\"https:\/\/medicina.udd.cl\/centro-bioetica\/\"},{\"@type\":\"ListItem\",\"position\":2,\"name\":\"Curso de Iniciaci\u00f3n y Fundamentaci\u00f3n de la Bio\u00e9tica\"}]},{\"@type\":\"WebSite\",\"@id\":\"https:\/\/medicina.udd.cl\/centro-bioetica\/#website\",\"url\":\"https:\/\/medicina.udd.cl\/centro-bioetica\/\",\"name\":\"Centro de Bio\u00e9tica\",\"description\":\"Universidad del Desarrollo\",\"inLanguage\":\"es\"}]}<\/script>\n<!-- \/ Yoast SEO plugin. -->","yoast_head_json":{"title":"Curso de Iniciaci\u00f3n y Fundamentaci\u00f3n de la Bio\u00e9tica - Centro de Bio\u00e9tica","robots":{"index":"index","follow":"follow","max-snippet":"max-snippet:-1","max-image-preview":"max-image-preview:large","max-video-preview":"max-video-preview:-1"},"canonical":"https:\/\/medicina.udd.cl\/centro-bioetica\/curso-de-iniciacion-y-fundamentacion-de-la-bioetica\/","og_locale":"es_ES","og_type":"article","og_title":"Curso de Iniciaci\u00f3n y Fundamentaci\u00f3n de la Bio\u00e9tica - Centro de Bio\u00e9tica","og_description":"El curso se impartir\u00e1 desde el 4 de octubre hasta el 1 de diciembre de 2010.","og_url":"https:\/\/medicina.udd.cl\/centro-bioetica\/curso-de-iniciacion-y-fundamentacion-de-la-bioetica\/","og_site_name":"Centro de Bio\u00e9tica","article_modified_time":"2010-08-10T13:55:49+00:00","schema":{"@context":"https:\/\/schema.org","@graph":[{"@type":"WebPage","@id":"https:\/\/medicina.udd.cl\/centro-bioetica\/curso-de-iniciacion-y-fundamentacion-de-la-bioetica\/","url":"https:\/\/medicina.udd.cl\/centro-bioetica\/curso-de-iniciacion-y-fundamentacion-de-la-bioetica\/","name":"Curso de Iniciaci\u00f3n y Fundamentaci\u00f3n de la Bio\u00e9tica - Centro de Bio\u00e9tica","isPartOf":{"@id":"https:\/\/medicina.udd.cl\/centro-bioetica\/#website"},"datePublished":"2010-06-29T13:42:50+00:00","dateModified":"2010-08-10T13:55:49+00:00","breadcrumb":{"@id":"https:\/\/medicina.udd.cl\/centro-bioetica\/curso-de-iniciacion-y-fundamentacion-de-la-bioetica\/#breadcrumb"},"inLanguage":"es","potentialAction":[{"@type":"ReadAction","target":["https:\/\/medicina.udd.cl\/centro-bioetica\/curso-de-iniciacion-y-fundamentacion-de-la-bioetica\/"]}]},{"@type":"BreadcrumbList","@id":"https:\/\/medicina.udd.cl\/centro-bioetica\/curso-de-iniciacion-y-fundamentacion-de-la-bioetica\/#breadcrumb","itemListElement":[{"@type":"ListItem","position":1,"name":"Inicio","item":"https:\/\/medicina.udd.cl\/centro-bioetica\/"},{"@type":"ListItem","position":2,"name":"Curso de Iniciaci\u00f3n y Fundamentaci\u00f3n de la Bio\u00e9tica"}]},{"@type":"WebSite","@id":"https:\/\/medicina.udd.cl\/centro-bioetica\/#website","url":"https:\/\/medicina.udd.cl\/centro-bioetica\/","name":"Centro de Bio\u00e9tica","description":"Universidad del Desarrollo","inLanguage":"es"}]}},"_links":{"self":[{"href":"https:\/\/medicina.udd.cl\/centro-bioetica\/wp-json\/wp\/v2\/pages\/136","targetHints":{"allow":["GET"]}}],"collection":[{"href":"https:\/\/medicina.udd.cl\/centro-bioetica\/wp-json\/wp\/v2\/pages"}],"about":[{"href":"https:\/\/medicina.udd.cl\/centro-bioetica\/wp-json\/wp\/v2\/types\/page"}],"author":[{"embeddable":true,"href":"https:\/\/medicina.udd.cl\/centro-bioetica\/wp-json\/wp\/v2\/users\/1"}],"replies":[{"embeddable":true,"href":"https:\/\/medicina.udd.cl\/centro-bioetica\/wp-json\/wp\/v2\/comments?post=136"}],"version-history":[{"count":5,"href":"https:\/\/medicina.udd.cl\/centro-bioetica\/wp-json\/wp\/v2\/pages\/136\/revisions"}],"predecessor-version":[{"id":2590,"href":"https:\/\/medicina.udd.cl\/centro-bioetica\/wp-json\/wp\/v2\/pages\/136\/revisions\/2590"}],"wp:attachment":[{"href":"https:\/\/medicina.udd.cl\/centro-bioetica\/wp-json\/wp\/v2\/media?parent=136"}],"curies":[{"name":"wp","href":"https:\/\/api.w.org\/{rel}","templated":true}]}}

Curso de Iniciación y Fundamentación de la Bioética

<p style="text-align: justify">Este curso, <strong>organizado por el </strong><span style="font-size: x-small"><strong>Institut Borja de Bioetica</strong>, </span>te proporcionará una formación básica para la bioética clínica, con conocimientos específicos y complementarios a tu práctica profesional, permitiendo una toma de contacto con esta interesante disciplina.</p>
<p style="text-align: justify">Para más información descargue documento adjunto: <a href="http://medicina.udd.cl/centro-bioetica/files/2010/06/Curso.pdf">Descargar programa</a> o ingrese directamente a la página del organizador: <a href="http://www.ibbioetica.org/es/"><span style="text-decoration: underline"><span style="font-size: x-small;color: #0000ff"><span style="font-size: x-small;color: #0000ff">http://www.ibbioetica.org/es/</span></span></span></a></p>

<p>El curso se impartirá desde el 4 de octubre hasta el 1 de diciembre de 2010.</p>

<!-- This site is optimized with the Yoast SEO plugin v26.9 - https://yoast.com/product/yoast-seo-wordpress/ -->
<title>Curso de Iniciación y Fundamentación de la Bioética - Centro de Bioética</title>
<meta name="robots" content="index, follow, max-snippet:-1, max-image-preview:large, max-video-preview:-1" />
<link rel="canonical" href="https://medicina.udd.cl/centro-bioetica/curso-de-iniciacion-y-fundamentacion-de-la-bioetica/" />
<meta property="og:locale" content="es_ES" />
<meta property="og:type" content="article" />
<meta property="og:title" content="Curso de Iniciación y Fundamentación de la Bioética - Centro de Bioética" />
<meta property="og:description" content="El curso se impartirá desde el 4 de octubre hasta el 1 de diciembre de 2010." />
<meta property="og:url" content="https://medicina.udd.cl/centro-bioetica/curso-de-iniciacion-y-fundamentacion-de-la-bioetica/" />
<meta property="og:site_name" content="Centro de Bioética" />
<meta property="article:modified_time" content="2010-08-10T13:55:49+00:00" />
<script type="application/ld+json" class="yoast-schema-graph">{"@context":"https://schema.org","@graph":[{"@type":"WebPage","@id":"https://medicina.udd.cl/centro-bioetica/curso-de-iniciacion-y-fundamentacion-de-la-bioetica/","url":"https://medicina.udd.cl/centro-bioetica/curso-de-iniciacion-y-fundamentacion-de-la-bioetica/","name":"Curso de Iniciación y Fundamentación de la Bioética - Centro de Bioética","isPartOf":{"@id":"https://medicina.udd.cl/centro-bioetica/#website"},"datePublished":"2010-06-29T13:42:50+00:00","dateModified":"2010-08-10T13:55:49+00:00","breadcrumb":{"@id":"https://medicina.udd.cl/centro-bioetica/curso-de-iniciacion-y-fundamentacion-de-la-bioetica/#breadcrumb"},"inLanguage":"es","potentialAction":[{"@type":"ReadAction","target":["https://medicina.udd.cl/centro-bioetica/curso-de-iniciacion-y-fundamentacion-de-la-bioetica/"]}]},{"@type":"BreadcrumbList","@id":"https://medicina.udd.cl/centro-bioetica/curso-de-iniciacion-y-fundamentacion-de-la-bioetica/#breadcrumb","itemListElement":[{"@type":"ListItem","position":1,"name":"Inicio","item":"https://medicina.udd.cl/centro-bioetica/"},{"@type":"ListItem","position":2,"name":"Curso de Iniciación y Fundamentación de la Bioética"}]},{"@type":"WebSite","@id":"https://medicina.udd.cl/centro-bioetica/#website","url":"https://medicina.udd.cl/centro-bioetica/","name":"Centro de Bioética","description":"Universidad del Desarrollo","inLanguage":"es"}]}</script>
<!-- / Yoast SEO plugin. -->

Curso de Iniciación y Fundamentación de la Bioética - Centro de Bioética

El curso se impartirá desde el 4 de octubre hasta el 1 de diciembre de 2010.

Centro de Bioética
