{"id":1401,"date":"2012-05-14T12:48:58","date_gmt":"2012-05-14T16:48:58","guid":{"rendered":"http:\/\/medicina.udd.cl\/centro-bioetica\/"},"modified":"2012-05-14T12:54:53","modified_gmt":"2012-05-14T16:54:53","slug":"novedades","status":"publish","type":"page","link":"https:\/\/medicina.udd.cl\/centro-bioetica\/novedades\/","title":{"rendered":"Novedades"},"content":{"rendered":"<p style=\"text-align: justify;\">El Centro de Bio\u00e9tica de la Facultad de Medicina Cl\u00ednica Alemana Universidad del Desarrollo tiene nuevas publicaciones en\u00a0<a href=\"http:\/\/medicina.udd.cl\/centro-bioetica\/publicaciones\/publicaciones-en-revistas\/\">revistas impresas<\/a> y\u00a0<a href=\"http:\/\/medicina.udd.cl\/centro-bioetica\/publicaciones\/publicaciones-electronicas\/\">electr\u00f3nicas<\/a>,\u00a0<a href=\"http:\/\/medicina.udd.cl\/centro-bioetica\/publicaciones\/inserciones-de-prensa\/\">inserciones en la prensa<\/a> y\u00a0<a href=\"http:\/\/medicina.udd.cl\/centro-bioetica\/publicaciones\/libros-y-capitulos-de-libros-2\/\">libros y cap\u00edtulos de libros<\/a> disponibles en la Biblioteca del centro ubicado en el campus Las Condes.<\/p>\n<p style=\"text-align: justify;\"><strong>Secciones destacadas:<\/strong><\/p>\n<p style=\"text-align: justify;\">Durante el a\u00f1o 2011, el equipo del Dr. Juan Pablo Beca, plante\u00f3 una nueva secci\u00f3n denominada\u00a0<strong>Casos para reflexionar<\/strong> que, incluso, han sido publicadas en revistas internacionales. Conoce los \u00faltimos n\u00fameros <a href=\"http:\/\/medicina.udd.cl\/centro-bioetica\/documentos\/casos-para-reflexionar\/\">aqu\u00ed<\/a>.<\/p>\n<p style=\"text-align: justify;\">En la <strong>prensa<\/strong> tambi\u00e9n hemos destacado noticias relacionadas a la bio\u00e9tica. Por ejemplo: \u00bfD\u00f3nde est\u00e1 el l\u00edmite? Pol\u00e9mica dieta que promete bajar en 10 dias el 10% del peso corporal mediante el uso de una sonda nasog\u00e1strica, nos habla de la transformaci\u00f3n de un instrumento m\u00e9dico en uno est\u00e9tico. Para leer m\u00e1s casos como este, te invitamos a conocer:\u00a0<a href=\"http:\/\/medicina.udd.cl\/centro-bioetica\/documentos\/bioetica-en-la-prensa\/\">Bio\u00e9tica en la prensa<\/a><\/p>\n","protected":false},"excerpt":{"rendered":"<p>El Centro de Bio\u00e9tica de la Facultad de Medicina Cl\u00ednica Alemana Universidad del Desarrollo tiene nuevas publicaciones en\u00a0revistas impresas y\u00a0electr\u00f3nicas,\u00a0inserciones en la prensa y\u00a0libros y cap\u00edtulos de libros disponibles en la Biblioteca del centro ubicado en el campus Las Condes. Secciones destacadas: Durante el a\u00f1o 2011, el equipo del Dr. Juan Pablo Beca, plante\u00f3 una [&hellip;]<\/p>\n","protected":false},"author":1,"featured_media":0,"parent":0,"menu_order":0,"comment_status":"open","ping_status":"open","template":"wide-default.php","meta":{"footnotes":""},"class_list":["post-1401","page","type-page","status-publish","hentry"],"yoast_head":"<!-- This site is optimized with the Yoast SEO plugin v26.9 - https:\/\/yoast.com\/product\/yoast-seo-wordpress\/ -->\n<title>Novedades - Centro de Bio\u00e9tica<\/title>\n<meta name=\"robots\" content=\"index, follow, max-snippet:-1, max-image-preview:large, max-video-preview:-1\" \/>\n<link rel=\"canonical\" href=\"https:\/\/medicina.udd.cl\/centro-bioetica\/novedades\/\" \/>\n<meta property=\"og:locale\" content=\"es_ES\" \/>\n<meta property=\"og:type\" content=\"article\" \/>\n<meta property=\"og:title\" content=\"Novedades - Centro de Bio\u00e9tica\" \/>\n<meta property=\"og:description\" content=\"El Centro de Bio\u00e9tica de la Facultad de Medicina Cl\u00ednica Alemana Universidad del Desarrollo tiene nuevas publicaciones en\u00a0revistas impresas y\u00a0electr\u00f3nicas,\u00a0inserciones en la prensa y\u00a0libros y cap\u00edtulos de libros disponibles en la Biblioteca del centro ubicado en el campus Las Condes. Secciones destacadas: Durante el a\u00f1o 2011, el equipo del Dr. Juan Pablo Beca, plante\u00f3 una [&hellip;]\" \/>\n<meta property=\"og:url\" content=\"https:\/\/medicina.udd.cl\/centro-bioetica\/novedades\/\" \/>\n<meta property=\"og:site_name\" content=\"Centro de Bio\u00e9tica\" \/>\n<meta property=\"article:modified_time\" content=\"2012-05-14T16:54:53+00:00\" \/>\n<meta name=\"twitter:label1\" content=\"Tiempo de lectura\" \/>\n\t<meta name=\"twitter:data1\" content=\"1 minuto\" \/>\n<script type=\"application\/ld+json\" class=\"yoast-schema-graph\">{\"@context\":\"https:\/\/schema.org\",\"@graph\":[{\"@type\":\"WebPage\",\"@id\":\"https:\/\/medicina.udd.cl\/centro-bioetica\/novedades\/\",\"url\":\"https:\/\/medicina.udd.cl\/centro-bioetica\/novedades\/\",\"name\":\"Novedades - Centro de Bio\u00e9tica\",\"isPartOf\":{\"@id\":\"https:\/\/medicina.udd.cl\/centro-bioetica\/#website\"},\"datePublished\":\"2012-05-14T16:48:58+00:00\",\"dateModified\":\"2012-05-14T16:54:53+00:00\",\"breadcrumb\":{\"@id\":\"https:\/\/medicina.udd.cl\/centro-bioetica\/novedades\/#breadcrumb\"},\"inLanguage\":\"es\",\"potentialAction\":[{\"@type\":\"ReadAction\",\"target\":[\"https:\/\/medicina.udd.cl\/centro-bioetica\/novedades\/\"]}]},{\"@type\":\"BreadcrumbList\",\"@id\":\"https:\/\/medicina.udd.cl\/centro-bioetica\/novedades\/#breadcrumb\",\"itemListElement\":[{\"@type\":\"ListItem\",\"position\":1,\"name\":\"Inicio\",\"item\":\"https:\/\/medicina.udd.cl\/centro-bioetica\/\"},{\"@type\":\"ListItem\",\"position\":2,\"name\":\"Novedades\"}]},{\"@type\":\"WebSite\",\"@id\":\"https:\/\/medicina.udd.cl\/centro-bioetica\/#website\",\"url\":\"https:\/\/medicina.udd.cl\/centro-bioetica\/\",\"name\":\"Centro de Bio\u00e9tica\",\"description\":\"Universidad del Desarrollo\",\"inLanguage\":\"es\"}]}<\/script>\n<!-- \/ Yoast SEO plugin. -->","yoast_head_json":{"title":"Novedades - Centro de Bio\u00e9tica","robots":{"index":"index","follow":"follow","max-snippet":"max-snippet:-1","max-image-preview":"max-image-preview:large","max-video-preview":"max-video-preview:-1"},"canonical":"https:\/\/medicina.udd.cl\/centro-bioetica\/novedades\/","og_locale":"es_ES","og_type":"article","og_title":"Novedades - Centro de Bio\u00e9tica","og_description":"El Centro de Bio\u00e9tica de la Facultad de Medicina Cl\u00ednica Alemana Universidad del Desarrollo tiene nuevas publicaciones en\u00a0revistas impresas y\u00a0electr\u00f3nicas,\u00a0inserciones en la prensa y\u00a0libros y cap\u00edtulos de libros disponibles en la Biblioteca del centro ubicado en el campus Las Condes. Secciones destacadas: Durante el a\u00f1o 2011, el equipo del Dr. Juan Pablo Beca, plante\u00f3 una [&hellip;]","og_url":"https:\/\/medicina.udd.cl\/centro-bioetica\/novedades\/","og_site_name":"Centro de Bio\u00e9tica","article_modified_time":"2012-05-14T16:54:53+00:00","twitter_misc":{"Tiempo de lectura":"1 minuto"},"schema":{"@context":"https:\/\/schema.org","@graph":[{"@type":"WebPage","@id":"https:\/\/medicina.udd.cl\/centro-bioetica\/novedades\/","url":"https:\/\/medicina.udd.cl\/centro-bioetica\/novedades\/","name":"Novedades - Centro de Bio\u00e9tica","isPartOf":{"@id":"https:\/\/medicina.udd.cl\/centro-bioetica\/#website"},"datePublished":"2012-05-14T16:48:58+00:00","dateModified":"2012-05-14T16:54:53+00:00","breadcrumb":{"@id":"https:\/\/medicina.udd.cl\/centro-bioetica\/novedades\/#breadcrumb"},"inLanguage":"es","potentialAction":[{"@type":"ReadAction","target":["https:\/\/medicina.udd.cl\/centro-bioetica\/novedades\/"]}]},{"@type":"BreadcrumbList","@id":"https:\/\/medicina.udd.cl\/centro-bioetica\/novedades\/#breadcrumb","itemListElement":[{"@type":"ListItem","position":1,"name":"Inicio","item":"https:\/\/medicina.udd.cl\/centro-bioetica\/"},{"@type":"ListItem","position":2,"name":"Novedades"}]},{"@type":"WebSite","@id":"https:\/\/medicina.udd.cl\/centro-bioetica\/#website","url":"https:\/\/medicina.udd.cl\/centro-bioetica\/","name":"Centro de Bio\u00e9tica","description":"Universidad del Desarrollo","inLanguage":"es"}]}},"_links":{"self":[{"href":"https:\/\/medicina.udd.cl\/centro-bioetica\/wp-json\/wp\/v2\/pages\/1401","targetHints":{"allow":["GET"]}}],"collection":[{"href":"https:\/\/medicina.udd.cl\/centro-bioetica\/wp-json\/wp\/v2\/pages"}],"about":[{"href":"https:\/\/medicina.udd.cl\/centro-bioetica\/wp-json\/wp\/v2\/types\/page"}],"author":[{"embeddable":true,"href":"https:\/\/medicina.udd.cl\/centro-bioetica\/wp-json\/wp\/v2\/users\/1"}],"replies":[{"embeddable":true,"href":"https:\/\/medicina.udd.cl\/centro-bioetica\/wp-json\/wp\/v2\/comments?post=1401"}],"version-history":[{"count":8,"href":"https:\/\/medicina.udd.cl\/centro-bioetica\/wp-json\/wp\/v2\/pages\/1401\/revisions"}],"predecessor-version":[{"id":1409,"href":"https:\/\/medicina.udd.cl\/centro-bioetica\/wp-json\/wp\/v2\/pages\/1401\/revisions\/1409"}],"wp:attachment":[{"href":"https:\/\/medicina.udd.cl\/centro-bioetica\/wp-json\/wp\/v2\/media?parent=1401"}],"curies":[{"name":"wp","href":"https:\/\/api.w.org\/{rel}","templated":true}]}}

<p style="text-align: justify;">El Centro de Bioética de la Facultad de Medicina Clínica Alemana Universidad del Desarrollo tiene nuevas publicaciones en <a href="http://medicina.udd.cl/centro-bioetica/publicaciones/publicaciones-en-revistas/">revistas impresas</a> y <a href="http://medicina.udd.cl/centro-bioetica/publicaciones/publicaciones-electronicas/">electrónicas</a>, <a href="http://medicina.udd.cl/centro-bioetica/publicaciones/inserciones-de-prensa/">inserciones en la prensa</a> y <a href="http://medicina.udd.cl/centro-bioetica/publicaciones/libros-y-capitulos-de-libros-2/">libros y capítulos de libros</a> disponibles en la Biblioteca del centro ubicado en el campus Las Condes.</p>
<p style="text-align: justify;"><strong>Secciones destacadas:</strong></p>
<p style="text-align: justify;">Durante el año 2011, el equipo del Dr. Juan Pablo Beca, planteó una nueva sección denominada <strong>Casos para reflexionar</strong> que, incluso, han sido publicadas en revistas internacionales. Conoce los últimos números <a href="http://medicina.udd.cl/centro-bioetica/documentos/casos-para-reflexionar/">aquí</a>.</p>
<p style="text-align: justify;">En la <strong>prensa</strong> también hemos destacado noticias relacionadas a la bioética. Por ejemplo: ¿Dónde está el límite? Polémica dieta que promete bajar en 10 dias el 10% del peso corporal mediante el uso de una sonda nasogástrica, nos habla de la transformación de un instrumento médico en uno estético. Para leer más casos como este, te invitamos a conocer: <a href="http://medicina.udd.cl/centro-bioetica/documentos/bioetica-en-la-prensa/">Bioética en la prensa</a></p>

<p>El Centro de Bioética de la Facultad de Medicina Clínica Alemana Universidad del Desarrollo tiene nuevas publicaciones en revistas impresas y electrónicas, inserciones en la prensa y libros y capítulos de libros disponibles en la Biblioteca del centro ubicado en el campus Las Condes. Secciones destacadas: Durante el año 2011, el equipo del Dr. Juan Pablo Beca, planteó una [&hellip;]</p>

<!-- This site is optimized with the Yoast SEO plugin v26.9 - https://yoast.com/product/yoast-seo-wordpress/ -->
<title>Novedades - Centro de Bioética</title>
<meta name="robots" content="index, follow, max-snippet:-1, max-image-preview:large, max-video-preview:-1" />
<link rel="canonical" href="https://medicina.udd.cl/centro-bioetica/novedades/" />
<meta property="og:locale" content="es_ES" />
<meta property="og:type" content="article" />
<meta property="og:title" content="Novedades - Centro de Bioética" />
<meta property="og:description" content="El Centro de Bioética de la Facultad de Medicina Clínica Alemana Universidad del Desarrollo tiene nuevas publicaciones en revistas impresas y electrónicas, inserciones en la prensa y libros y capítulos de libros disponibles en la Biblioteca del centro ubicado en el campus Las Condes. Secciones destacadas: Durante el año 2011, el equipo del Dr. Juan Pablo Beca, planteó una [&hellip;]" />
<meta property="og:url" content="https://medicina.udd.cl/centro-bioetica/novedades/" />
<meta property="og:site_name" content="Centro de Bioética" />
<meta property="article:modified_time" content="2012-05-14T16:54:53+00:00" />
<meta name="twitter:label1" content="Tiempo de lectura" />
	<meta name="twitter:data1" content="1 minuto" />
<script type="application/ld+json" class="yoast-schema-graph">{"@context":"https://schema.org","@graph":[{"@type":"WebPage","@id":"https://medicina.udd.cl/centro-bioetica/novedades/","url":"https://medicina.udd.cl/centro-bioetica/novedades/","name":"Novedades - Centro de Bioética","isPartOf":{"@id":"https://medicina.udd.cl/centro-bioetica/#website"},"datePublished":"2012-05-14T16:48:58+00:00","dateModified":"2012-05-14T16:54:53+00:00","breadcrumb":{"@id":"https://medicina.udd.cl/centro-bioetica/novedades/#breadcrumb"},"inLanguage":"es","potentialAction":[{"@type":"ReadAction","target":["https://medicina.udd.cl/centro-bioetica/novedades/"]}]},{"@type":"BreadcrumbList","@id":"https://medicina.udd.cl/centro-bioetica/novedades/#breadcrumb","itemListElement":[{"@type":"ListItem","position":1,"name":"Inicio","item":"https://medicina.udd.cl/centro-bioetica/"},{"@type":"ListItem","position":2,"name":"Novedades"}]},{"@type":"WebSite","@id":"https://medicina.udd.cl/centro-bioetica/#website","url":"https://medicina.udd.cl/centro-bioetica/","name":"Centro de Bioética","description":"Universidad del Desarrollo","inLanguage":"es"}]}</script>
<!-- / Yoast SEO plugin. -->

Novedades - Centro de Bioética

El Centro de Bioética de la Facultad de Medicina Clínica Alemana Universidad del Desarrollo tiene nuevas publicaciones en revistas impresas y electrónicas, inserciones en la prensa y libros y capítulos de libros disponibles en la Biblioteca del centro ubicado en el campus Las Condes. Secciones destacadas: Durante el año 2011, el equipo del Dr. Juan Pablo Beca, planteó una [&hellip;]

Centro de Bioética
