{"id":1975,"date":"2013-06-24T16:41:47","date_gmt":"2013-06-24T20:41:47","guid":{"rendered":"http:\/\/medicina.udd.cl\/centro-bioetica\/"},"modified":"2022-08-16T14:51:32","modified_gmt":"2022-08-16T18:51:32","slug":"magister-interuniversitario-en-bioetica","status":"publish","type":"page","link":"https:\/\/medicina.udd.cl\/centro-bioetica\/magister-interuniversitario-en-bioetica\/","title":{"rendered":"Mag\u00edster Interuniversitario de Bio\u00e9tica"},"content":{"rendered":"\n<h4 class=\"wp-block-heading\"><strong><a href=\"https:\/\/medicina.udd.cl\/postgrado\/magister-interuniversitario-en-bioetica\/\">Ver m\u00e1s informaci\u00f3n aqu\u00ed<\/a><\/strong><\/h4>\n","protected":false},"excerpt":{"rendered":"<p>Acreditado por 7 a\u00f1os desde octubre de 2017 hasta octubre de 2024, por la Agencia Acreditadora de Chile<\/p>\n","protected":false},"author":1,"featured_media":0,"parent":0,"menu_order":0,"comment_status":"open","ping_status":"open","template":"","meta":{"footnotes":""},"class_list":["post-1975","page","type-page","status-publish","hentry"],"yoast_head":"<!-- This site is optimized with the Yoast SEO plugin v26.9 - https:\/\/yoast.com\/product\/yoast-seo-wordpress\/ -->\n<title>Mag\u00edster Interuniversitario de Bio\u00e9tica - Centro de Bio\u00e9tica<\/title>\n<meta name=\"robots\" content=\"index, follow, max-snippet:-1, max-image-preview:large, max-video-preview:-1\" \/>\n<link rel=\"canonical\" href=\"https:\/\/medicina.udd.cl\/centro-bioetica\/magister-interuniversitario-en-bioetica\/\" \/>\n<meta property=\"og:locale\" content=\"es_ES\" \/>\n<meta property=\"og:type\" content=\"article\" \/>\n<meta property=\"og:title\" content=\"Mag\u00edster Interuniversitario de Bio\u00e9tica - Centro de Bio\u00e9tica\" \/>\n<meta property=\"og:description\" content=\"Acreditado por 7 a\u00f1os desde octubre de 2017 hasta octubre de 2024, por la Agencia Acreditadora de Chile\" \/>\n<meta property=\"og:url\" content=\"https:\/\/medicina.udd.cl\/centro-bioetica\/magister-interuniversitario-en-bioetica\/\" \/>\n<meta property=\"og:site_name\" content=\"Centro de Bio\u00e9tica\" \/>\n<meta property=\"article:modified_time\" content=\"2022-08-16T18:51:32+00:00\" \/>\n<script type=\"application\/ld+json\" class=\"yoast-schema-graph\">{\"@context\":\"https:\/\/schema.org\",\"@graph\":[{\"@type\":\"WebPage\",\"@id\":\"https:\/\/medicina.udd.cl\/centro-bioetica\/magister-interuniversitario-en-bioetica\/\",\"url\":\"https:\/\/medicina.udd.cl\/centro-bioetica\/magister-interuniversitario-en-bioetica\/\",\"name\":\"Mag\u00edster Interuniversitario de Bio\u00e9tica - Centro de Bio\u00e9tica\",\"isPartOf\":{\"@id\":\"https:\/\/medicina.udd.cl\/centro-bioetica\/#website\"},\"datePublished\":\"2013-06-24T20:41:47+00:00\",\"dateModified\":\"2022-08-16T18:51:32+00:00\",\"breadcrumb\":{\"@id\":\"https:\/\/medicina.udd.cl\/centro-bioetica\/magister-interuniversitario-en-bioetica\/#breadcrumb\"},\"inLanguage\":\"es\",\"potentialAction\":[{\"@type\":\"ReadAction\",\"target\":[\"https:\/\/medicina.udd.cl\/centro-bioetica\/magister-interuniversitario-en-bioetica\/\"]}]},{\"@type\":\"BreadcrumbList\",\"@id\":\"https:\/\/medicina.udd.cl\/centro-bioetica\/magister-interuniversitario-en-bioetica\/#breadcrumb\",\"itemListElement\":[{\"@type\":\"ListItem\",\"position\":1,\"name\":\"Inicio\",\"item\":\"https:\/\/medicina.udd.cl\/centro-bioetica\/\"},{\"@type\":\"ListItem\",\"position\":2,\"name\":\"Mag\u00edster Interuniversitario de Bio\u00e9tica\"}]},{\"@type\":\"WebSite\",\"@id\":\"https:\/\/medicina.udd.cl\/centro-bioetica\/#website\",\"url\":\"https:\/\/medicina.udd.cl\/centro-bioetica\/\",\"name\":\"Centro de Bio\u00e9tica\",\"description\":\"Universidad del Desarrollo\",\"inLanguage\":\"es\"}]}<\/script>\n<!-- \/ Yoast SEO plugin. -->","yoast_head_json":{"title":"Mag\u00edster Interuniversitario de Bio\u00e9tica - Centro de Bio\u00e9tica","robots":{"index":"index","follow":"follow","max-snippet":"max-snippet:-1","max-image-preview":"max-image-preview:large","max-video-preview":"max-video-preview:-1"},"canonical":"https:\/\/medicina.udd.cl\/centro-bioetica\/magister-interuniversitario-en-bioetica\/","og_locale":"es_ES","og_type":"article","og_title":"Mag\u00edster Interuniversitario de Bio\u00e9tica - Centro de Bio\u00e9tica","og_description":"Acreditado por 7 a\u00f1os desde octubre de 2017 hasta octubre de 2024, por la Agencia Acreditadora de Chile","og_url":"https:\/\/medicina.udd.cl\/centro-bioetica\/magister-interuniversitario-en-bioetica\/","og_site_name":"Centro de Bio\u00e9tica","article_modified_time":"2022-08-16T18:51:32+00:00","schema":{"@context":"https:\/\/schema.org","@graph":[{"@type":"WebPage","@id":"https:\/\/medicina.udd.cl\/centro-bioetica\/magister-interuniversitario-en-bioetica\/","url":"https:\/\/medicina.udd.cl\/centro-bioetica\/magister-interuniversitario-en-bioetica\/","name":"Mag\u00edster Interuniversitario de Bio\u00e9tica - Centro de Bio\u00e9tica","isPartOf":{"@id":"https:\/\/medicina.udd.cl\/centro-bioetica\/#website"},"datePublished":"2013-06-24T20:41:47+00:00","dateModified":"2022-08-16T18:51:32+00:00","breadcrumb":{"@id":"https:\/\/medicina.udd.cl\/centro-bioetica\/magister-interuniversitario-en-bioetica\/#breadcrumb"},"inLanguage":"es","potentialAction":[{"@type":"ReadAction","target":["https:\/\/medicina.udd.cl\/centro-bioetica\/magister-interuniversitario-en-bioetica\/"]}]},{"@type":"BreadcrumbList","@id":"https:\/\/medicina.udd.cl\/centro-bioetica\/magister-interuniversitario-en-bioetica\/#breadcrumb","itemListElement":[{"@type":"ListItem","position":1,"name":"Inicio","item":"https:\/\/medicina.udd.cl\/centro-bioetica\/"},{"@type":"ListItem","position":2,"name":"Mag\u00edster Interuniversitario de Bio\u00e9tica"}]},{"@type":"WebSite","@id":"https:\/\/medicina.udd.cl\/centro-bioetica\/#website","url":"https:\/\/medicina.udd.cl\/centro-bioetica\/","name":"Centro de Bio\u00e9tica","description":"Universidad del Desarrollo","inLanguage":"es"}]}},"_links":{"self":[{"href":"https:\/\/medicina.udd.cl\/centro-bioetica\/wp-json\/wp\/v2\/pages\/1975","targetHints":{"allow":["GET"]}}],"collection":[{"href":"https:\/\/medicina.udd.cl\/centro-bioetica\/wp-json\/wp\/v2\/pages"}],"about":[{"href":"https:\/\/medicina.udd.cl\/centro-bioetica\/wp-json\/wp\/v2\/types\/page"}],"author":[{"embeddable":true,"href":"https:\/\/medicina.udd.cl\/centro-bioetica\/wp-json\/wp\/v2\/users\/1"}],"replies":[{"embeddable":true,"href":"https:\/\/medicina.udd.cl\/centro-bioetica\/wp-json\/wp\/v2\/comments?post=1975"}],"version-history":[{"count":49,"href":"https:\/\/medicina.udd.cl\/centro-bioetica\/wp-json\/wp\/v2\/pages\/1975\/revisions"}],"predecessor-version":[{"id":5775,"href":"https:\/\/medicina.udd.cl\/centro-bioetica\/wp-json\/wp\/v2\/pages\/1975\/revisions\/5775"}],"wp:attachment":[{"href":"https:\/\/medicina.udd.cl\/centro-bioetica\/wp-json\/wp\/v2\/media?parent=1975"}],"curies":[{"name":"wp","href":"https:\/\/api.w.org\/{rel}","templated":true}]}}

Magíster Interuniversitario de Bioética

<h4 class="wp-block-heading"><strong><a href="https://medicina.udd.cl/postgrado/magister-interuniversitario-en-bioetica/">Ver más información aquí</a></strong></h4>

<p>Acreditado por 7 años desde octubre de 2017 hasta octubre de 2024, por la Agencia Acreditadora de Chile</p>

<!-- This site is optimized with the Yoast SEO plugin v26.9 - https://yoast.com/product/yoast-seo-wordpress/ -->
<title>Magíster Interuniversitario de Bioética - Centro de Bioética</title>
<meta name="robots" content="index, follow, max-snippet:-1, max-image-preview:large, max-video-preview:-1" />
<link rel="canonical" href="https://medicina.udd.cl/centro-bioetica/magister-interuniversitario-en-bioetica/" />
<meta property="og:locale" content="es_ES" />
<meta property="og:type" content="article" />
<meta property="og:title" content="Magíster Interuniversitario de Bioética - Centro de Bioética" />
<meta property="og:description" content="Acreditado por 7 años desde octubre de 2017 hasta octubre de 2024, por la Agencia Acreditadora de Chile" />
<meta property="og:url" content="https://medicina.udd.cl/centro-bioetica/magister-interuniversitario-en-bioetica/" />
<meta property="og:site_name" content="Centro de Bioética" />
<meta property="article:modified_time" content="2022-08-16T18:51:32+00:00" />
<script type="application/ld+json" class="yoast-schema-graph">{"@context":"https://schema.org","@graph":[{"@type":"WebPage","@id":"https://medicina.udd.cl/centro-bioetica/magister-interuniversitario-en-bioetica/","url":"https://medicina.udd.cl/centro-bioetica/magister-interuniversitario-en-bioetica/","name":"Magíster Interuniversitario de Bioética - Centro de Bioética","isPartOf":{"@id":"https://medicina.udd.cl/centro-bioetica/#website"},"datePublished":"2013-06-24T20:41:47+00:00","dateModified":"2022-08-16T18:51:32+00:00","breadcrumb":{"@id":"https://medicina.udd.cl/centro-bioetica/magister-interuniversitario-en-bioetica/#breadcrumb"},"inLanguage":"es","potentialAction":[{"@type":"ReadAction","target":["https://medicina.udd.cl/centro-bioetica/magister-interuniversitario-en-bioetica/"]}]},{"@type":"BreadcrumbList","@id":"https://medicina.udd.cl/centro-bioetica/magister-interuniversitario-en-bioetica/#breadcrumb","itemListElement":[{"@type":"ListItem","position":1,"name":"Inicio","item":"https://medicina.udd.cl/centro-bioetica/"},{"@type":"ListItem","position":2,"name":"Magíster Interuniversitario de Bioética"}]},{"@type":"WebSite","@id":"https://medicina.udd.cl/centro-bioetica/#website","url":"https://medicina.udd.cl/centro-bioetica/","name":"Centro de Bioética","description":"Universidad del Desarrollo","inLanguage":"es"}]}</script>
<!-- / Yoast SEO plugin. -->

Magíster Interuniversitario de Bioética - Centro de Bioética

Acreditado por 7 años desde octubre de 2017 hasta octubre de 2024, por la Agencia Acreditadora de Chile

Centro de Bioética
