{"id":227,"date":"2010-06-30T11:18:52","date_gmt":"2010-06-30T15:18:52","guid":{"rendered":"http:\/\/medicina.udd.cl\/centro-bioetica\/dialogos-bioeticos-2010\/"},"modified":"2015-08-31T15:37:31","modified_gmt":"2015-08-31T18:37:31","slug":"dialogos-bioeticos-2010","status":"publish","type":"page","link":"https:\/\/medicina.udd.cl\/centro-bioetica\/dialogos-bioeticos\/dialogos-bioeticos-2010\/","title":{"rendered":"Di\u00e1logos Bio\u00e9ticos 2010"},"content":{"rendered":"<p>Marzo 17:<br \/>\n<strong>\u00abDesaf\u00edos \u00e9ticos de la reforma de salud\u00bb<\/strong><br \/>\nPresenta: Dr. Jaime Burrows<br \/>\n<a href=\"http:\/\/medicina.udd.cl\/centro-bioetica\/2010\/10\/18\/enfermedades-raras-o-poco-frecuentes\/\">Descargue el resumen<\/a><\/p>\n<p>Abril 14:<br \/>\n<strong>\u00abRetiro de la ventilaci\u00f3n mec\u00e1nica en enfermos terminales\u00bb<\/strong><br \/>\nPresenta: Dr. Juan Pablo Beca Infante<br \/>\n<a href=\"http:\/\/medicina.udd.cl\/centro-bioetica\/2010\/10\/18\/retiro-de-la-ventilacion-mecanica-en-enfermos-terminales\/\">Descargue el resumen<\/a><\/p>\n<p>Mayo 12:<br \/>\n<strong>\u00abConsentimiento informado y su aplicaci\u00f3n pr\u00e1ctica\u00bb<\/strong><br \/>\nPresenta: Dra. Gladys B\u00f3rquez<br \/>\n<a href=\"http:\/\/medicina.udd.cl\/centro-bioetica\/2010\/10\/18\/el-consentimiento-informado-y-su-aplicacion-practica\/\">Descague el resumen<br \/>\n<\/a>Para ver el video, ingresar <a href=\"http:\/\/www.savalnet.cl\/educacionmedica\/cursosycongresos\/20100401_12437\/\">aqu\u00ed<\/a><\/p>\n<p>Junio 9:<br \/>\n<strong>\u00abLas voluntades anticipadas y su utilidad en la pr\u00e1ctica\u00bb<\/strong><br \/>\nPresenta: Alejandro Koppmann<br \/>\n<a href=\"http:\/\/medicina.udd.cl\/centro-bioetica\/2010\/10\/18\/testamentos-vitales-%c2%bfque-%c2%bfcomo-cuando\/\">Descargue el resumen<br \/>\n<\/a>Para ver el video, ingresar <a href=\"http:\/\/www.savalnet.cl\/educacionmedica\/cursosycongresos\/20100401_12437\/\">aqu\u00ed <\/a><\/p>\n<p>Julio 14:<br \/>\n<strong>\u00ab\u00c9tica de la prescripci\u00f3n\u00bb<\/strong><br \/>\nPresenta: Dra. Mar\u00eda In\u00e9s G\u00f3mez<br \/>\n<a href=\"http:\/\/medicina.udd.cl\/centro-bioetica\/2010\/08\/09\/etica-de-la-prescripcion\/\">Descargue el resumen<\/a><br \/>\nPara ver el video, ingresar <a href=\"http:\/\/www.savalnet.cl\/educacionmedica\/cursosycongresos\/20100401_12437\/\">aqu\u00ed<\/a><\/p>\n<p>Agosto 18:<br \/>\n<strong>\u00abAlgunos problemas \u00e9ticos en medicina reproductiva\u00bb<\/strong><br \/>\nPresenta: Sr. Rub\u00e9n Araya, Sra. Isabel Pacheco y Dr. Patricio Gonz\u00e1lez<br \/>\n<a href=\"http:\/\/medicina.udd.cl\/centro-bioetica\/2010\/09\/01\/secreto-y-anonimato-en-la-donacion-de-gametos\/\">Descargue el resumen<\/a><br \/>\nPara ver el video, ingresar <a href=\"http:\/\/www.savalnet.cl\/educacionmedica\/cursosycongresos\/20100401_12437\/\">aqu\u00ed<\/a><\/p>\n<p>Septiembre 8:<br \/>\n<strong>\u00abBancos de c\u00e9lulas de cord\u00f3n umbilical\u00bb<\/strong><br \/>\nPresenta: Dr. Marcial Osorio<br \/>\n<a href=\"http:\/\/medicina.udd.cl\/centro-bioetica\/2010\/10\/20\/bancos-de-celulas-de-cordon-umbilical-2\/\">Descargue el resumen<\/a><br \/>\nPara ver el video, ingresar<a href=\"http:\/\/www.savalnet.cl\/educacionmedica\/cursosycongresos\/20100401_12437\/\"> aqu\u00ed<\/a><\/p>\n<p>Octubre 13:<br \/>\n<strong>\u00abPublicidad M\u00e9dica\u00bb<\/strong><br \/>\nPresenta: Dr. Fernando Novoa<br \/>\n<a href=\"http:\/\/medicina.udd.cl\/centro-bioetica\/2010\/10\/18\/consideraciones-eticas-de-la-publicidad-en-medicina\/\">Descargue el resumen<\/a><br \/>\nPara ver el video, ingresar <a href=\"http:\/\/www.savalnet.cl\/educacionmedica\/cursosycongresos\/20100401_12437\/\">aqu\u00ed<\/a><\/p>\n<p>Noviembre 10:<br \/>\n<strong>\u00abAutonom\u00eda del Adulto Mayor\u00bb<\/strong><br \/>\n<a href=\"http:\/\/medicina.udd.cl\/centro-bioetica\/2010\/11\/15\/autonomia-del-adulto-mayor\/\">Descargue el resumen<\/a><br \/>\nPara ver el video, ingresar <a href=\"http:\/\/www.savalnet.cl\/educacionmedica\/cursosycongresos\/20100401_12437\/\">aqu\u00ed<\/a><\/p>\n","protected":false},"excerpt":{"rendered":"<p>Revisa los encuentros realizados el 2010.<\/p>\n","protected":false},"author":1,"featured_media":0,"parent":226,"menu_order":3,"comment_status":"open","ping_status":"closed","template":"","meta":{"footnotes":""},"class_list":["post-227","page","type-page","status-publish","hentry"],"yoast_head":"<!-- This site is optimized with the Yoast SEO plugin v26.9 - https:\/\/yoast.com\/product\/yoast-seo-wordpress\/ -->\n<title>Di\u00e1logos Bio\u00e9ticos 2010 - Centro de Bio\u00e9tica<\/title>\n<meta name=\"robots\" content=\"index, follow, max-snippet:-1, max-image-preview:large, max-video-preview:-1\" \/>\n<link rel=\"canonical\" href=\"https:\/\/medicina.udd.cl\/centro-bioetica\/dialogos-bioeticos\/dialogos-bioeticos-2010\/\" \/>\n<meta property=\"og:locale\" content=\"es_ES\" \/>\n<meta property=\"og:type\" content=\"article\" \/>\n<meta property=\"og:title\" content=\"Di\u00e1logos Bio\u00e9ticos 2010 - Centro de Bio\u00e9tica\" \/>\n<meta property=\"og:description\" content=\"Revisa los encuentros realizados el 2010.\" \/>\n<meta property=\"og:url\" content=\"https:\/\/medicina.udd.cl\/centro-bioetica\/dialogos-bioeticos\/dialogos-bioeticos-2010\/\" \/>\n<meta property=\"og:site_name\" content=\"Centro de Bio\u00e9tica\" \/>\n<meta property=\"article:modified_time\" content=\"2015-08-31T18:37:31+00:00\" \/>\n<meta name=\"twitter:label1\" content=\"Tiempo de lectura\" \/>\n\t<meta name=\"twitter:data1\" content=\"1 minuto\" \/>\n<script type=\"application\/ld+json\" class=\"yoast-schema-graph\">{\"@context\":\"https:\/\/schema.org\",\"@graph\":[{\"@type\":\"WebPage\",\"@id\":\"https:\/\/medicina.udd.cl\/centro-bioetica\/dialogos-bioeticos\/dialogos-bioeticos-2010\/\",\"url\":\"https:\/\/medicina.udd.cl\/centro-bioetica\/dialogos-bioeticos\/dialogos-bioeticos-2010\/\",\"name\":\"Di\u00e1logos Bio\u00e9ticos 2010 - Centro de Bio\u00e9tica\",\"isPartOf\":{\"@id\":\"https:\/\/medicina.udd.cl\/centro-bioetica\/#website\"},\"datePublished\":\"2010-06-30T15:18:52+00:00\",\"dateModified\":\"2015-08-31T18:37:31+00:00\",\"breadcrumb\":{\"@id\":\"https:\/\/medicina.udd.cl\/centro-bioetica\/dialogos-bioeticos\/dialogos-bioeticos-2010\/#breadcrumb\"},\"inLanguage\":\"es\",\"potentialAction\":[{\"@type\":\"ReadAction\",\"target\":[\"https:\/\/medicina.udd.cl\/centro-bioetica\/dialogos-bioeticos\/dialogos-bioeticos-2010\/\"]}]},{\"@type\":\"BreadcrumbList\",\"@id\":\"https:\/\/medicina.udd.cl\/centro-bioetica\/dialogos-bioeticos\/dialogos-bioeticos-2010\/#breadcrumb\",\"itemListElement\":[{\"@type\":\"ListItem\",\"position\":1,\"name\":\"Inicio\",\"item\":\"https:\/\/medicina.udd.cl\/centro-bioetica\/\"},{\"@type\":\"ListItem\",\"position\":2,\"name\":\"Di\u00e1logos Bio\u00e9ticos\",\"item\":\"https:\/\/medicina.udd.cl\/centro-bioetica\/dialogos-bioeticos\/\"},{\"@type\":\"ListItem\",\"position\":3,\"name\":\"Di\u00e1logos Bio\u00e9ticos 2010\"}]},{\"@type\":\"WebSite\",\"@id\":\"https:\/\/medicina.udd.cl\/centro-bioetica\/#website\",\"url\":\"https:\/\/medicina.udd.cl\/centro-bioetica\/\",\"name\":\"Centro de Bio\u00e9tica\",\"description\":\"Universidad del Desarrollo\",\"inLanguage\":\"es\"}]}<\/script>\n<!-- \/ Yoast SEO plugin. -->","yoast_head_json":{"title":"Di\u00e1logos Bio\u00e9ticos 2010 - Centro de Bio\u00e9tica","robots":{"index":"index","follow":"follow","max-snippet":"max-snippet:-1","max-image-preview":"max-image-preview:large","max-video-preview":"max-video-preview:-1"},"canonical":"https:\/\/medicina.udd.cl\/centro-bioetica\/dialogos-bioeticos\/dialogos-bioeticos-2010\/","og_locale":"es_ES","og_type":"article","og_title":"Di\u00e1logos Bio\u00e9ticos 2010 - Centro de Bio\u00e9tica","og_description":"Revisa los encuentros realizados el 2010.","og_url":"https:\/\/medicina.udd.cl\/centro-bioetica\/dialogos-bioeticos\/dialogos-bioeticos-2010\/","og_site_name":"Centro de Bio\u00e9tica","article_modified_time":"2015-08-31T18:37:31+00:00","twitter_misc":{"Tiempo de lectura":"1 minuto"},"schema":{"@context":"https:\/\/schema.org","@graph":[{"@type":"WebPage","@id":"https:\/\/medicina.udd.cl\/centro-bioetica\/dialogos-bioeticos\/dialogos-bioeticos-2010\/","url":"https:\/\/medicina.udd.cl\/centro-bioetica\/dialogos-bioeticos\/dialogos-bioeticos-2010\/","name":"Di\u00e1logos Bio\u00e9ticos 2010 - Centro de Bio\u00e9tica","isPartOf":{"@id":"https:\/\/medicina.udd.cl\/centro-bioetica\/#website"},"datePublished":"2010-06-30T15:18:52+00:00","dateModified":"2015-08-31T18:37:31+00:00","breadcrumb":{"@id":"https:\/\/medicina.udd.cl\/centro-bioetica\/dialogos-bioeticos\/dialogos-bioeticos-2010\/#breadcrumb"},"inLanguage":"es","potentialAction":[{"@type":"ReadAction","target":["https:\/\/medicina.udd.cl\/centro-bioetica\/dialogos-bioeticos\/dialogos-bioeticos-2010\/"]}]},{"@type":"BreadcrumbList","@id":"https:\/\/medicina.udd.cl\/centro-bioetica\/dialogos-bioeticos\/dialogos-bioeticos-2010\/#breadcrumb","itemListElement":[{"@type":"ListItem","position":1,"name":"Inicio","item":"https:\/\/medicina.udd.cl\/centro-bioetica\/"},{"@type":"ListItem","position":2,"name":"Di\u00e1logos Bio\u00e9ticos","item":"https:\/\/medicina.udd.cl\/centro-bioetica\/dialogos-bioeticos\/"},{"@type":"ListItem","position":3,"name":"Di\u00e1logos Bio\u00e9ticos 2010"}]},{"@type":"WebSite","@id":"https:\/\/medicina.udd.cl\/centro-bioetica\/#website","url":"https:\/\/medicina.udd.cl\/centro-bioetica\/","name":"Centro de Bio\u00e9tica","description":"Universidad del Desarrollo","inLanguage":"es"}]}},"_links":{"self":[{"href":"https:\/\/medicina.udd.cl\/centro-bioetica\/wp-json\/wp\/v2\/pages\/227","targetHints":{"allow":["GET"]}}],"collection":[{"href":"https:\/\/medicina.udd.cl\/centro-bioetica\/wp-json\/wp\/v2\/pages"}],"about":[{"href":"https:\/\/medicina.udd.cl\/centro-bioetica\/wp-json\/wp\/v2\/types\/page"}],"author":[{"embeddable":true,"href":"https:\/\/medicina.udd.cl\/centro-bioetica\/wp-json\/wp\/v2\/users\/1"}],"replies":[{"embeddable":true,"href":"https:\/\/medicina.udd.cl\/centro-bioetica\/wp-json\/wp\/v2\/comments?post=227"}],"version-history":[{"count":38,"href":"https:\/\/medicina.udd.cl\/centro-bioetica\/wp-json\/wp\/v2\/pages\/227\/revisions"}],"predecessor-version":[{"id":3411,"href":"https:\/\/medicina.udd.cl\/centro-bioetica\/wp-json\/wp\/v2\/pages\/227\/revisions\/3411"}],"up":[{"embeddable":true,"href":"https:\/\/medicina.udd.cl\/centro-bioetica\/wp-json\/wp\/v2\/pages\/226"}],"wp:attachment":[{"href":"https:\/\/medicina.udd.cl\/centro-bioetica\/wp-json\/wp\/v2\/media?parent=227"}],"curies":[{"name":"wp","href":"https:\/\/api.w.org\/{rel}","templated":true}]}}

Diálogos Bioéticos 2010

<p>Marzo 17:<br />
<strong>«Desafíos éticos de la reforma de salud»</strong><br />
Presenta: Dr. Jaime Burrows<br />
<a href="http://medicina.udd.cl/centro-bioetica/2010/10/18/enfermedades-raras-o-poco-frecuentes/">Descargue el resumen</a></p>
<p>Abril 14:<br />
<strong>«Retiro de la ventilación mecánica en enfermos terminales»</strong><br />
Presenta: Dr. Juan Pablo Beca Infante<br />
<a href="http://medicina.udd.cl/centro-bioetica/2010/10/18/retiro-de-la-ventilacion-mecanica-en-enfermos-terminales/">Descargue el resumen</a></p>
<p>Mayo 12:<br />
<strong>«Consentimiento informado y su aplicación práctica»</strong><br />
Presenta: Dra. Gladys Bórquez<br />
<a href="http://medicina.udd.cl/centro-bioetica/2010/10/18/el-consentimiento-informado-y-su-aplicacion-practica/">Descague el resumen<br />
</a>Para ver el video, ingresar <a href="http://www.savalnet.cl/educacionmedica/cursosycongresos/20100401_12437/">aquí</a></p>
<p>Junio 9:<br />
<strong>«Las voluntades anticipadas y su utilidad en la práctica»</strong><br />
Presenta: Alejandro Koppmann<br />
<a href="http://medicina.udd.cl/centro-bioetica/2010/10/18/testamentos-vitales-%c2%bfque-%c2%bfcomo-cuando/">Descargue el resumen<br />
</a>Para ver el video, ingresar <a href="http://www.savalnet.cl/educacionmedica/cursosycongresos/20100401_12437/">aquí </a></p>
<p>Julio 14:<br />
<strong>«Ética de la prescripción»</strong><br />
Presenta: Dra. María Inés Gómez<br />
<a href="http://medicina.udd.cl/centro-bioetica/2010/08/09/etica-de-la-prescripcion/">Descargue el resumen</a><br />
Para ver el video, ingresar <a href="http://www.savalnet.cl/educacionmedica/cursosycongresos/20100401_12437/">aquí</a></p>
<p>Agosto 18:<br />
<strong>«Algunos problemas éticos en medicina reproductiva»</strong><br />
Presenta: Sr. Rubén Araya, Sra. Isabel Pacheco y Dr. Patricio González<br />
<a href="http://medicina.udd.cl/centro-bioetica/2010/09/01/secreto-y-anonimato-en-la-donacion-de-gametos/">Descargue el resumen</a><br />
Para ver el video, ingresar <a href="http://www.savalnet.cl/educacionmedica/cursosycongresos/20100401_12437/">aquí</a></p>
<p>Septiembre 8:<br />
<strong>«Bancos de células de cordón umbilical»</strong><br />
Presenta: Dr. Marcial Osorio<br />
<a href="http://medicina.udd.cl/centro-bioetica/2010/10/20/bancos-de-celulas-de-cordon-umbilical-2/">Descargue el resumen</a><br />
Para ver el video, ingresar<a href="http://www.savalnet.cl/educacionmedica/cursosycongresos/20100401_12437/"> aquí</a></p>
<p>Octubre 13:<br />
<strong>«Publicidad Médica»</strong><br />
Presenta: Dr. Fernando Novoa<br />
<a href="http://medicina.udd.cl/centro-bioetica/2010/10/18/consideraciones-eticas-de-la-publicidad-en-medicina/">Descargue el resumen</a><br />
Para ver el video, ingresar <a href="http://www.savalnet.cl/educacionmedica/cursosycongresos/20100401_12437/">aquí</a></p>
<p>Noviembre 10:<br />
<strong>«Autonomía del Adulto Mayor»</strong><br />
<a href="http://medicina.udd.cl/centro-bioetica/2010/11/15/autonomia-del-adulto-mayor/">Descargue el resumen</a><br />
Para ver el video, ingresar <a href="http://www.savalnet.cl/educacionmedica/cursosycongresos/20100401_12437/">aquí</a></p>

<!-- This site is optimized with the Yoast SEO plugin v26.9 - https://yoast.com/product/yoast-seo-wordpress/ -->
<title>Diálogos Bioéticos 2010 - Centro de Bioética</title>
<meta name="robots" content="index, follow, max-snippet:-1, max-image-preview:large, max-video-preview:-1" />
<link rel="canonical" href="https://medicina.udd.cl/centro-bioetica/dialogos-bioeticos/dialogos-bioeticos-2010/" />
<meta property="og:locale" content="es_ES" />
<meta property="og:type" content="article" />
<meta property="og:title" content="Diálogos Bioéticos 2010 - Centro de Bioética" />
<meta property="og:description" content="Revisa los encuentros realizados el 2010." />
<meta property="og:url" content="https://medicina.udd.cl/centro-bioetica/dialogos-bioeticos/dialogos-bioeticos-2010/" />
<meta property="og:site_name" content="Centro de Bioética" />
<meta property="article:modified_time" content="2015-08-31T18:37:31+00:00" />
<meta name="twitter:label1" content="Tiempo de lectura" />
	<meta name="twitter:data1" content="1 minuto" />
<script type="application/ld+json" class="yoast-schema-graph">{"@context":"https://schema.org","@graph":[{"@type":"WebPage","@id":"https://medicina.udd.cl/centro-bioetica/dialogos-bioeticos/dialogos-bioeticos-2010/","url":"https://medicina.udd.cl/centro-bioetica/dialogos-bioeticos/dialogos-bioeticos-2010/","name":"Diálogos Bioéticos 2010 - Centro de Bioética","isPartOf":{"@id":"https://medicina.udd.cl/centro-bioetica/#website"},"datePublished":"2010-06-30T15:18:52+00:00","dateModified":"2015-08-31T18:37:31+00:00","breadcrumb":{"@id":"https://medicina.udd.cl/centro-bioetica/dialogos-bioeticos/dialogos-bioeticos-2010/#breadcrumb"},"inLanguage":"es","potentialAction":[{"@type":"ReadAction","target":["https://medicina.udd.cl/centro-bioetica/dialogos-bioeticos/dialogos-bioeticos-2010/"]}]},{"@type":"BreadcrumbList","@id":"https://medicina.udd.cl/centro-bioetica/dialogos-bioeticos/dialogos-bioeticos-2010/#breadcrumb","itemListElement":[{"@type":"ListItem","position":1,"name":"Inicio","item":"https://medicina.udd.cl/centro-bioetica/"},{"@type":"ListItem","position":2,"name":"Diálogos Bioéticos","item":"https://medicina.udd.cl/centro-bioetica/dialogos-bioeticos/"},{"@type":"ListItem","position":3,"name":"Diálogos Bioéticos 2010"}]},{"@type":"WebSite","@id":"https://medicina.udd.cl/centro-bioetica/#website","url":"https://medicina.udd.cl/centro-bioetica/","name":"Centro de Bioética","description":"Universidad del Desarrollo","inLanguage":"es"}]}</script>
<!-- / Yoast SEO plugin. -->

Diálogos Bioéticos 2010 - Centro de Bioética

Centro de Bioética

Diálogos Bioéticos
