{"id":249,"date":"2010-06-30T12:23:11","date_gmt":"2010-06-30T16:23:11","guid":{"rendered":"http:\/\/medicina.udd.cl\/centro-bioetica\/publicaciones\/publicaciones-electronicas\/"},"modified":"2022-05-10T11:10:12","modified_gmt":"2022-05-10T15:10:12","slug":"publicaciones-electronicas","status":"publish","type":"page","link":"https:\/\/medicina.udd.cl\/centro-bioetica\/nuestras-publicaciones\/publicaciones-electronicas\/","title":{"rendered":"Publicaciones electr\u00f3nicas"},"content":{"rendered":"\n<p><a href=\"https:\/\/medicina.udd.cl\/centro-bioetica\/files\/2022\/05\/Salas-SP-2022.-Inteligencia-Artificial.pdf\">Consideraciones \u00e9ticas respecto de la Inteligencia  Artificial <\/a><\/p>\n\n\n\n<ul class=\"wp-block-list\"><li>Por Sof\u00eda Salas &#8211; Bioeticar Asociaci\u00f3n Civil\/2022<\/li><\/ul>\n\n\n\n<p><a href=\"http:\/\/medicina.udd.cl\/centro-bioetica\/files\/2015\/01\/Consentimiento-informado-en-pacientes-diabeticos-P-Ruiz-y-cols.pdf\">Proceso de Consentimiento Informado en pacientes diab\u00e9ticos con amputaci\u00f3n de extremidad\u00a0inferior en un hospital p\u00fablico<\/a><\/p>\n\n\n\n<ul class=\"wp-block-list\"><li>Por Pablo Ruiz, Constanza Oyarz\u00fan, Alejandro Due\u00f1as,&nbsp;Lorna Luco, Mar\u00eda In\u00e9s G\u00f3mez &#8211;&nbsp;Bio\u00e9tica &amp; Debat abril\/2014<\/li><\/ul>\n\n\n\n<p><a href=\"http:\/\/medicina.udd.cl\/centro-bioetica\/files\/2010\/06\/c\u00e9lula-artificial.pdf\">Creaci\u00f3n de una c\u00e9lula artificial y sus implicancias<\/a><\/p>\n\n\n\n<ul class=\"wp-block-list\"><li>Por Dra. Paulette Conget y Dr. Juan Pablo Beca &#8211;&nbsp;Bio\u00e9tica &amp; Debat julio\/2010<\/li><\/ul>\n\n\n\n<p><a href=\"http:\/\/medicina.udd.cl\/centro-bioetica\/files\/2010\/10\/decisiones_parentales_Mayo_2009.pdf\">Decisiones parentales de rechazo de tratamiento para sus hijos<\/a><\/p>\n\n\n\n<ul class=\"wp-block-list\"><li>Por Dr. Juan Pablo Beca y Mar\u00eda Elena McNab &#8211;&nbsp;Bio\u00e9tica &amp; Debat junio\/2009<\/li><\/ul>\n\n\n\n<p><a href=\"http:\/\/medicina.udd.cl\/centro-bioetica\/files\/2010\/10\/signigficado_enfermedad.pdf\">Significado de la enfermedad y dignidad del enfermo<\/a><\/p>\n\n\n\n<ul class=\"wp-block-list\"><li>Por Dr. Juan Pablo Beca &#8211;&nbsp;Bio\u00e9tica &amp; Debat Agosto\/2007<\/li><\/ul>\n\n\n\n<p><a href=\"http:\/\/medicina.udd.cl\/centro-bioetica\/files\/2010\/10\/diagn\u00f3stico.pdf\">Diagn\u00f3stico de estrabismo en embriones: \u00bfun progreso deseable?<\/a><\/p>\n\n\n\n<ul class=\"wp-block-list\"><li>Por Dr. Juan Pablo Beca y Valentina Salvador &#8211;&nbsp;Bio\u00e9tica &amp; Debat Mayo\/2007<\/li><\/ul>\n\n\n\n<p><a href=\"http:\/\/medicina.udd.cl\/centro-bioetica\/files\/2010\/10\/sociedades-cient\u00edficas1.pdf\">\u00bfSociedades cient\u00edficas como fuente de informaci\u00f3n en salud?<\/a><\/p>\n\n\n\n<ul class=\"wp-block-list\"><li>Por Dr. Armando Ortiz Pommier &#8211;&nbsp;Bio\u00e9tica &amp; Debat Julio\/2006<\/li><\/ul>\n\n\n\n<p><a href=\"http:\/\/medicina.udd.cl\/centro-bioetica\/files\/2010\/10\/diagn\u00f3stico_prenatal.pdf\">Diagn\u00f3stico prenatal: alcance de las pruebas diagn\u00f3sticas<\/a><\/p>\n\n\n\n<ul class=\"wp-block-list\"><li>Por Dr. Juan Pablo Beca Infante &#8211;&nbsp;Bio\u00e9tica &amp; Debat 16\/5\/2006<\/li><\/ul>\n\n\n\n<p><a href=\"http:\/\/medicina.udd.cl\/centro-bioetica\/files\/2010\/10\/Criopreservaci\u00f3n.pdf\">Criopreservaci\u00f3n de embriones humanos<\/a><\/p>\n\n\n\n<ul class=\"wp-block-list\"><li>Por Dr. Juan Pablo Beca Infante<\/li><li>Bio\u00e9tica &amp; Debat 5\/9\/2006<\/li><\/ul>\n","protected":false},"excerpt":{"rendered":"<p>Nuestras publicaciones en medios electr\u00f3nicos.<\/p>\n","protected":false},"author":1,"featured_media":0,"parent":2302,"menu_order":0,"comment_status":"open","ping_status":"open","template":"","meta":{"footnotes":""},"class_list":["post-249","page","type-page","status-publish","hentry"],"yoast_head":"<!-- This site is optimized with the Yoast SEO plugin v26.9 - https:\/\/yoast.com\/product\/yoast-seo-wordpress\/ -->\n<title>Publicaciones electr\u00f3nicas - Centro de Bio\u00e9tica<\/title>\n<meta name=\"robots\" content=\"index, follow, max-snippet:-1, max-image-preview:large, max-video-preview:-1\" \/>\n<link rel=\"canonical\" href=\"https:\/\/medicina.udd.cl\/centro-bioetica\/nuestras-publicaciones\/publicaciones-electronicas\/\" \/>\n<meta property=\"og:locale\" content=\"es_ES\" \/>\n<meta property=\"og:type\" content=\"article\" \/>\n<meta property=\"og:title\" content=\"Publicaciones electr\u00f3nicas - Centro de Bio\u00e9tica\" \/>\n<meta property=\"og:description\" content=\"Nuestras publicaciones en medios electr\u00f3nicos.\" \/>\n<meta property=\"og:url\" content=\"https:\/\/medicina.udd.cl\/centro-bioetica\/nuestras-publicaciones\/publicaciones-electronicas\/\" \/>\n<meta property=\"og:site_name\" content=\"Centro de Bio\u00e9tica\" \/>\n<meta property=\"article:modified_time\" content=\"2022-05-10T15:10:12+00:00\" \/>\n<meta name=\"twitter:label1\" content=\"Tiempo de lectura\" \/>\n\t<meta name=\"twitter:data1\" content=\"1 minuto\" \/>\n<script type=\"application\/ld+json\" class=\"yoast-schema-graph\">{\"@context\":\"https:\/\/schema.org\",\"@graph\":[{\"@type\":\"WebPage\",\"@id\":\"https:\/\/medicina.udd.cl\/centro-bioetica\/nuestras-publicaciones\/publicaciones-electronicas\/\",\"url\":\"https:\/\/medicina.udd.cl\/centro-bioetica\/nuestras-publicaciones\/publicaciones-electronicas\/\",\"name\":\"Publicaciones electr\u00f3nicas - Centro de Bio\u00e9tica\",\"isPartOf\":{\"@id\":\"https:\/\/medicina.udd.cl\/centro-bioetica\/#website\"},\"datePublished\":\"2010-06-30T16:23:11+00:00\",\"dateModified\":\"2022-05-10T15:10:12+00:00\",\"breadcrumb\":{\"@id\":\"https:\/\/medicina.udd.cl\/centro-bioetica\/nuestras-publicaciones\/publicaciones-electronicas\/#breadcrumb\"},\"inLanguage\":\"es\",\"potentialAction\":[{\"@type\":\"ReadAction\",\"target\":[\"https:\/\/medicina.udd.cl\/centro-bioetica\/nuestras-publicaciones\/publicaciones-electronicas\/\"]}]},{\"@type\":\"BreadcrumbList\",\"@id\":\"https:\/\/medicina.udd.cl\/centro-bioetica\/nuestras-publicaciones\/publicaciones-electronicas\/#breadcrumb\",\"itemListElement\":[{\"@type\":\"ListItem\",\"position\":1,\"name\":\"Inicio\",\"item\":\"https:\/\/medicina.udd.cl\/centro-bioetica\/\"},{\"@type\":\"ListItem\",\"position\":2,\"name\":\"Publicaciones\",\"item\":\"https:\/\/medicina.udd.cl\/centro-bioetica\/nuestras-publicaciones\/\"},{\"@type\":\"ListItem\",\"position\":3,\"name\":\"Publicaciones electr\u00f3nicas\"}]},{\"@type\":\"WebSite\",\"@id\":\"https:\/\/medicina.udd.cl\/centro-bioetica\/#website\",\"url\":\"https:\/\/medicina.udd.cl\/centro-bioetica\/\",\"name\":\"Centro de Bio\u00e9tica\",\"description\":\"Universidad del Desarrollo\",\"inLanguage\":\"es\"}]}<\/script>\n<!-- \/ Yoast SEO plugin. -->","yoast_head_json":{"title":"Publicaciones electr\u00f3nicas - Centro de Bio\u00e9tica","robots":{"index":"index","follow":"follow","max-snippet":"max-snippet:-1","max-image-preview":"max-image-preview:large","max-video-preview":"max-video-preview:-1"},"canonical":"https:\/\/medicina.udd.cl\/centro-bioetica\/nuestras-publicaciones\/publicaciones-electronicas\/","og_locale":"es_ES","og_type":"article","og_title":"Publicaciones electr\u00f3nicas - Centro de Bio\u00e9tica","og_description":"Nuestras publicaciones en medios electr\u00f3nicos.","og_url":"https:\/\/medicina.udd.cl\/centro-bioetica\/nuestras-publicaciones\/publicaciones-electronicas\/","og_site_name":"Centro de Bio\u00e9tica","article_modified_time":"2022-05-10T15:10:12+00:00","twitter_misc":{"Tiempo de lectura":"1 minuto"},"schema":{"@context":"https:\/\/schema.org","@graph":[{"@type":"WebPage","@id":"https:\/\/medicina.udd.cl\/centro-bioetica\/nuestras-publicaciones\/publicaciones-electronicas\/","url":"https:\/\/medicina.udd.cl\/centro-bioetica\/nuestras-publicaciones\/publicaciones-electronicas\/","name":"Publicaciones electr\u00f3nicas - Centro de Bio\u00e9tica","isPartOf":{"@id":"https:\/\/medicina.udd.cl\/centro-bioetica\/#website"},"datePublished":"2010-06-30T16:23:11+00:00","dateModified":"2022-05-10T15:10:12+00:00","breadcrumb":{"@id":"https:\/\/medicina.udd.cl\/centro-bioetica\/nuestras-publicaciones\/publicaciones-electronicas\/#breadcrumb"},"inLanguage":"es","potentialAction":[{"@type":"ReadAction","target":["https:\/\/medicina.udd.cl\/centro-bioetica\/nuestras-publicaciones\/publicaciones-electronicas\/"]}]},{"@type":"BreadcrumbList","@id":"https:\/\/medicina.udd.cl\/centro-bioetica\/nuestras-publicaciones\/publicaciones-electronicas\/#breadcrumb","itemListElement":[{"@type":"ListItem","position":1,"name":"Inicio","item":"https:\/\/medicina.udd.cl\/centro-bioetica\/"},{"@type":"ListItem","position":2,"name":"Publicaciones","item":"https:\/\/medicina.udd.cl\/centro-bioetica\/nuestras-publicaciones\/"},{"@type":"ListItem","position":3,"name":"Publicaciones electr\u00f3nicas"}]},{"@type":"WebSite","@id":"https:\/\/medicina.udd.cl\/centro-bioetica\/#website","url":"https:\/\/medicina.udd.cl\/centro-bioetica\/","name":"Centro de Bio\u00e9tica","description":"Universidad del Desarrollo","inLanguage":"es"}]}},"_links":{"self":[{"href":"https:\/\/medicina.udd.cl\/centro-bioetica\/wp-json\/wp\/v2\/pages\/249","targetHints":{"allow":["GET"]}}],"collection":[{"href":"https:\/\/medicina.udd.cl\/centro-bioetica\/wp-json\/wp\/v2\/pages"}],"about":[{"href":"https:\/\/medicina.udd.cl\/centro-bioetica\/wp-json\/wp\/v2\/types\/page"}],"author":[{"embeddable":true,"href":"https:\/\/medicina.udd.cl\/centro-bioetica\/wp-json\/wp\/v2\/users\/1"}],"replies":[{"embeddable":true,"href":"https:\/\/medicina.udd.cl\/centro-bioetica\/wp-json\/wp\/v2\/comments?post=249"}],"version-history":[{"count":26,"href":"https:\/\/medicina.udd.cl\/centro-bioetica\/wp-json\/wp\/v2\/pages\/249\/revisions"}],"predecessor-version":[{"id":5687,"href":"https:\/\/medicina.udd.cl\/centro-bioetica\/wp-json\/wp\/v2\/pages\/249\/revisions\/5687"}],"up":[{"embeddable":true,"href":"https:\/\/medicina.udd.cl\/centro-bioetica\/wp-json\/wp\/v2\/pages\/2302"}],"wp:attachment":[{"href":"https:\/\/medicina.udd.cl\/centro-bioetica\/wp-json\/wp\/v2\/media?parent=249"}],"curies":[{"name":"wp","href":"https:\/\/api.w.org\/{rel}","templated":true}]}}