{"id":3585,"date":"2016-03-22T12:30:11","date_gmt":"2016-03-22T15:30:11","guid":{"rendered":"http:\/\/medicina.udd.cl\/centro-bioetica\/?page_id=3585"},"modified":"2016-09-23T13:57:37","modified_gmt":"2016-09-23T16:57:37","slug":"dialogos-bioeticos-2016","status":"publish","type":"page","link":"https:\/\/medicina.udd.cl\/centro-bioetica\/dialogos-bioeticos\/dialogos-bioeticos-2016\/","title":{"rendered":"Di\u00e1logos Bio\u00e9ticos 2016"},"content":{"rendered":"<p>Marzo 16:<\/p>\n<p><strong>\u00c9tica de las intervenciones para el mejoramiento humano<\/strong><\/p>\n<p>Presenta: Dra. Carmen Astete<\/p>\n<p><a href=\"http:\/\/www.savalnet.cl\/educacionmedica\/cursosycongresos\/20160316_29020\/\">Ver video<\/a><\/p>\n<p>Mayo 4:<\/p>\n<p><strong>Problemas \u00c9ticos en Oncolog\u00eda<\/strong><\/p>\n<p>Presenta: Dra. Karen Goset<\/p>\n<p><a href=\"http:\/\/www.savalnet.cl\/educacionmedica\/cursosycongresos\/20160316_29020\/\">Ver video<\/a><\/p>\n<p>Junio 29:<\/p>\n<p><strong>Problemas bio\u00e9ticos en situaciones de emergencia<\/strong><\/p>\n<p>Presenta: Prof. Juan Alberto Lecaros<\/p>\n<p><a href=\"http:\/\/www.savalnet.cl\/educacionmedica\/cursosycongresos\/20160316_29020\/\" target=\"_blank\">Ver video<\/a><\/p>\n<p>Septiembre 7:<\/p>\n<p><strong>Problemas \u00e9ticos cl\u00ednicos en las maternidades<\/strong><\/p>\n<p>Presenta: Alejandra Vald\u00e9s<\/p>\n<p><a href=\"http:\/\/www.savalnet.cl\/educacionmedica\/cursosycongresos\/20160316_29020\/\">Ver video<\/a><\/p>\n","protected":false},"excerpt":{"rendered":"<p>Marzo 16: \u00c9tica de las intervenciones para el mejoramiento humano Presenta: Dra. Carmen Astete Ver video Mayo 4: Problemas \u00c9ticos en Oncolog\u00eda Presenta: Dra. Karen Goset Ver video Junio 29: Problemas bio\u00e9ticos en situaciones de emergencia Presenta: Prof. Juan Alberto Lecaros Ver video Septiembre 7: Problemas \u00e9ticos cl\u00ednicos en las maternidades Presenta: Alejandra Vald\u00e9s Ver [&hellip;]<\/p>\n","protected":false},"author":42,"featured_media":0,"parent":226,"menu_order":0,"comment_status":"closed","ping_status":"closed","template":"","meta":{"footnotes":""},"class_list":["post-3585","page","type-page","status-publish","hentry"],"yoast_head":"<!-- This site is optimized with the Yoast SEO plugin v26.9 - https:\/\/yoast.com\/product\/yoast-seo-wordpress\/ -->\n<title>Di\u00e1logos Bio\u00e9ticos 2016 - Centro de Bio\u00e9tica<\/title>\n<meta name=\"robots\" content=\"index, follow, max-snippet:-1, max-image-preview:large, max-video-preview:-1\" \/>\n<link rel=\"canonical\" href=\"https:\/\/medicina.udd.cl\/centro-bioetica\/dialogos-bioeticos\/dialogos-bioeticos-2016\/\" \/>\n<meta property=\"og:locale\" content=\"es_ES\" \/>\n<meta property=\"og:type\" content=\"article\" \/>\n<meta property=\"og:title\" content=\"Di\u00e1logos Bio\u00e9ticos 2016 - Centro de Bio\u00e9tica\" \/>\n<meta property=\"og:description\" content=\"Marzo 16: \u00c9tica de las intervenciones para el mejoramiento humano Presenta: Dra. Carmen Astete Ver video Mayo 4: Problemas \u00c9ticos en Oncolog\u00eda Presenta: Dra. Karen Goset Ver video Junio 29: Problemas bio\u00e9ticos en situaciones de emergencia Presenta: Prof. Juan Alberto Lecaros Ver video Septiembre 7: Problemas \u00e9ticos cl\u00ednicos en las maternidades Presenta: Alejandra Vald\u00e9s Ver [&hellip;]\" \/>\n<meta property=\"og:url\" content=\"https:\/\/medicina.udd.cl\/centro-bioetica\/dialogos-bioeticos\/dialogos-bioeticos-2016\/\" \/>\n<meta property=\"og:site_name\" content=\"Centro de Bio\u00e9tica\" \/>\n<meta property=\"article:modified_time\" content=\"2016-09-23T16:57:37+00:00\" \/>\n<script type=\"application\/ld+json\" class=\"yoast-schema-graph\">{\"@context\":\"https:\/\/schema.org\",\"@graph\":[{\"@type\":\"WebPage\",\"@id\":\"https:\/\/medicina.udd.cl\/centro-bioetica\/dialogos-bioeticos\/dialogos-bioeticos-2016\/\",\"url\":\"https:\/\/medicina.udd.cl\/centro-bioetica\/dialogos-bioeticos\/dialogos-bioeticos-2016\/\",\"name\":\"Di\u00e1logos Bio\u00e9ticos 2016 - Centro de Bio\u00e9tica\",\"isPartOf\":{\"@id\":\"https:\/\/medicina.udd.cl\/centro-bioetica\/#website\"},\"datePublished\":\"2016-03-22T15:30:11+00:00\",\"dateModified\":\"2016-09-23T16:57:37+00:00\",\"breadcrumb\":{\"@id\":\"https:\/\/medicina.udd.cl\/centro-bioetica\/dialogos-bioeticos\/dialogos-bioeticos-2016\/#breadcrumb\"},\"inLanguage\":\"es\",\"potentialAction\":[{\"@type\":\"ReadAction\",\"target\":[\"https:\/\/medicina.udd.cl\/centro-bioetica\/dialogos-bioeticos\/dialogos-bioeticos-2016\/\"]}]},{\"@type\":\"BreadcrumbList\",\"@id\":\"https:\/\/medicina.udd.cl\/centro-bioetica\/dialogos-bioeticos\/dialogos-bioeticos-2016\/#breadcrumb\",\"itemListElement\":[{\"@type\":\"ListItem\",\"position\":1,\"name\":\"Inicio\",\"item\":\"https:\/\/medicina.udd.cl\/centro-bioetica\/\"},{\"@type\":\"ListItem\",\"position\":2,\"name\":\"Di\u00e1logos Bio\u00e9ticos\",\"item\":\"https:\/\/medicina.udd.cl\/centro-bioetica\/dialogos-bioeticos\/\"},{\"@type\":\"ListItem\",\"position\":3,\"name\":\"Di\u00e1logos Bio\u00e9ticos 2016\"}]},{\"@type\":\"WebSite\",\"@id\":\"https:\/\/medicina.udd.cl\/centro-bioetica\/#website\",\"url\":\"https:\/\/medicina.udd.cl\/centro-bioetica\/\",\"name\":\"Centro de Bio\u00e9tica\",\"description\":\"Universidad del Desarrollo\",\"inLanguage\":\"es\"}]}<\/script>\n<!-- \/ Yoast SEO plugin. -->","yoast_head_json":{"title":"Di\u00e1logos Bio\u00e9ticos 2016 - Centro de Bio\u00e9tica","robots":{"index":"index","follow":"follow","max-snippet":"max-snippet:-1","max-image-preview":"max-image-preview:large","max-video-preview":"max-video-preview:-1"},"canonical":"https:\/\/medicina.udd.cl\/centro-bioetica\/dialogos-bioeticos\/dialogos-bioeticos-2016\/","og_locale":"es_ES","og_type":"article","og_title":"Di\u00e1logos Bio\u00e9ticos 2016 - Centro de Bio\u00e9tica","og_description":"Marzo 16: \u00c9tica de las intervenciones para el mejoramiento humano Presenta: Dra. Carmen Astete Ver video Mayo 4: Problemas \u00c9ticos en Oncolog\u00eda Presenta: Dra. Karen Goset Ver video Junio 29: Problemas bio\u00e9ticos en situaciones de emergencia Presenta: Prof. Juan Alberto Lecaros Ver video Septiembre 7: Problemas \u00e9ticos cl\u00ednicos en las maternidades Presenta: Alejandra Vald\u00e9s Ver [&hellip;]","og_url":"https:\/\/medicina.udd.cl\/centro-bioetica\/dialogos-bioeticos\/dialogos-bioeticos-2016\/","og_site_name":"Centro de Bio\u00e9tica","article_modified_time":"2016-09-23T16:57:37+00:00","schema":{"@context":"https:\/\/schema.org","@graph":[{"@type":"WebPage","@id":"https:\/\/medicina.udd.cl\/centro-bioetica\/dialogos-bioeticos\/dialogos-bioeticos-2016\/","url":"https:\/\/medicina.udd.cl\/centro-bioetica\/dialogos-bioeticos\/dialogos-bioeticos-2016\/","name":"Di\u00e1logos Bio\u00e9ticos 2016 - Centro de Bio\u00e9tica","isPartOf":{"@id":"https:\/\/medicina.udd.cl\/centro-bioetica\/#website"},"datePublished":"2016-03-22T15:30:11+00:00","dateModified":"2016-09-23T16:57:37+00:00","breadcrumb":{"@id":"https:\/\/medicina.udd.cl\/centro-bioetica\/dialogos-bioeticos\/dialogos-bioeticos-2016\/#breadcrumb"},"inLanguage":"es","potentialAction":[{"@type":"ReadAction","target":["https:\/\/medicina.udd.cl\/centro-bioetica\/dialogos-bioeticos\/dialogos-bioeticos-2016\/"]}]},{"@type":"BreadcrumbList","@id":"https:\/\/medicina.udd.cl\/centro-bioetica\/dialogos-bioeticos\/dialogos-bioeticos-2016\/#breadcrumb","itemListElement":[{"@type":"ListItem","position":1,"name":"Inicio","item":"https:\/\/medicina.udd.cl\/centro-bioetica\/"},{"@type":"ListItem","position":2,"name":"Di\u00e1logos Bio\u00e9ticos","item":"https:\/\/medicina.udd.cl\/centro-bioetica\/dialogos-bioeticos\/"},{"@type":"ListItem","position":3,"name":"Di\u00e1logos Bio\u00e9ticos 2016"}]},{"@type":"WebSite","@id":"https:\/\/medicina.udd.cl\/centro-bioetica\/#website","url":"https:\/\/medicina.udd.cl\/centro-bioetica\/","name":"Centro de Bio\u00e9tica","description":"Universidad del Desarrollo","inLanguage":"es"}]}},"_links":{"self":[{"href":"https:\/\/medicina.udd.cl\/centro-bioetica\/wp-json\/wp\/v2\/pages\/3585","targetHints":{"allow":["GET"]}}],"collection":[{"href":"https:\/\/medicina.udd.cl\/centro-bioetica\/wp-json\/wp\/v2\/pages"}],"about":[{"href":"https:\/\/medicina.udd.cl\/centro-bioetica\/wp-json\/wp\/v2\/types\/page"}],"author":[{"embeddable":true,"href":"https:\/\/medicina.udd.cl\/centro-bioetica\/wp-json\/wp\/v2\/users\/42"}],"replies":[{"embeddable":true,"href":"https:\/\/medicina.udd.cl\/centro-bioetica\/wp-json\/wp\/v2\/comments?post=3585"}],"version-history":[{"count":4,"href":"https:\/\/medicina.udd.cl\/centro-bioetica\/wp-json\/wp\/v2\/pages\/3585\/revisions"}],"predecessor-version":[{"id":3754,"href":"https:\/\/medicina.udd.cl\/centro-bioetica\/wp-json\/wp\/v2\/pages\/3585\/revisions\/3754"}],"up":[{"embeddable":true,"href":"https:\/\/medicina.udd.cl\/centro-bioetica\/wp-json\/wp\/v2\/pages\/226"}],"wp:attachment":[{"href":"https:\/\/medicina.udd.cl\/centro-bioetica\/wp-json\/wp\/v2\/media?parent=3585"}],"curies":[{"name":"wp","href":"https:\/\/api.w.org\/{rel}","templated":true}]}}

Diálogos Bioéticos 2016

<p>Marzo 16:</p>
<p><strong>Ética de las intervenciones para el mejoramiento humano</strong></p>
<p>Presenta: Dra. Carmen Astete</p>
<p><a href="http://www.savalnet.cl/educacionmedica/cursosycongresos/20160316_29020/">Ver video</a></p>
<p>Mayo 4:</p>
<p><strong>Problemas Éticos en Oncología</strong></p>
<p>Presenta: Dra. Karen Goset</p>
<p><a href="http://www.savalnet.cl/educacionmedica/cursosycongresos/20160316_29020/">Ver video</a></p>
<p>Junio 29:</p>
<p><strong>Problemas bioéticos en situaciones de emergencia</strong></p>
<p>Presenta: Prof. Juan Alberto Lecaros</p>
<p><a href="http://www.savalnet.cl/educacionmedica/cursosycongresos/20160316_29020/" target="_blank">Ver video</a></p>
<p>Septiembre 7:</p>
<p><strong>Problemas éticos clínicos en las maternidades</strong></p>
<p>Presenta: Alejandra Valdés</p>
<p><a href="http://www.savalnet.cl/educacionmedica/cursosycongresos/20160316_29020/">Ver video</a></p>

<p>Marzo 16: Ética de las intervenciones para el mejoramiento humano Presenta: Dra. Carmen Astete Ver video Mayo 4: Problemas Éticos en Oncología Presenta: Dra. Karen Goset Ver video Junio 29: Problemas bioéticos en situaciones de emergencia Presenta: Prof. Juan Alberto Lecaros Ver video Septiembre 7: Problemas éticos clínicos en las maternidades Presenta: Alejandra Valdés Ver [&hellip;]</p>

<!-- This site is optimized with the Yoast SEO plugin v26.9 - https://yoast.com/product/yoast-seo-wordpress/ -->
<title>Diálogos Bioéticos 2016 - Centro de Bioética</title>
<meta name="robots" content="index, follow, max-snippet:-1, max-image-preview:large, max-video-preview:-1" />
<link rel="canonical" href="https://medicina.udd.cl/centro-bioetica/dialogos-bioeticos/dialogos-bioeticos-2016/" />
<meta property="og:locale" content="es_ES" />
<meta property="og:type" content="article" />
<meta property="og:title" content="Diálogos Bioéticos 2016 - Centro de Bioética" />
<meta property="og:description" content="Marzo 16: Ética de las intervenciones para el mejoramiento humano Presenta: Dra. Carmen Astete Ver video Mayo 4: Problemas Éticos en Oncología Presenta: Dra. Karen Goset Ver video Junio 29: Problemas bioéticos en situaciones de emergencia Presenta: Prof. Juan Alberto Lecaros Ver video Septiembre 7: Problemas éticos clínicos en las maternidades Presenta: Alejandra Valdés Ver [&hellip;]" />
<meta property="og:url" content="https://medicina.udd.cl/centro-bioetica/dialogos-bioeticos/dialogos-bioeticos-2016/" />
<meta property="og:site_name" content="Centro de Bioética" />
<meta property="article:modified_time" content="2016-09-23T16:57:37+00:00" />
<script type="application/ld+json" class="yoast-schema-graph">{"@context":"https://schema.org","@graph":[{"@type":"WebPage","@id":"https://medicina.udd.cl/centro-bioetica/dialogos-bioeticos/dialogos-bioeticos-2016/","url":"https://medicina.udd.cl/centro-bioetica/dialogos-bioeticos/dialogos-bioeticos-2016/","name":"Diálogos Bioéticos 2016 - Centro de Bioética","isPartOf":{"@id":"https://medicina.udd.cl/centro-bioetica/#website"},"datePublished":"2016-03-22T15:30:11+00:00","dateModified":"2016-09-23T16:57:37+00:00","breadcrumb":{"@id":"https://medicina.udd.cl/centro-bioetica/dialogos-bioeticos/dialogos-bioeticos-2016/#breadcrumb"},"inLanguage":"es","potentialAction":[{"@type":"ReadAction","target":["https://medicina.udd.cl/centro-bioetica/dialogos-bioeticos/dialogos-bioeticos-2016/"]}]},{"@type":"BreadcrumbList","@id":"https://medicina.udd.cl/centro-bioetica/dialogos-bioeticos/dialogos-bioeticos-2016/#breadcrumb","itemListElement":[{"@type":"ListItem","position":1,"name":"Inicio","item":"https://medicina.udd.cl/centro-bioetica/"},{"@type":"ListItem","position":2,"name":"Diálogos Bioéticos","item":"https://medicina.udd.cl/centro-bioetica/dialogos-bioeticos/"},{"@type":"ListItem","position":3,"name":"Diálogos Bioéticos 2016"}]},{"@type":"WebSite","@id":"https://medicina.udd.cl/centro-bioetica/#website","url":"https://medicina.udd.cl/centro-bioetica/","name":"Centro de Bioética","description":"Universidad del Desarrollo","inLanguage":"es"}]}</script>
<!-- / Yoast SEO plugin. -->

Diálogos Bioéticos 2016 - Centro de Bioética

Marzo 16: Ética de las intervenciones para el mejoramiento humano Presenta: Dra. Carmen Astete Ver video Mayo 4: Problemas Éticos en Oncología Presenta: Dra. Karen Goset Ver video Junio 29: Problemas bioéticos en situaciones de emergencia Presenta: Prof. Juan Alberto Lecaros Ver video Septiembre 7: Problemas éticos clínicos en las maternidades Presenta: Alejandra Valdés Ver [&hellip;]

Centro de Bioética

Diálogos Bioéticos
