{"id":450,"date":"2010-08-10T09:10:46","date_gmt":"2010-08-10T13:10:46","guid":{"rendered":"http:\/\/medicina.udd.cl\/centro-bioetica\/alto-rechazo-a-ser-donantes-al-renovar-carnet-de-identidad\/"},"modified":"2010-08-10T09:17:38","modified_gmt":"2010-08-10T13:17:38","slug":"alto-rechazo-a-ser-donantes-al-renovar-carnet-de-identidad","status":"publish","type":"page","link":"https:\/\/medicina.udd.cl\/centro-bioetica\/alto-rechazo-a-ser-donantes-al-renovar-carnet-de-identidad\/","title":{"rendered":"Alto rechazo a ser donantes al renovar carnet de identidad"},"content":{"rendered":"<p>El Mercurio<br \/>\n10 de agosto 2010<\/p>\n<p style=\"text-align: justify\">Cuatro de cada diez personas que han obtenido o renovado su carnet de identidad en lo que va corrido de 2010 han rechazado ser donantes de \u00f3rganos, una opci\u00f3n abierta por la ley que entr\u00f3 en vigencia en enero. Si a eso se suma el n\u00famero de chilenos que han estampado su negativa en la licencia de conducir, la cifra es mayor que la esperada, reconocen los especialistas en el tema.<\/p>\n<p style=\"text-align: justify\">El miedo a no ser atendido como corresponde en caso de urgencia m\u00e9dica es una de las principales razones del rechazo. Por ello, los m\u00e9dicos enfatizan en la necesidad de educar sobre el proceso de obtenci\u00f3n de \u00f3rganos para borrar mitos que a\u00fan persisten en la poblaci\u00f3n.<\/p>\n<p style=\"text-align: justify\">Leer m\u00e1s de la noticia <a href=\"http:\/\/diario.elmercurio.com\/2010\/08\/10\/ciencia_y_tecnologia\/ciencia_y_tecnologia\/noticias\/D66C9690-BD75-4103-B0D1-11FE0299FF0B.htm?id={D66C9690-BD75-4103-B0D1-11FE0299FF0B}\">aqu\u00ed<\/a><\/p>\n","protected":false},"excerpt":{"rendered":"<p>La gente teme recibir una mala atenci\u00f3n en caso de urgencia.  <\/p>\n","protected":false},"author":1,"featured_media":0,"parent":0,"menu_order":0,"comment_status":"open","ping_status":"open","template":"","meta":{"footnotes":""},"class_list":["post-450","page","type-page","status-publish","hentry"],"yoast_head":"<!-- This site is optimized with the Yoast SEO plugin v26.9 - https:\/\/yoast.com\/product\/yoast-seo-wordpress\/ -->\n<title>Alto rechazo a ser donantes al renovar carnet de identidad - Centro de Bio\u00e9tica<\/title>\n<meta name=\"robots\" content=\"index, follow, max-snippet:-1, max-image-preview:large, max-video-preview:-1\" \/>\n<link rel=\"canonical\" href=\"https:\/\/medicina.udd.cl\/centro-bioetica\/alto-rechazo-a-ser-donantes-al-renovar-carnet-de-identidad\/\" \/>\n<meta property=\"og:locale\" content=\"es_ES\" \/>\n<meta property=\"og:type\" content=\"article\" \/>\n<meta property=\"og:title\" content=\"Alto rechazo a ser donantes al renovar carnet de identidad - Centro de Bio\u00e9tica\" \/>\n<meta property=\"og:description\" content=\"La gente teme recibir una mala atenci\u00f3n en caso de urgencia.\" \/>\n<meta property=\"og:url\" content=\"https:\/\/medicina.udd.cl\/centro-bioetica\/alto-rechazo-a-ser-donantes-al-renovar-carnet-de-identidad\/\" \/>\n<meta property=\"og:site_name\" content=\"Centro de Bio\u00e9tica\" \/>\n<meta property=\"article:modified_time\" content=\"2010-08-10T13:17:38+00:00\" \/>\n<meta name=\"twitter:label1\" content=\"Tiempo de lectura\" \/>\n\t<meta name=\"twitter:data1\" content=\"1 minuto\" \/>\n<script type=\"application\/ld+json\" class=\"yoast-schema-graph\">{\"@context\":\"https:\/\/schema.org\",\"@graph\":[{\"@type\":\"WebPage\",\"@id\":\"https:\/\/medicina.udd.cl\/centro-bioetica\/alto-rechazo-a-ser-donantes-al-renovar-carnet-de-identidad\/\",\"url\":\"https:\/\/medicina.udd.cl\/centro-bioetica\/alto-rechazo-a-ser-donantes-al-renovar-carnet-de-identidad\/\",\"name\":\"Alto rechazo a ser donantes al renovar carnet de identidad - Centro de Bio\u00e9tica\",\"isPartOf\":{\"@id\":\"https:\/\/medicina.udd.cl\/centro-bioetica\/#website\"},\"datePublished\":\"2010-08-10T13:10:46+00:00\",\"dateModified\":\"2010-08-10T13:17:38+00:00\",\"breadcrumb\":{\"@id\":\"https:\/\/medicina.udd.cl\/centro-bioetica\/alto-rechazo-a-ser-donantes-al-renovar-carnet-de-identidad\/#breadcrumb\"},\"inLanguage\":\"es\",\"potentialAction\":[{\"@type\":\"ReadAction\",\"target\":[\"https:\/\/medicina.udd.cl\/centro-bioetica\/alto-rechazo-a-ser-donantes-al-renovar-carnet-de-identidad\/\"]}]},{\"@type\":\"BreadcrumbList\",\"@id\":\"https:\/\/medicina.udd.cl\/centro-bioetica\/alto-rechazo-a-ser-donantes-al-renovar-carnet-de-identidad\/#breadcrumb\",\"itemListElement\":[{\"@type\":\"ListItem\",\"position\":1,\"name\":\"Inicio\",\"item\":\"https:\/\/medicina.udd.cl\/centro-bioetica\/\"},{\"@type\":\"ListItem\",\"position\":2,\"name\":\"Alto rechazo a ser donantes al renovar carnet de identidad\"}]},{\"@type\":\"WebSite\",\"@id\":\"https:\/\/medicina.udd.cl\/centro-bioetica\/#website\",\"url\":\"https:\/\/medicina.udd.cl\/centro-bioetica\/\",\"name\":\"Centro de Bio\u00e9tica\",\"description\":\"Universidad del Desarrollo\",\"inLanguage\":\"es\"}]}<\/script>\n<!-- \/ Yoast SEO plugin. -->","yoast_head_json":{"title":"Alto rechazo a ser donantes al renovar carnet de identidad - Centro de Bio\u00e9tica","robots":{"index":"index","follow":"follow","max-snippet":"max-snippet:-1","max-image-preview":"max-image-preview:large","max-video-preview":"max-video-preview:-1"},"canonical":"https:\/\/medicina.udd.cl\/centro-bioetica\/alto-rechazo-a-ser-donantes-al-renovar-carnet-de-identidad\/","og_locale":"es_ES","og_type":"article","og_title":"Alto rechazo a ser donantes al renovar carnet de identidad - Centro de Bio\u00e9tica","og_description":"La gente teme recibir una mala atenci\u00f3n en caso de urgencia.","og_url":"https:\/\/medicina.udd.cl\/centro-bioetica\/alto-rechazo-a-ser-donantes-al-renovar-carnet-de-identidad\/","og_site_name":"Centro de Bio\u00e9tica","article_modified_time":"2010-08-10T13:17:38+00:00","twitter_misc":{"Tiempo de lectura":"1 minuto"},"schema":{"@context":"https:\/\/schema.org","@graph":[{"@type":"WebPage","@id":"https:\/\/medicina.udd.cl\/centro-bioetica\/alto-rechazo-a-ser-donantes-al-renovar-carnet-de-identidad\/","url":"https:\/\/medicina.udd.cl\/centro-bioetica\/alto-rechazo-a-ser-donantes-al-renovar-carnet-de-identidad\/","name":"Alto rechazo a ser donantes al renovar carnet de identidad - Centro de Bio\u00e9tica","isPartOf":{"@id":"https:\/\/medicina.udd.cl\/centro-bioetica\/#website"},"datePublished":"2010-08-10T13:10:46+00:00","dateModified":"2010-08-10T13:17:38+00:00","breadcrumb":{"@id":"https:\/\/medicina.udd.cl\/centro-bioetica\/alto-rechazo-a-ser-donantes-al-renovar-carnet-de-identidad\/#breadcrumb"},"inLanguage":"es","potentialAction":[{"@type":"ReadAction","target":["https:\/\/medicina.udd.cl\/centro-bioetica\/alto-rechazo-a-ser-donantes-al-renovar-carnet-de-identidad\/"]}]},{"@type":"BreadcrumbList","@id":"https:\/\/medicina.udd.cl\/centro-bioetica\/alto-rechazo-a-ser-donantes-al-renovar-carnet-de-identidad\/#breadcrumb","itemListElement":[{"@type":"ListItem","position":1,"name":"Inicio","item":"https:\/\/medicina.udd.cl\/centro-bioetica\/"},{"@type":"ListItem","position":2,"name":"Alto rechazo a ser donantes al renovar carnet de identidad"}]},{"@type":"WebSite","@id":"https:\/\/medicina.udd.cl\/centro-bioetica\/#website","url":"https:\/\/medicina.udd.cl\/centro-bioetica\/","name":"Centro de Bio\u00e9tica","description":"Universidad del Desarrollo","inLanguage":"es"}]}},"_links":{"self":[{"href":"https:\/\/medicina.udd.cl\/centro-bioetica\/wp-json\/wp\/v2\/pages\/450","targetHints":{"allow":["GET"]}}],"collection":[{"href":"https:\/\/medicina.udd.cl\/centro-bioetica\/wp-json\/wp\/v2\/pages"}],"about":[{"href":"https:\/\/medicina.udd.cl\/centro-bioetica\/wp-json\/wp\/v2\/types\/page"}],"author":[{"embeddable":true,"href":"https:\/\/medicina.udd.cl\/centro-bioetica\/wp-json\/wp\/v2\/users\/1"}],"replies":[{"embeddable":true,"href":"https:\/\/medicina.udd.cl\/centro-bioetica\/wp-json\/wp\/v2\/comments?post=450"}],"version-history":[{"count":1,"href":"https:\/\/medicina.udd.cl\/centro-bioetica\/wp-json\/wp\/v2\/pages\/450\/revisions"}],"predecessor-version":[{"id":452,"href":"https:\/\/medicina.udd.cl\/centro-bioetica\/wp-json\/wp\/v2\/pages\/450\/revisions\/452"}],"wp:attachment":[{"href":"https:\/\/medicina.udd.cl\/centro-bioetica\/wp-json\/wp\/v2\/media?parent=450"}],"curies":[{"name":"wp","href":"https:\/\/api.w.org\/{rel}","templated":true}]}}