{"id":5140,"date":"2020-10-13T09:58:26","date_gmt":"2020-10-13T12:58:26","guid":{"rendered":"http:\/\/medicina.udd.cl\/centro-bioetica\/?page_id=5140"},"modified":"2021-04-21T18:53:14","modified_gmt":"2021-04-21T22:53:14","slug":"links-de-interes","status":"publish","type":"page","link":"https:\/\/medicina.udd.cl\/centro-bioetica\/links-de-interes\/","title":{"rendered":"Links de inter\u00e9s"},"content":{"rendered":"\n<ul class=\"wp-block-list\"><li><a href=\"https:\/\/www.hhs.gov\/ohrp\/education-and-outreach\/acerca-de-las-investigaciones-cient%c3%adficas\/index.html\">Acerca de La Participaci\u00f3n en Las Investigaciones Cient\u00edficas<\/a><\/li><li><a href=\"https:\/\/www.hhs.gov\/ohrp\/education-and-outreach\/about-research-participation\/videos-informativos\/index.html\">Videos acerca de la participaci\u00f3n en investigaciones cient\u00edficas<\/a><\/li><\/ul>\n","protected":false},"excerpt":{"rendered":"<p>Acerca de La Participaci\u00f3n en Las Investigaciones Cient\u00edficas Videos acerca de la participaci\u00f3n en investigaciones cient\u00edficas<\/p>\n","protected":false},"author":9192219,"featured_media":0,"parent":0,"menu_order":0,"comment_status":"closed","ping_status":"closed","template":"","meta":{"footnotes":""},"class_list":["post-5140","page","type-page","status-publish","hentry"],"yoast_head":"<!-- This site is optimized with the Yoast SEO plugin v26.9 - https:\/\/yoast.com\/product\/yoast-seo-wordpress\/ -->\n<title>Links de inter\u00e9s - Centro de Bio\u00e9tica<\/title>\n<meta name=\"robots\" content=\"index, follow, max-snippet:-1, max-image-preview:large, max-video-preview:-1\" \/>\n<link rel=\"canonical\" href=\"https:\/\/medicina.udd.cl\/centro-bioetica\/links-de-interes\/\" \/>\n<meta property=\"og:locale\" content=\"es_ES\" \/>\n<meta property=\"og:type\" content=\"article\" \/>\n<meta property=\"og:title\" content=\"Links de inter\u00e9s - Centro de Bio\u00e9tica\" \/>\n<meta property=\"og:description\" content=\"Acerca de La Participaci\u00f3n en Las Investigaciones Cient\u00edficas Videos acerca de la participaci\u00f3n en investigaciones cient\u00edficas\" \/>\n<meta property=\"og:url\" content=\"https:\/\/medicina.udd.cl\/centro-bioetica\/links-de-interes\/\" \/>\n<meta property=\"og:site_name\" content=\"Centro de Bio\u00e9tica\" \/>\n<meta property=\"article:modified_time\" content=\"2021-04-21T22:53:14+00:00\" \/>\n<script type=\"application\/ld+json\" class=\"yoast-schema-graph\">{\"@context\":\"https:\/\/schema.org\",\"@graph\":[{\"@type\":\"WebPage\",\"@id\":\"https:\/\/medicina.udd.cl\/centro-bioetica\/links-de-interes\/\",\"url\":\"https:\/\/medicina.udd.cl\/centro-bioetica\/links-de-interes\/\",\"name\":\"Links de inter\u00e9s - Centro de Bio\u00e9tica\",\"isPartOf\":{\"@id\":\"https:\/\/medicina.udd.cl\/centro-bioetica\/#website\"},\"datePublished\":\"2020-10-13T12:58:26+00:00\",\"dateModified\":\"2021-04-21T22:53:14+00:00\",\"breadcrumb\":{\"@id\":\"https:\/\/medicina.udd.cl\/centro-bioetica\/links-de-interes\/#breadcrumb\"},\"inLanguage\":\"es\",\"potentialAction\":[{\"@type\":\"ReadAction\",\"target\":[\"https:\/\/medicina.udd.cl\/centro-bioetica\/links-de-interes\/\"]}]},{\"@type\":\"BreadcrumbList\",\"@id\":\"https:\/\/medicina.udd.cl\/centro-bioetica\/links-de-interes\/#breadcrumb\",\"itemListElement\":[{\"@type\":\"ListItem\",\"position\":1,\"name\":\"Inicio\",\"item\":\"https:\/\/medicina.udd.cl\/centro-bioetica\/\"},{\"@type\":\"ListItem\",\"position\":2,\"name\":\"Links de inter\u00e9s\"}]},{\"@type\":\"WebSite\",\"@id\":\"https:\/\/medicina.udd.cl\/centro-bioetica\/#website\",\"url\":\"https:\/\/medicina.udd.cl\/centro-bioetica\/\",\"name\":\"Centro de Bio\u00e9tica\",\"description\":\"Universidad del Desarrollo\",\"inLanguage\":\"es\"}]}<\/script>\n<!-- \/ Yoast SEO plugin. -->","yoast_head_json":{"title":"Links de inter\u00e9s - Centro de Bio\u00e9tica","robots":{"index":"index","follow":"follow","max-snippet":"max-snippet:-1","max-image-preview":"max-image-preview:large","max-video-preview":"max-video-preview:-1"},"canonical":"https:\/\/medicina.udd.cl\/centro-bioetica\/links-de-interes\/","og_locale":"es_ES","og_type":"article","og_title":"Links de inter\u00e9s - Centro de Bio\u00e9tica","og_description":"Acerca de La Participaci\u00f3n en Las Investigaciones Cient\u00edficas Videos acerca de la participaci\u00f3n en investigaciones cient\u00edficas","og_url":"https:\/\/medicina.udd.cl\/centro-bioetica\/links-de-interes\/","og_site_name":"Centro de Bio\u00e9tica","article_modified_time":"2021-04-21T22:53:14+00:00","schema":{"@context":"https:\/\/schema.org","@graph":[{"@type":"WebPage","@id":"https:\/\/medicina.udd.cl\/centro-bioetica\/links-de-interes\/","url":"https:\/\/medicina.udd.cl\/centro-bioetica\/links-de-interes\/","name":"Links de inter\u00e9s - Centro de Bio\u00e9tica","isPartOf":{"@id":"https:\/\/medicina.udd.cl\/centro-bioetica\/#website"},"datePublished":"2020-10-13T12:58:26+00:00","dateModified":"2021-04-21T22:53:14+00:00","breadcrumb":{"@id":"https:\/\/medicina.udd.cl\/centro-bioetica\/links-de-interes\/#breadcrumb"},"inLanguage":"es","potentialAction":[{"@type":"ReadAction","target":["https:\/\/medicina.udd.cl\/centro-bioetica\/links-de-interes\/"]}]},{"@type":"BreadcrumbList","@id":"https:\/\/medicina.udd.cl\/centro-bioetica\/links-de-interes\/#breadcrumb","itemListElement":[{"@type":"ListItem","position":1,"name":"Inicio","item":"https:\/\/medicina.udd.cl\/centro-bioetica\/"},{"@type":"ListItem","position":2,"name":"Links de inter\u00e9s"}]},{"@type":"WebSite","@id":"https:\/\/medicina.udd.cl\/centro-bioetica\/#website","url":"https:\/\/medicina.udd.cl\/centro-bioetica\/","name":"Centro de Bio\u00e9tica","description":"Universidad del Desarrollo","inLanguage":"es"}]}},"_links":{"self":[{"href":"https:\/\/medicina.udd.cl\/centro-bioetica\/wp-json\/wp\/v2\/pages\/5140","targetHints":{"allow":["GET"]}}],"collection":[{"href":"https:\/\/medicina.udd.cl\/centro-bioetica\/wp-json\/wp\/v2\/pages"}],"about":[{"href":"https:\/\/medicina.udd.cl\/centro-bioetica\/wp-json\/wp\/v2\/types\/page"}],"author":[{"embeddable":true,"href":"https:\/\/medicina.udd.cl\/centro-bioetica\/wp-json\/wp\/v2\/users\/9192219"}],"replies":[{"embeddable":true,"href":"https:\/\/medicina.udd.cl\/centro-bioetica\/wp-json\/wp\/v2\/comments?post=5140"}],"version-history":[{"count":2,"href":"https:\/\/medicina.udd.cl\/centro-bioetica\/wp-json\/wp\/v2\/pages\/5140\/revisions"}],"predecessor-version":[{"id":5348,"href":"https:\/\/medicina.udd.cl\/centro-bioetica\/wp-json\/wp\/v2\/pages\/5140\/revisions\/5348"}],"wp:attachment":[{"href":"https:\/\/medicina.udd.cl\/centro-bioetica\/wp-json\/wp\/v2\/media?parent=5140"}],"curies":[{"name":"wp","href":"https:\/\/api.w.org\/{rel}","templated":true}]}}