{"id":6513,"date":"2025-04-09T09:07:39","date_gmt":"2025-04-09T13:07:39","guid":{"rendered":"https:\/\/medicina.udd.cl\/centro-bioetica\/?page_id=6513"},"modified":"2025-08-28T12:15:10","modified_gmt":"2025-08-28T16:15:10","slug":"dialogos-bioeticos-2025","status":"publish","type":"page","link":"https:\/\/medicina.udd.cl\/centro-bioetica\/dialogos-bioeticos-2025\/","title":{"rendered":"Di\u00e1logos Bio\u00e9ticos 2025"},"content":{"rendered":"<section class=\"wp-block-udd-videos-row\">\n\t<div class=\"videos-row container\">\n\t\t\t\t<header class=\"block__header\">\n\t\t\t\t\t\t<h2 class=\"block__title\">\n\t\t\t\tDI\u00c1LOGOS REALIZADOS\t\t\t<\/h2>\n\t\t\t\t\t\t\t\t<\/header>\n\t\t\t\t\t\t<div class=\"row videos-row__videos\">\n\t\t\t<article class=\"udd-video\">\n\t<a href=\"https:\/\/www.youtube.com\/watch?v=S5tx5UFcuBM&#038;t=1s\" class=\"js-udd-video-modal udd-video__link\" data-video-id=\"S5tx5UFcuBM\">\n\t\t<span class=\"udd-video__label\"><svg class=\"svg-video-dims\"><use xlink:href='https:\/\/medicina.udd.cl\/centro-bioetica\/wp-content\/themes\/facultades-2018\/assets\/img\/svg\/dist\/main.svg?version=1695853099#video'><\/use><\/svg> Ver video<\/span>\n\t\t<h3 class=\"udd-video__title\">\n\t\t\tDi\u00e1logo Bio\u00e9tico | Eutanasia en Chile \u00bfEstamos preparados?\t\t<\/h3>\n\t\t<span class=\"udd-video__image-container\"><img decoding=\"async\" src=\"https:\/\/i.ytimg.com\/vi\/S5tx5UFcuBM\/hqdefault.jpg\" loading=\"lazy\" alt=\"Di\u00e1logo Bio\u00e9tico | Eutanasia en Chile \u00bfEstamos preparados?\" class=\"udd-video__image\" alt=\"Previsualizaci\u00f3n de &#039;Di\u00e1logo Bio\u00e9tico | Eutanasia en Chile \u00bfEstamos preparados?&#039;\"><\/span>\t<\/a>\n<\/article>\n<article class=\"udd-video\">\n\t<a href=\"https:\/\/www.youtube.com\/watch?v=-TLXCaHBc9M\" class=\"js-udd-video-modal udd-video__link\" data-video-id=\"-TLXCaHBc9M\">\n\t\t<span class=\"udd-video__label\"><svg class=\"svg-video-dims\"><use xlink:href='https:\/\/medicina.udd.cl\/centro-bioetica\/wp-content\/themes\/facultades-2018\/assets\/img\/svg\/dist\/main.svg?version=1695853099#video'><\/use><\/svg> Ver video<\/span>\n\t\t<h3 class=\"udd-video__title\">\n\t\t\tDi\u00e1logo Bio\u00e9tico | Rechazo a vacunas: un problema bio\u00e9tico\t\t<\/h3>\n\t\t<span class=\"udd-video__image-container\"><img decoding=\"async\" src=\"https:\/\/i.ytimg.com\/vi\/-TLXCaHBc9M\/hqdefault.jpg\" loading=\"lazy\" alt=\"Di\u00e1logo Bio\u00e9tico | Rechazo a vacunas: un problema bio\u00e9tico\" class=\"udd-video__image\" alt=\"Previsualizaci\u00f3n de &#039;Di\u00e1logo Bio\u00e9tico | Rechazo a vacunas: un problema bio\u00e9tico&#039;\"><\/span>\t<\/a>\n<\/article>\n<article class=\"udd-video\">\n\t<a href=\"https:\/\/www.youtube.com\/watch?v=SSs4NBX6-F4\" class=\"js-udd-video-modal udd-video__link\" data-video-id=\"SSs4NBX6-F4\">\n\t\t<span class=\"udd-video__label\"><svg class=\"svg-video-dims\"><use xlink:href='https:\/\/medicina.udd.cl\/centro-bioetica\/wp-content\/themes\/facultades-2018\/assets\/img\/svg\/dist\/main.svg?version=1695853099#video'><\/use><\/svg> Ver video<\/span>\n\t\t<h3 class=\"udd-video__title\">\n\t\t\tDi\u00e1logo Bio\u00e9tico | Desaf\u00edos \u00e9ticos de la edici\u00f3n del genoma humano\t\t<\/h3>\n\t\t<span class=\"udd-video__image-container\"><img decoding=\"async\" src=\"https:\/\/i.ytimg.com\/vi\/SSs4NBX6-F4\/hqdefault.jpg\" loading=\"lazy\" alt=\"Di\u00e1logo Bio\u00e9tico | Desaf\u00edos \u00e9ticos de la edici\u00f3n del genoma humano\" class=\"udd-video__image\" alt=\"Previsualizaci\u00f3n de &#039;Di\u00e1logo Bio\u00e9tico | Desaf\u00edos \u00e9ticos de la edici\u00f3n del genoma humano&#039;\"><\/span>\t<\/a>\n<\/article>\n<article class=\"udd-video\">\n\t<a href=\"https:\/\/www.youtube.com\/watch?v=D28c9G3Vj7g\" class=\"js-udd-video-modal udd-video__link\" data-video-id=\"D28c9G3Vj7g\">\n\t\t<span class=\"udd-video__label\"><svg class=\"svg-video-dims\"><use xlink:href='https:\/\/medicina.udd.cl\/centro-bioetica\/wp-content\/themes\/facultades-2018\/assets\/img\/svg\/dist\/main.svg?version=1695853099#video'><\/use><\/svg> Ver video<\/span>\n\t\t<h3 class=\"udd-video__title\">\n\t\t\tDi\u00e1logo Bio\u00e9tico | Aspectos \u00e9ticos en medicina reproductiva\t\t<\/h3>\n\t\t<span class=\"udd-video__image-container\"><img decoding=\"async\" src=\"https:\/\/i.ytimg.com\/vi\/D28c9G3Vj7g\/hqdefault.jpg\" loading=\"lazy\" alt=\"Di\u00e1logo Bio\u00e9tico | Aspectos \u00e9ticos en medicina reproductiva\" class=\"udd-video__image\" alt=\"Previsualizaci\u00f3n de &#039;Di\u00e1logo Bio\u00e9tico | Aspectos \u00e9ticos en medicina reproductiva&#039;\"><\/span>\t<\/a>\n<\/article>\n<article class=\"udd-video\">\n\t<a href=\"https:\/\/www.youtube.com\/watch?v=NQamhCJCVVs\" class=\"js-udd-video-modal udd-video__link\" data-video-id=\"NQamhCJCVVs\">\n\t\t<span class=\"udd-video__label\"><svg class=\"svg-video-dims\"><use xlink:href='https:\/\/medicina.udd.cl\/centro-bioetica\/wp-content\/themes\/facultades-2018\/assets\/img\/svg\/dist\/main.svg?version=1695853099#video'><\/use><\/svg> Ver video<\/span>\n\t\t<h3 class=\"udd-video__title\">\n\t\t\tDi\u00e1logo Bio\u00e9tico | Consideraciones \u00e9tico-cl\u00ednicas de la donaci\u00f3n en parada card\u00edaca\t\t<\/h3>\n\t\t<span class=\"udd-video__image-container\"><img decoding=\"async\" src=\"https:\/\/i.ytimg.com\/vi\/NQamhCJCVVs\/hqdefault.jpg\" loading=\"lazy\" alt=\"Di\u00e1logo Bio\u00e9tico | Consideraciones \u00e9tico-cl\u00ednicas de la donaci\u00f3n en parada card\u00edaca\" class=\"udd-video__image\" alt=\"Previsualizaci\u00f3n de &#039;Di\u00e1logo Bio\u00e9tico | Consideraciones \u00e9tico-cl\u00ednicas de la donaci\u00f3n en parada card\u00edaca&#039;\"><\/span>\t<\/a>\n<\/article>\n\t\t<\/div>\n\t\t\t<\/div>\n<\/section>\n","protected":false},"excerpt":{"rendered":"","protected":false},"author":9192219,"featured_media":0,"parent":0,"menu_order":0,"comment_status":"closed","ping_status":"closed","template":"","meta":{"footnotes":""},"class_list":["post-6513","page","type-page","status-publish","hentry"],"yoast_head":"<!-- This site is optimized with the Yoast SEO plugin v26.9 - https:\/\/yoast.com\/product\/yoast-seo-wordpress\/ -->\n<title>Di\u00e1logos Bio\u00e9ticos 2025 - Centro de Bio\u00e9tica<\/title>\n<meta name=\"robots\" content=\"index, follow, max-snippet:-1, max-image-preview:large, max-video-preview:-1\" \/>\n<link rel=\"canonical\" href=\"https:\/\/medicina.udd.cl\/centro-bioetica\/dialogos-bioeticos-2025\/\" \/>\n<meta property=\"og:locale\" content=\"es_ES\" \/>\n<meta property=\"og:type\" content=\"article\" \/>\n<meta property=\"og:title\" content=\"Di\u00e1logos Bio\u00e9ticos 2025 - Centro de Bio\u00e9tica\" \/>\n<meta property=\"og:url\" content=\"https:\/\/medicina.udd.cl\/centro-bioetica\/dialogos-bioeticos-2025\/\" \/>\n<meta property=\"og:site_name\" content=\"Centro de Bio\u00e9tica\" \/>\n<meta property=\"article:modified_time\" content=\"2025-08-28T16:15:10+00:00\" \/>\n<script type=\"application\/ld+json\" class=\"yoast-schema-graph\">{\"@context\":\"https:\/\/schema.org\",\"@graph\":[{\"@type\":\"WebPage\",\"@id\":\"https:\/\/medicina.udd.cl\/centro-bioetica\/dialogos-bioeticos-2025\/\",\"url\":\"https:\/\/medicina.udd.cl\/centro-bioetica\/dialogos-bioeticos-2025\/\",\"name\":\"Di\u00e1logos Bio\u00e9ticos 2025 - Centro de Bio\u00e9tica\",\"isPartOf\":{\"@id\":\"https:\/\/medicina.udd.cl\/centro-bioetica\/#website\"},\"datePublished\":\"2025-04-09T13:07:39+00:00\",\"dateModified\":\"2025-08-28T16:15:10+00:00\",\"breadcrumb\":{\"@id\":\"https:\/\/medicina.udd.cl\/centro-bioetica\/dialogos-bioeticos-2025\/#breadcrumb\"},\"inLanguage\":\"es\",\"potentialAction\":[{\"@type\":\"ReadAction\",\"target\":[\"https:\/\/medicina.udd.cl\/centro-bioetica\/dialogos-bioeticos-2025\/\"]}]},{\"@type\":\"BreadcrumbList\",\"@id\":\"https:\/\/medicina.udd.cl\/centro-bioetica\/dialogos-bioeticos-2025\/#breadcrumb\",\"itemListElement\":[{\"@type\":\"ListItem\",\"position\":1,\"name\":\"Inicio\",\"item\":\"https:\/\/medicina.udd.cl\/centro-bioetica\/\"},{\"@type\":\"ListItem\",\"position\":2,\"name\":\"Di\u00e1logos Bio\u00e9ticos 2025\"}]},{\"@type\":\"WebSite\",\"@id\":\"https:\/\/medicina.udd.cl\/centro-bioetica\/#website\",\"url\":\"https:\/\/medicina.udd.cl\/centro-bioetica\/\",\"name\":\"Centro de Bio\u00e9tica\",\"description\":\"Universidad del Desarrollo\",\"inLanguage\":\"es\"}]}<\/script>\n<!-- \/ Yoast SEO plugin. -->","yoast_head_json":{"title":"Di\u00e1logos Bio\u00e9ticos 2025 - Centro de Bio\u00e9tica","robots":{"index":"index","follow":"follow","max-snippet":"max-snippet:-1","max-image-preview":"max-image-preview:large","max-video-preview":"max-video-preview:-1"},"canonical":"https:\/\/medicina.udd.cl\/centro-bioetica\/dialogos-bioeticos-2025\/","og_locale":"es_ES","og_type":"article","og_title":"Di\u00e1logos Bio\u00e9ticos 2025 - Centro de Bio\u00e9tica","og_url":"https:\/\/medicina.udd.cl\/centro-bioetica\/dialogos-bioeticos-2025\/","og_site_name":"Centro de Bio\u00e9tica","article_modified_time":"2025-08-28T16:15:10+00:00","schema":{"@context":"https:\/\/schema.org","@graph":[{"@type":"WebPage","@id":"https:\/\/medicina.udd.cl\/centro-bioetica\/dialogos-bioeticos-2025\/","url":"https:\/\/medicina.udd.cl\/centro-bioetica\/dialogos-bioeticos-2025\/","name":"Di\u00e1logos Bio\u00e9ticos 2025 - Centro de Bio\u00e9tica","isPartOf":{"@id":"https:\/\/medicina.udd.cl\/centro-bioetica\/#website"},"datePublished":"2025-04-09T13:07:39+00:00","dateModified":"2025-08-28T16:15:10+00:00","breadcrumb":{"@id":"https:\/\/medicina.udd.cl\/centro-bioetica\/dialogos-bioeticos-2025\/#breadcrumb"},"inLanguage":"es","potentialAction":[{"@type":"ReadAction","target":["https:\/\/medicina.udd.cl\/centro-bioetica\/dialogos-bioeticos-2025\/"]}]},{"@type":"BreadcrumbList","@id":"https:\/\/medicina.udd.cl\/centro-bioetica\/dialogos-bioeticos-2025\/#breadcrumb","itemListElement":[{"@type":"ListItem","position":1,"name":"Inicio","item":"https:\/\/medicina.udd.cl\/centro-bioetica\/"},{"@type":"ListItem","position":2,"name":"Di\u00e1logos Bio\u00e9ticos 2025"}]},{"@type":"WebSite","@id":"https:\/\/medicina.udd.cl\/centro-bioetica\/#website","url":"https:\/\/medicina.udd.cl\/centro-bioetica\/","name":"Centro de Bio\u00e9tica","description":"Universidad del Desarrollo","inLanguage":"es"}]}},"_links":{"self":[{"href":"https:\/\/medicina.udd.cl\/centro-bioetica\/wp-json\/wp\/v2\/pages\/6513","targetHints":{"allow":["GET"]}}],"collection":[{"href":"https:\/\/medicina.udd.cl\/centro-bioetica\/wp-json\/wp\/v2\/pages"}],"about":[{"href":"https:\/\/medicina.udd.cl\/centro-bioetica\/wp-json\/wp\/v2\/types\/page"}],"author":[{"embeddable":true,"href":"https:\/\/medicina.udd.cl\/centro-bioetica\/wp-json\/wp\/v2\/users\/9192219"}],"replies":[{"embeddable":true,"href":"https:\/\/medicina.udd.cl\/centro-bioetica\/wp-json\/wp\/v2\/comments?post=6513"}],"version-history":[{"count":13,"href":"https:\/\/medicina.udd.cl\/centro-bioetica\/wp-json\/wp\/v2\/pages\/6513\/revisions"}],"predecessor-version":[{"id":6544,"href":"https:\/\/medicina.udd.cl\/centro-bioetica\/wp-json\/wp\/v2\/pages\/6513\/revisions\/6544"}],"wp:attachment":[{"href":"https:\/\/medicina.udd.cl\/centro-bioetica\/wp-json\/wp\/v2\/media?parent=6513"}],"curies":[{"name":"wp","href":"https:\/\/api.w.org\/{rel}","templated":true}]}}

Diálogos Bioéticos 2025

<section class="wp-block-udd-videos-row">
	<div class="videos-row container">
				<header class="block__header">
						<h2 class="block__title">
				DIÁLOGOS REALIZADOS			</h2>
								</header>
						<div class="row videos-row__videos">
			<article class="udd-video">
	<a href="https://www.youtube.com/watch?v=S5tx5UFcuBM&#038;t=1s" class="js-udd-video-modal udd-video__link" data-video-id="S5tx5UFcuBM">
		<span class="udd-video__label"><svg class="svg-video-dims"><use xlink:href='https://medicina.udd.cl/centro-bioetica/wp-content/themes/facultades-2018/assets/img/svg/dist/main.svg?version=1695853099#video'></use></svg> Ver video</span>
		<h3 class="udd-video__title">
			Diálogo Bioético | Eutanasia en Chile ¿Estamos preparados?		</h3>
		<span class="udd-video__image-container"><img decoding="async" src="https://i.ytimg.com/vi/S5tx5UFcuBM/hqdefault.jpg" loading="lazy" alt="Diálogo Bioético | Eutanasia en Chile ¿Estamos preparados?" class="udd-video__image" alt="Previsualización de &#039;Diálogo Bioético | Eutanasia en Chile ¿Estamos preparados?&#039;"></span>	</a>
</article>
<article class="udd-video">
	<a href="https://www.youtube.com/watch?v=-TLXCaHBc9M" class="js-udd-video-modal udd-video__link" data-video-id="-TLXCaHBc9M">
		<span class="udd-video__label"><svg class="svg-video-dims"><use xlink:href='https://medicina.udd.cl/centro-bioetica/wp-content/themes/facultades-2018/assets/img/svg/dist/main.svg?version=1695853099#video'></use></svg> Ver video</span>
		<h3 class="udd-video__title">
			Diálogo Bioético | Rechazo a vacunas: un problema bioético		</h3>
		<span class="udd-video__image-container"><img decoding="async" src="https://i.ytimg.com/vi/-TLXCaHBc9M/hqdefault.jpg" loading="lazy" alt="Diálogo Bioético | Rechazo a vacunas: un problema bioético" class="udd-video__image" alt="Previsualización de &#039;Diálogo Bioético | Rechazo a vacunas: un problema bioético&#039;"></span>	</a>
</article>
<article class="udd-video">
	<a href="https://www.youtube.com/watch?v=SSs4NBX6-F4" class="js-udd-video-modal udd-video__link" data-video-id="SSs4NBX6-F4">
		<span class="udd-video__label"><svg class="svg-video-dims"><use xlink:href='https://medicina.udd.cl/centro-bioetica/wp-content/themes/facultades-2018/assets/img/svg/dist/main.svg?version=1695853099#video'></use></svg> Ver video</span>
		<h3 class="udd-video__title">
			Diálogo Bioético | Desafíos éticos de la edición del genoma humano		</h3>
		<span class="udd-video__image-container"><img decoding="async" src="https://i.ytimg.com/vi/SSs4NBX6-F4/hqdefault.jpg" loading="lazy" alt="Diálogo Bioético | Desafíos éticos de la edición del genoma humano" class="udd-video__image" alt="Previsualización de &#039;Diálogo Bioético | Desafíos éticos de la edición del genoma humano&#039;"></span>	</a>
</article>
<article class="udd-video">
	<a href="https://www.youtube.com/watch?v=D28c9G3Vj7g" class="js-udd-video-modal udd-video__link" data-video-id="D28c9G3Vj7g">
		<span class="udd-video__label"><svg class="svg-video-dims"><use xlink:href='https://medicina.udd.cl/centro-bioetica/wp-content/themes/facultades-2018/assets/img/svg/dist/main.svg?version=1695853099#video'></use></svg> Ver video</span>
		<h3 class="udd-video__title">
			Diálogo Bioético | Aspectos éticos en medicina reproductiva		</h3>
		<span class="udd-video__image-container"><img decoding="async" src="https://i.ytimg.com/vi/D28c9G3Vj7g/hqdefault.jpg" loading="lazy" alt="Diálogo Bioético | Aspectos éticos en medicina reproductiva" class="udd-video__image" alt="Previsualización de &#039;Diálogo Bioético | Aspectos éticos en medicina reproductiva&#039;"></span>	</a>
</article>
<article class="udd-video">
	<a href="https://www.youtube.com/watch?v=NQamhCJCVVs" class="js-udd-video-modal udd-video__link" data-video-id="NQamhCJCVVs">
		<span class="udd-video__label"><svg class="svg-video-dims"><use xlink:href='https://medicina.udd.cl/centro-bioetica/wp-content/themes/facultades-2018/assets/img/svg/dist/main.svg?version=1695853099#video'></use></svg> Ver video</span>
		<h3 class="udd-video__title">
			Diálogo Bioético | Consideraciones ético-clínicas de la donación en parada cardíaca		</h3>
		<span class="udd-video__image-container"><img decoding="async" src="https://i.ytimg.com/vi/NQamhCJCVVs/hqdefault.jpg" loading="lazy" alt="Diálogo Bioético | Consideraciones ético-clínicas de la donación en parada cardíaca" class="udd-video__image" alt="Previsualización de &#039;Diálogo Bioético | Consideraciones ético-clínicas de la donación en parada cardíaca&#039;"></span>	</a>
</article>
		</div>
			</div>
</section>

<!-- This site is optimized with the Yoast SEO plugin v26.9 - https://yoast.com/product/yoast-seo-wordpress/ -->
<title>Diálogos Bioéticos 2025 - Centro de Bioética</title>
<meta name="robots" content="index, follow, max-snippet:-1, max-image-preview:large, max-video-preview:-1" />
<link rel="canonical" href="https://medicina.udd.cl/centro-bioetica/dialogos-bioeticos-2025/" />
<meta property="og:locale" content="es_ES" />
<meta property="og:type" content="article" />
<meta property="og:title" content="Diálogos Bioéticos 2025 - Centro de Bioética" />
<meta property="og:url" content="https://medicina.udd.cl/centro-bioetica/dialogos-bioeticos-2025/" />
<meta property="og:site_name" content="Centro de Bioética" />
<meta property="article:modified_time" content="2025-08-28T16:15:10+00:00" />
<script type="application/ld+json" class="yoast-schema-graph">{"@context":"https://schema.org","@graph":[{"@type":"WebPage","@id":"https://medicina.udd.cl/centro-bioetica/dialogos-bioeticos-2025/","url":"https://medicina.udd.cl/centro-bioetica/dialogos-bioeticos-2025/","name":"Diálogos Bioéticos 2025 - Centro de Bioética","isPartOf":{"@id":"https://medicina.udd.cl/centro-bioetica/#website"},"datePublished":"2025-04-09T13:07:39+00:00","dateModified":"2025-08-28T16:15:10+00:00","breadcrumb":{"@id":"https://medicina.udd.cl/centro-bioetica/dialogos-bioeticos-2025/#breadcrumb"},"inLanguage":"es","potentialAction":[{"@type":"ReadAction","target":["https://medicina.udd.cl/centro-bioetica/dialogos-bioeticos-2025/"]}]},{"@type":"BreadcrumbList","@id":"https://medicina.udd.cl/centro-bioetica/dialogos-bioeticos-2025/#breadcrumb","itemListElement":[{"@type":"ListItem","position":1,"name":"Inicio","item":"https://medicina.udd.cl/centro-bioetica/"},{"@type":"ListItem","position":2,"name":"Diálogos Bioéticos 2025"}]},{"@type":"WebSite","@id":"https://medicina.udd.cl/centro-bioetica/#website","url":"https://medicina.udd.cl/centro-bioetica/","name":"Centro de Bioética","description":"Universidad del Desarrollo","inLanguage":"es"}]}</script>
<!-- / Yoast SEO plugin. -->

Diálogos Bioéticos 2025 - Centro de Bioética

Centro de Bioética
