{"id":7,"date":"2010-04-06T12:01:59","date_gmt":"2010-04-06T16:01:59","guid":{"rendered":"http:\/\/medicina.udd.cl\/centro-bioetica\/sobre-el-centro\/"},"modified":"2024-10-09T10:25:23","modified_gmt":"2024-10-09T13:25:23","slug":"sobre-el-centro","status":"publish","type":"page","link":"https:\/\/medicina.udd.cl\/centro-bioetica\/sobre-el-centro\/","title":{"rendered":"El Centro"},"content":{"rendered":"\n<h2 class=\"wp-block-heading\">Nuestra historia<\/h2>\n\n\n\n<p>La Bio\u00e9tica, como una de las \u00e9ticas aplicadas, es una disciplina desarrollada en las \u00faltimas d\u00e9cadas que se dedica a la b\u00fasqueda de respuestas fundamentadas a las diversas interrogantes morales que presentan la medicina y las ciencias biom\u00e9dicas en la sociedad moderna, caracterizada por su pluralidad y diversidad.<\/p>\n\n\n\n<p>La Facultad de Medicina Cl\u00ednica Alemana Universidad del Desarrollo considera que la Bio\u00e9tica es parte fundamental de las profesiones de la salud y, como tal, ha definido esta disciplina como uno de sus ejes curriculares en la ense\u00f1anza de pregrado y un camino en su labor de investigaci\u00f3n y extensi\u00f3n.<\/p>\n\n\n\n<p>En marzo del a\u00f1o 2003 nace as\u00ed el Centro de Bio\u00e9tica, hoy ubicado en la Facultad de Medicina Cl\u00ednica Alemana Universidad del Desarrollo, en Av. Plaza 680, San Carlos de Apoquindo, Las Condes. <\/p>\n\n\n\n<figure class=\"wp-block-gallery has-nested-images columns-4 is-cropped wp-block-gallery-1 is-layout-flex wp-block-gallery-is-layout-flex\">\n<figure class=\"wp-block-image size-large\"><img loading=\"lazy\" decoding=\"async\" width=\"1024\" height=\"768\" data-id=\"531\" src=\"https:\/\/medicina.udd.cl\/centro-bioetica\/files\/2010\/09\/ok-1024x768.jpg\" alt=\"\" class=\"wp-image-531\" srcset=\"https:\/\/medicina.udd.cl\/centro-bioetica\/files\/2010\/09\/ok-1024x768.jpg 1024w, https:\/\/medicina.udd.cl\/centro-bioetica\/files\/2010\/09\/ok-300x225.jpg 300w, https:\/\/medicina.udd.cl\/centro-bioetica\/files\/2010\/09\/ok-768x576.jpg 768w, https:\/\/medicina.udd.cl\/centro-bioetica\/files\/2010\/09\/ok-960x720.jpg 960w\" sizes=\"auto, (max-width: 1024px) 100vw, 1024px\" \/><\/figure>\n\n\n\n<figure class=\"wp-block-image size-large\"><img loading=\"lazy\" decoding=\"async\" width=\"960\" height=\"720\" data-id=\"546\" src=\"https:\/\/medicina.udd.cl\/centro-bioetica\/files\/2010\/04\/puerta.jpg\" alt=\"\" class=\"wp-image-546\" srcset=\"https:\/\/medicina.udd.cl\/centro-bioetica\/files\/2010\/04\/puerta.jpg 960w, https:\/\/medicina.udd.cl\/centro-bioetica\/files\/2010\/04\/puerta-300x225.jpg 300w, https:\/\/medicina.udd.cl\/centro-bioetica\/files\/2010\/04\/puerta-768x576.jpg 768w\" sizes=\"auto, (max-width: 960px) 100vw, 960px\" \/><\/figure>\n\n\n\n<figure class=\"wp-block-image size-large\"><img loading=\"lazy\" decoding=\"async\" width=\"1000\" height=\"750\" data-id=\"219\" src=\"https:\/\/medicina.udd.cl\/centro-bioetica\/files\/2010\/06\/grupo-actual.jpg\" alt=\"\" class=\"wp-image-219\" srcset=\"https:\/\/medicina.udd.cl\/centro-bioetica\/files\/2010\/06\/grupo-actual.jpg 1000w, https:\/\/medicina.udd.cl\/centro-bioetica\/files\/2010\/06\/grupo-actual-300x225.jpg 300w, https:\/\/medicina.udd.cl\/centro-bioetica\/files\/2010\/06\/grupo-actual-768x576.jpg 768w, https:\/\/medicina.udd.cl\/centro-bioetica\/files\/2010\/06\/grupo-actual-960x720.jpg 960w\" sizes=\"auto, (max-width: 1000px) 100vw, 1000px\" \/><\/figure>\n\n\n\n<figure class=\"wp-block-image size-large\"><img loading=\"lazy\" decoding=\"async\" width=\"642\" height=\"480\" data-id=\"308\" src=\"https:\/\/medicina.udd.cl\/centro-bioetica\/files\/2010\/07\/2-Udine.jpg\" alt=\"\" class=\"wp-image-308\" srcset=\"https:\/\/medicina.udd.cl\/centro-bioetica\/files\/2010\/07\/2-Udine.jpg 642w, https:\/\/medicina.udd.cl\/centro-bioetica\/files\/2010\/07\/2-Udine-300x224.jpg 300w\" sizes=\"auto, (max-width: 642px) 100vw, 642px\" \/><\/figure>\n<\/figure>\n\n\n<section class=\"wp-block-udd-text-row block--bg-gray\">\n\t<div class=\"text-row\">\n\t\t<div class=\"text-row__content\">\n\t\t\t<div class=\"text-row__content-inner text\">\n\t\t\t\t\t\t\t\t<h2>Misi\u00f3n<\/h2>\n\t\t\t\t\t\t\t\t\n<p>El Centro de Bio\u00e9tica de la Facultad de Medicina CAS-UDD tiene la misi\u00f3n de contribuir al desarrollo de la bio\u00e9tica mediante la docencia de pre y postgrado, la&nbsp; investigaci\u00f3n te\u00f3rica y emp\u00edrica&nbsp; y la difusi\u00f3n y reflexi\u00f3n de esta disciplina.<\/p>\n\t\t\t<\/div>\n\t\t<\/div>\n\t\t<div class=\"text-row__media\">\n\t\t\t<img loading=\"lazy\" decoding=\"async\" width=\"675\" height=\"450\" src=\"https:\/\/medicina.udd.cl\/centro-bioetica\/files\/2010\/05\/Centro-de-Bioetica.jpg\" class=\"text-row__media-image lazyload\" alt=\"\" sizes=\"auto, (max-width: 675px) 100vw, 675px\" data-src=\"https:\/\/medicina.udd.cl\/centro-bioetica\/files\/2010\/05\/Centro-de-Bioetica.jpg\" data-srcset=\"https:\/\/medicina.udd.cl\/centro-bioetica\/files\/2010\/05\/Centro-de-Bioetica.jpg 675w, https:\/\/medicina.udd.cl\/centro-bioetica\/files\/2010\/05\/Centro-de-Bioetica-300x200.jpg 300w\" \/>\t\t<\/div>\n\t<\/div>\n<\/section>\n\n\n\n<h2 class=\"wp-block-heading\">Objetivos<\/h2>\n\n\n\n<ul class=\"wp-block-list\">\n<li>Dise\u00f1ar e impartir programas de Bio\u00e9tica en las carreras de pregrado que imparte la Facultad de Medicina Cl\u00ednica Alemana Universidad del Desarrollo (UDD).<\/li>\n\n\n\n<li>Dise\u00f1ar e impartir programas de Bio\u00e9tica en Postgrado y Educaci\u00f3n Continua para profesionales de la salud y otras profesiones.<\/li>\n\n\n\n<li>Elaborar y desarrollar proyectos de investigaci\u00f3n en temas de \u00e9tica cl\u00ednica, \u00e9tica de la salud p\u00fablica y \u00e9tica de la investigaci\u00f3n.<\/li>\n\n\n\n<li>Realizar actividades de extensi\u00f3n de Bio\u00e9tica para la comunidad acad\u00e9mica y el p\u00fablico en general.<\/li>\n\n\n\n<li>Contribuir a la conformaci\u00f3n del Comit\u00e9 \u00c9tico Cient\u00edfico de la Facultad de Medicina Cl\u00ednica Alemana Universidad del Desarrollo (UDD).<\/li>\n\n\n\n<li>Contribuir a la formaci\u00f3n continua en Bio\u00e9tica en Cl\u00ednica Alemana y en el Hospital Padre Hurtado.<\/li>\n<\/ul>\n","protected":false},"excerpt":{"rendered":"<p>Nuestra historia La Bio\u00e9tica, como una de las \u00e9ticas aplicadas, es una disciplina desarrollada en las \u00faltimas d\u00e9cadas que se dedica a la b\u00fasqueda de respuestas fundamentadas a las diversas interrogantes morales que presentan la medicina y las ciencias biom\u00e9dicas en la sociedad moderna, caracterizada por su pluralidad y diversidad. La Facultad de Medicina Cl\u00ednica [&hellip;]<\/p>\n","protected":false},"author":1,"featured_media":0,"parent":0,"menu_order":40,"comment_status":"open","ping_status":"open","template":"","meta":{"footnotes":""},"class_list":["post-7","page","type-page","status-publish","hentry"],"yoast_head":"<!-- This site is optimized with the Yoast SEO plugin v26.9 - https:\/\/yoast.com\/product\/yoast-seo-wordpress\/ -->\n<title>El Centro - Centro de Bio\u00e9tica<\/title>\n<meta name=\"robots\" content=\"index, follow, max-snippet:-1, max-image-preview:large, max-video-preview:-1\" \/>\n<link rel=\"canonical\" href=\"https:\/\/medicina.udd.cl\/centro-bioetica\/sobre-el-centro\/\" \/>\n<meta property=\"og:locale\" content=\"es_ES\" \/>\n<meta property=\"og:type\" content=\"article\" \/>\n<meta property=\"og:title\" content=\"El Centro - Centro de Bio\u00e9tica\" \/>\n<meta property=\"og:description\" content=\"Nuestra historia La Bio\u00e9tica, como una de las \u00e9ticas aplicadas, es una disciplina desarrollada en las \u00faltimas d\u00e9cadas que se dedica a la b\u00fasqueda de respuestas fundamentadas a las diversas interrogantes morales que presentan la medicina y las ciencias biom\u00e9dicas en la sociedad moderna, caracterizada por su pluralidad y diversidad. La Facultad de Medicina Cl\u00ednica [&hellip;]\" \/>\n<meta property=\"og:url\" content=\"https:\/\/medicina.udd.cl\/centro-bioetica\/sobre-el-centro\/\" \/>\n<meta property=\"og:site_name\" content=\"Centro de Bio\u00e9tica\" \/>\n<meta property=\"article:modified_time\" content=\"2024-10-09T13:25:23+00:00\" \/>\n<meta property=\"og:image\" content=\"https:\/\/medicina.udd.cl\/centro-bioetica\/files\/2010\/09\/ok-1024x768.jpg\" \/>\n<meta name=\"twitter:label1\" content=\"Tiempo de lectura\" \/>\n\t<meta name=\"twitter:data1\" content=\"3 minutos\" \/>\n<script type=\"application\/ld+json\" class=\"yoast-schema-graph\">{\"@context\":\"https:\/\/schema.org\",\"@graph\":[{\"@type\":\"WebPage\",\"@id\":\"https:\/\/medicina.udd.cl\/centro-bioetica\/sobre-el-centro\/\",\"url\":\"https:\/\/medicina.udd.cl\/centro-bioetica\/sobre-el-centro\/\",\"name\":\"El Centro - Centro de Bio\u00e9tica\",\"isPartOf\":{\"@id\":\"https:\/\/medicina.udd.cl\/centro-bioetica\/#website\"},\"primaryImageOfPage\":{\"@id\":\"https:\/\/medicina.udd.cl\/centro-bioetica\/sobre-el-centro\/#primaryimage\"},\"image\":{\"@id\":\"https:\/\/medicina.udd.cl\/centro-bioetica\/sobre-el-centro\/#primaryimage\"},\"thumbnailUrl\":\"https:\/\/medicina.udd.cl\/centro-bioetica\/files\/2010\/09\/ok-1024x768.jpg\",\"datePublished\":\"2010-04-06T16:01:59+00:00\",\"dateModified\":\"2024-10-09T13:25:23+00:00\",\"breadcrumb\":{\"@id\":\"https:\/\/medicina.udd.cl\/centro-bioetica\/sobre-el-centro\/#breadcrumb\"},\"inLanguage\":\"es\",\"potentialAction\":[{\"@type\":\"ReadAction\",\"target\":[\"https:\/\/medicina.udd.cl\/centro-bioetica\/sobre-el-centro\/\"]}]},{\"@type\":\"ImageObject\",\"inLanguage\":\"es\",\"@id\":\"https:\/\/medicina.udd.cl\/centro-bioetica\/sobre-el-centro\/#primaryimage\",\"url\":\"https:\/\/medicina.udd.cl\/centro-bioetica\/files\/2010\/09\/ok-1024x768.jpg\",\"contentUrl\":\"https:\/\/medicina.udd.cl\/centro-bioetica\/files\/2010\/09\/ok-1024x768.jpg\"},{\"@type\":\"BreadcrumbList\",\"@id\":\"https:\/\/medicina.udd.cl\/centro-bioetica\/sobre-el-centro\/#breadcrumb\",\"itemListElement\":[{\"@type\":\"ListItem\",\"position\":1,\"name\":\"Inicio\",\"item\":\"https:\/\/medicina.udd.cl\/centro-bioetica\/\"},{\"@type\":\"ListItem\",\"position\":2,\"name\":\"El Centro\"}]},{\"@type\":\"WebSite\",\"@id\":\"https:\/\/medicina.udd.cl\/centro-bioetica\/#website\",\"url\":\"https:\/\/medicina.udd.cl\/centro-bioetica\/\",\"name\":\"Centro de Bio\u00e9tica\",\"description\":\"Universidad del Desarrollo\",\"inLanguage\":\"es\"}]}<\/script>\n<!-- \/ Yoast SEO plugin. -->","yoast_head_json":{"title":"El Centro - Centro de Bio\u00e9tica","robots":{"index":"index","follow":"follow","max-snippet":"max-snippet:-1","max-image-preview":"max-image-preview:large","max-video-preview":"max-video-preview:-1"},"canonical":"https:\/\/medicina.udd.cl\/centro-bioetica\/sobre-el-centro\/","og_locale":"es_ES","og_type":"article","og_title":"El Centro - Centro de Bio\u00e9tica","og_description":"Nuestra historia La Bio\u00e9tica, como una de las \u00e9ticas aplicadas, es una disciplina desarrollada en las \u00faltimas d\u00e9cadas que se dedica a la b\u00fasqueda de respuestas fundamentadas a las diversas interrogantes morales que presentan la medicina y las ciencias biom\u00e9dicas en la sociedad moderna, caracterizada por su pluralidad y diversidad. La Facultad de Medicina Cl\u00ednica [&hellip;]","og_url":"https:\/\/medicina.udd.cl\/centro-bioetica\/sobre-el-centro\/","og_site_name":"Centro de Bio\u00e9tica","article_modified_time":"2024-10-09T13:25:23+00:00","og_image":[{"url":"https:\/\/medicina.udd.cl\/centro-bioetica\/files\/2010\/09\/ok-1024x768.jpg","type":"","width":"","height":""}],"twitter_misc":{"Tiempo de lectura":"3 minutos"},"schema":{"@context":"https:\/\/schema.org","@graph":[{"@type":"WebPage","@id":"https:\/\/medicina.udd.cl\/centro-bioetica\/sobre-el-centro\/","url":"https:\/\/medicina.udd.cl\/centro-bioetica\/sobre-el-centro\/","name":"El Centro - Centro de Bio\u00e9tica","isPartOf":{"@id":"https:\/\/medicina.udd.cl\/centro-bioetica\/#website"},"primaryImageOfPage":{"@id":"https:\/\/medicina.udd.cl\/centro-bioetica\/sobre-el-centro\/#primaryimage"},"image":{"@id":"https:\/\/medicina.udd.cl\/centro-bioetica\/sobre-el-centro\/#primaryimage"},"thumbnailUrl":"https:\/\/medicina.udd.cl\/centro-bioetica\/files\/2010\/09\/ok-1024x768.jpg","datePublished":"2010-04-06T16:01:59+00:00","dateModified":"2024-10-09T13:25:23+00:00","breadcrumb":{"@id":"https:\/\/medicina.udd.cl\/centro-bioetica\/sobre-el-centro\/#breadcrumb"},"inLanguage":"es","potentialAction":[{"@type":"ReadAction","target":["https:\/\/medicina.udd.cl\/centro-bioetica\/sobre-el-centro\/"]}]},{"@type":"ImageObject","inLanguage":"es","@id":"https:\/\/medicina.udd.cl\/centro-bioetica\/sobre-el-centro\/#primaryimage","url":"https:\/\/medicina.udd.cl\/centro-bioetica\/files\/2010\/09\/ok-1024x768.jpg","contentUrl":"https:\/\/medicina.udd.cl\/centro-bioetica\/files\/2010\/09\/ok-1024x768.jpg"},{"@type":"BreadcrumbList","@id":"https:\/\/medicina.udd.cl\/centro-bioetica\/sobre-el-centro\/#breadcrumb","itemListElement":[{"@type":"ListItem","position":1,"name":"Inicio","item":"https:\/\/medicina.udd.cl\/centro-bioetica\/"},{"@type":"ListItem","position":2,"name":"El Centro"}]},{"@type":"WebSite","@id":"https:\/\/medicina.udd.cl\/centro-bioetica\/#website","url":"https:\/\/medicina.udd.cl\/centro-bioetica\/","name":"Centro de Bio\u00e9tica","description":"Universidad del Desarrollo","inLanguage":"es"}]}},"_links":{"self":[{"href":"https:\/\/medicina.udd.cl\/centro-bioetica\/wp-json\/wp\/v2\/pages\/7","targetHints":{"allow":["GET"]}}],"collection":[{"href":"https:\/\/medicina.udd.cl\/centro-bioetica\/wp-json\/wp\/v2\/pages"}],"about":[{"href":"https:\/\/medicina.udd.cl\/centro-bioetica\/wp-json\/wp\/v2\/types\/page"}],"author":[{"embeddable":true,"href":"https:\/\/medicina.udd.cl\/centro-bioetica\/wp-json\/wp\/v2\/users\/1"}],"replies":[{"embeddable":true,"href":"https:\/\/medicina.udd.cl\/centro-bioetica\/wp-json\/wp\/v2\/comments?post=7"}],"version-history":[{"count":6,"href":"https:\/\/medicina.udd.cl\/centro-bioetica\/wp-json\/wp\/v2\/pages\/7\/revisions"}],"predecessor-version":[{"id":6443,"href":"https:\/\/medicina.udd.cl\/centro-bioetica\/wp-json\/wp\/v2\/pages\/7\/revisions\/6443"}],"wp:attachment":[{"href":"https:\/\/medicina.udd.cl\/centro-bioetica\/wp-json\/wp\/v2\/media?parent=7"}],"curies":[{"name":"wp","href":"https:\/\/api.w.org\/{rel}","templated":true}]}}