{"id":2170,"date":"2013-07-27T16:39:38","date_gmt":"2013-07-27T20:39:38","guid":{"rendered":"http:\/\/medicina.udd.cl\/centro-bioetica\/persona\/jorge-oliva-te-kloot\/"},"modified":"2020-02-19T15:25:20","modified_gmt":"2020-02-19T18:25:20","slug":"jorge-oliva-te-kloot","status":"publish","type":"person","link":"https:\/\/medicina.udd.cl\/centro-bioetica\/persona\/jorge-oliva-te-kloot\/","title":{"rendered":"Jorge Oliva Te-Kloot"},"featured_media":4827,"template":"","people_tax":[],"people_areas":[],"people_levels":[],"class_list":["post-2170","person","type-person","status-publish","has-post-thumbnail","hentry"],"yoast_head":"<!-- This site is optimized with the Yoast SEO plugin v26.9 - https:\/\/yoast.com\/product\/yoast-seo-wordpress\/ -->\n<title>Equipo - Centro de Bio\u00e9tica UDD<\/title>\n<meta name=\"robots\" content=\"index, follow, max-snippet:-1, max-image-preview:large, max-video-preview:-1\" \/>\n<link rel=\"canonical\" href=\"https:\/\/medicina.udd.cl\/centro-bioetica\/persona\/jorge-oliva-te-kloot\/\" \/>\n<meta property=\"og:locale\" content=\"es_ES\" \/>\n<meta property=\"og:type\" content=\"article\" \/>\n<meta property=\"og:title\" content=\"Equipo - Centro de Bio\u00e9tica UDD\" \/>\n<meta property=\"og:url\" content=\"https:\/\/medicina.udd.cl\/centro-bioetica\/persona\/jorge-oliva-te-kloot\/\" \/>\n<meta property=\"og:site_name\" content=\"Centro de Bio\u00e9tica\" \/>\n<meta property=\"article:modified_time\" content=\"2020-02-19T18:25:20+00:00\" \/>\n<meta property=\"og:image\" content=\"https:\/\/medicina.udd.cl\/centro-bioetica\/files\/2013\/07\/Jorge-Oliva-35.jpg\" \/>\n\t<meta property=\"og:image:width\" content=\"793\" \/>\n\t<meta property=\"og:image:height\" content=\"911\" \/>\n\t<meta property=\"og:image:type\" content=\"image\/jpeg\" \/>\n<script type=\"application\/ld+json\" class=\"yoast-schema-graph\">{\"@context\":\"https:\/\/schema.org\",\"@graph\":[{\"@type\":\"WebPage\",\"@id\":\"https:\/\/medicina.udd.cl\/centro-bioetica\/persona\/jorge-oliva-te-kloot\/\",\"url\":\"https:\/\/medicina.udd.cl\/centro-bioetica\/persona\/jorge-oliva-te-kloot\/\",\"name\":\"Equipo - Centro de Bio\u00e9tica UDD\",\"isPartOf\":{\"@id\":\"https:\/\/medicina.udd.cl\/centro-bioetica\/#website\"},\"primaryImageOfPage\":{\"@id\":\"https:\/\/medicina.udd.cl\/centro-bioetica\/persona\/jorge-oliva-te-kloot\/#primaryimage\"},\"image\":{\"@id\":\"https:\/\/medicina.udd.cl\/centro-bioetica\/persona\/jorge-oliva-te-kloot\/#primaryimage\"},\"thumbnailUrl\":\"https:\/\/medicina.udd.cl\/centro-bioetica\/files\/2013\/07\/Jorge-Oliva-35.jpg\",\"datePublished\":\"2013-07-27T20:39:38+00:00\",\"dateModified\":\"2020-02-19T18:25:20+00:00\",\"breadcrumb\":{\"@id\":\"https:\/\/medicina.udd.cl\/centro-bioetica\/persona\/jorge-oliva-te-kloot\/#breadcrumb\"},\"inLanguage\":\"es\",\"potentialAction\":[{\"@type\":\"ReadAction\",\"target\":[\"https:\/\/medicina.udd.cl\/centro-bioetica\/persona\/jorge-oliva-te-kloot\/\"]}]},{\"@type\":\"ImageObject\",\"inLanguage\":\"es\",\"@id\":\"https:\/\/medicina.udd.cl\/centro-bioetica\/persona\/jorge-oliva-te-kloot\/#primaryimage\",\"url\":\"https:\/\/medicina.udd.cl\/centro-bioetica\/files\/2013\/07\/Jorge-Oliva-35.jpg\",\"contentUrl\":\"https:\/\/medicina.udd.cl\/centro-bioetica\/files\/2013\/07\/Jorge-Oliva-35.jpg\",\"width\":793,\"height\":911},{\"@type\":\"BreadcrumbList\",\"@id\":\"https:\/\/medicina.udd.cl\/centro-bioetica\/persona\/jorge-oliva-te-kloot\/#breadcrumb\",\"itemListElement\":[{\"@type\":\"ListItem\",\"position\":1,\"name\":\"Inicio\",\"item\":\"https:\/\/medicina.udd.cl\/centro-bioetica\/\"},{\"@type\":\"ListItem\",\"position\":2,\"name\":\"Personas\",\"item\":\"https:\/\/medicina.udd.cl\/centro-bioetica\/persona\/\"},{\"@type\":\"ListItem\",\"position\":3,\"name\":\"Jorge Oliva Te-Kloot\"}]},{\"@type\":\"WebSite\",\"@id\":\"https:\/\/medicina.udd.cl\/centro-bioetica\/#website\",\"url\":\"https:\/\/medicina.udd.cl\/centro-bioetica\/\",\"name\":\"Centro de Bio\u00e9tica\",\"description\":\"Universidad del Desarrollo\",\"inLanguage\":\"es\"}]}<\/script>\n<!-- \/ Yoast SEO plugin. -->","yoast_head_json":{"title":"Equipo - Centro de Bio\u00e9tica UDD","robots":{"index":"index","follow":"follow","max-snippet":"max-snippet:-1","max-image-preview":"max-image-preview:large","max-video-preview":"max-video-preview:-1"},"canonical":"https:\/\/medicina.udd.cl\/centro-bioetica\/persona\/jorge-oliva-te-kloot\/","og_locale":"es_ES","og_type":"article","og_title":"Equipo - Centro de Bio\u00e9tica UDD","og_url":"https:\/\/medicina.udd.cl\/centro-bioetica\/persona\/jorge-oliva-te-kloot\/","og_site_name":"Centro de Bio\u00e9tica","article_modified_time":"2020-02-19T18:25:20+00:00","og_image":[{"width":793,"height":911,"url":"https:\/\/medicina.udd.cl\/centro-bioetica\/files\/2013\/07\/Jorge-Oliva-35.jpg","type":"image\/jpeg"}],"schema":{"@context":"https:\/\/schema.org","@graph":[{"@type":"WebPage","@id":"https:\/\/medicina.udd.cl\/centro-bioetica\/persona\/jorge-oliva-te-kloot\/","url":"https:\/\/medicina.udd.cl\/centro-bioetica\/persona\/jorge-oliva-te-kloot\/","name":"Equipo - Centro de Bio\u00e9tica UDD","isPartOf":{"@id":"https:\/\/medicina.udd.cl\/centro-bioetica\/#website"},"primaryImageOfPage":{"@id":"https:\/\/medicina.udd.cl\/centro-bioetica\/persona\/jorge-oliva-te-kloot\/#primaryimage"},"image":{"@id":"https:\/\/medicina.udd.cl\/centro-bioetica\/persona\/jorge-oliva-te-kloot\/#primaryimage"},"thumbnailUrl":"https:\/\/medicina.udd.cl\/centro-bioetica\/files\/2013\/07\/Jorge-Oliva-35.jpg","datePublished":"2013-07-27T20:39:38+00:00","dateModified":"2020-02-19T18:25:20+00:00","breadcrumb":{"@id":"https:\/\/medicina.udd.cl\/centro-bioetica\/persona\/jorge-oliva-te-kloot\/#breadcrumb"},"inLanguage":"es","potentialAction":[{"@type":"ReadAction","target":["https:\/\/medicina.udd.cl\/centro-bioetica\/persona\/jorge-oliva-te-kloot\/"]}]},{"@type":"ImageObject","inLanguage":"es","@id":"https:\/\/medicina.udd.cl\/centro-bioetica\/persona\/jorge-oliva-te-kloot\/#primaryimage","url":"https:\/\/medicina.udd.cl\/centro-bioetica\/files\/2013\/07\/Jorge-Oliva-35.jpg","contentUrl":"https:\/\/medicina.udd.cl\/centro-bioetica\/files\/2013\/07\/Jorge-Oliva-35.jpg","width":793,"height":911},{"@type":"BreadcrumbList","@id":"https:\/\/medicina.udd.cl\/centro-bioetica\/persona\/jorge-oliva-te-kloot\/#breadcrumb","itemListElement":[{"@type":"ListItem","position":1,"name":"Inicio","item":"https:\/\/medicina.udd.cl\/centro-bioetica\/"},{"@type":"ListItem","position":2,"name":"Personas","item":"https:\/\/medicina.udd.cl\/centro-bioetica\/persona\/"},{"@type":"ListItem","position":3,"name":"Jorge Oliva Te-Kloot"}]},{"@type":"WebSite","@id":"https:\/\/medicina.udd.cl\/centro-bioetica\/#website","url":"https:\/\/medicina.udd.cl\/centro-bioetica\/","name":"Centro de Bio\u00e9tica","description":"Universidad del Desarrollo","inLanguage":"es"}]}},"label":"Jorge Oliva Te-Kloot","role":"Docente","thumbnail_url":"https:\/\/medicina.udd.cl\/centro-bioetica\/files\/2013\/07\/Jorge-Oliva-35.jpg","email":"","tel_job":"","content":{"rendered":"<div class=\"person-modal person-modal--scl\">\n\t<header class=\"person-modal__header\">\n\t\t<div class=\"person-modal__bg\"><\/div>\n\t\t<div class=\"modal-container\">\n\t\t\t\t\t\t<div class=\"person-modal__media\">\n\t\t\t\t<img width=\"435\" height=\"500\" src=\"https:\/\/medicina.udd.cl\/centro-bioetica\/files\/2013\/07\/Jorge-Oliva-35-62x62.jpg\" class=\"person-modal__image wp-post-image lazyload\" alt=\"\" decoding=\"async\" loading=\"lazy\" sizes=\"auto, (max-width: 435px) 100vw, 435px\" data-src=\"https:\/\/medicina.udd.cl\/centro-bioetica\/files\/2013\/07\/Jorge-Oliva-35.jpg\" data-srcset=\"https:\/\/medicina.udd.cl\/centro-bioetica\/files\/2013\/07\/Jorge-Oliva-35.jpg 793w, https:\/\/medicina.udd.cl\/centro-bioetica\/files\/2013\/07\/Jorge-Oliva-35-261x300.jpg 261w, https:\/\/medicina.udd.cl\/centro-bioetica\/files\/2013\/07\/Jorge-Oliva-35-768x882.jpg 768w\" \/>\t\t\t<\/div>\n\t\t\t\t\t\t<div class=\"person-modal__data\">\n\t\t\t\t<h1 class=\"person-modal__name\">Jorge Oliva Te-Kloot<\/h1>\n\t\t\t\t\t\t\t<span class=\"person-modal__description\">Docente<\/span>\n\t\t\t\t\t\t\t\t\t\t\t\t\t\t\t<\/div>\n\t\t<\/div>\n\t<\/header>\n\t<div class=\"modal-container\">\n\t\t\t<div class=\"person-modal__content text\">\n\t\t\t\t\t<p>Cirujano Dentista, Universidad de Chile. Mag\u00edster en Bio\u00e9tica, Universidad de Chile. Diplomado en Educaci\u00f3n en Salud, Universidad del Desarrollo.<\/p>\n\t\t\t\t\t\t\t\t\t\t<p><strong>Temas preferentes en investigaci\u00f3n y docencia<\/strong><\/p>\n<p>&nbsp;<\/p>\n<ul>\n<li>Relaci\u00f3n Cl\u00ednica<\/li>\n<li>Bio\u00e9tica en Odontopediatr\u00eda<\/li>\n<li>Aspectos bio\u00e9ticos de la Salud, la enfermedad y el dolor<\/li>\n<\/ul>\n<p><strong>Trayectoria profesional<\/strong><\/p>\n<p>&nbsp;<\/p>\n<ul>\n<li>Cirujano Dentista Universidad de Chile 1979<\/li>\n<li>Miembro Sociedad de Cirug\u00eda Bucal y M\u00e1xilo Facial<\/li>\n<li>Miembro Sociedad Chilena de Bio\u00e9tica<\/li>\n<li>Miembro Comit\u00e9 de \u00c9tica Cient\u00edfico Hospital Luis Calvo Mackenna<\/li>\n<li>Miembro Comit\u00e9 \u00c9tica Integram\u00e9dica<\/li>\n<li>Docente de Bio\u00e9tica , Facultad de Medicia Cl\u00ednica Alemana, Universidad del Desarrollo<\/li>\n<\/ul>\n<p><strong>Actividad docente actual<\/strong><\/p>\n<p>&nbsp;<\/p>\n<ul>\n<li>Profesor encargado del curso Bio\u00e9tica, carrera de Odontolog\u00eda Santiago, Universidad del Desarrollo<\/li>\n<li>Docente curso Bio\u00e9tica, carrera de Odontolog\u00eda, Universidad del Desarrollo<\/li>\n<li>Docente Bio\u00e9tica, Programas de Especialidades Odontol\u00f3gicas, Universidad del Desarrollo<\/li>\n<\/ul>\n<p><strong>Libros\u00a0 o cap\u00edtulos de libro<\/strong><\/p>\n<p>&nbsp;<\/p>\n<ul>\n<li>Bio\u00e9tica Cl\u00ednica, Dr. Juan Pablo Beca y Dra Carmen Astete, Cap\u00edtulo: Bio\u00e9tica y deliberaci\u00f3n moral en Odontolog\u00eda.<\/li>\n<\/ul>\n\t\t<\/div>\n\t<\/div>\n<\/div>\n"},"identifier":"df590b1e1446791f9a878493fa59d77d434bcbd1","has_credential":[],"given_name":"Jorge","family_name":"Oliva Te-Kloot","name":"Jorge Oliva Te-Kloot","job_title":"Docente","telephone":"","note":"Cirujano Dentista, Universidad de Chile. Mag\u00edster en Bio\u00e9tica, Universidad de Chile. Diplomado en Educaci\u00f3n en Salud, Universidad del Desarrollo.","im":"","_self_schedule":null,"_links":{"self":[{"href":"https:\/\/medicina.udd.cl\/centro-bioetica\/wp-json\/wp\/v2\/people\/2170","targetHints":{"allow":["GET"]}}],"collection":[{"href":"https:\/\/medicina.udd.cl\/centro-bioetica\/wp-json\/wp\/v2\/people"}],"about":[{"href":"https:\/\/medicina.udd.cl\/centro-bioetica\/wp-json\/wp\/v2\/types\/person"}],"wp:featuredmedia":[{"embeddable":true,"href":"https:\/\/medicina.udd.cl\/centro-bioetica\/wp-json\/wp\/v2\/media\/4827"}],"wp:attachment":[{"href":"https:\/\/medicina.udd.cl\/centro-bioetica\/wp-json\/wp\/v2\/media?parent=2170"}],"wp:term":[{"taxonomy":"people_tax","embeddable":true,"href":"https:\/\/medicina.udd.cl\/centro-bioetica\/wp-json\/wp\/v2\/people_tax?post=2170"},{"taxonomy":"people_areas","embeddable":true,"href":"https:\/\/medicina.udd.cl\/centro-bioetica\/wp-json\/wp\/v2\/people_areas?post=2170"},{"taxonomy":"people_levels","embeddable":true,"href":"https:\/\/medicina.udd.cl\/centro-bioetica\/wp-json\/wp\/v2\/people_levels?post=2170"}],"curies":[{"name":"wp","href":"https:\/\/api.w.org\/{rel}","templated":true}]}}

<!-- This site is optimized with the Yoast SEO plugin v26.9 - https://yoast.com/product/yoast-seo-wordpress/ -->
<title>Equipo - Centro de Bioética UDD</title>
<meta name="robots" content="index, follow, max-snippet:-1, max-image-preview:large, max-video-preview:-1" />
<link rel="canonical" href="https://medicina.udd.cl/centro-bioetica/persona/jorge-oliva-te-kloot/" />
<meta property="og:locale" content="es_ES" />
<meta property="og:type" content="article" />
<meta property="og:title" content="Equipo - Centro de Bioética UDD" />
<meta property="og:url" content="https://medicina.udd.cl/centro-bioetica/persona/jorge-oliva-te-kloot/" />
<meta property="og:site_name" content="Centro de Bioética" />
<meta property="article:modified_time" content="2020-02-19T18:25:20+00:00" />
<meta property="og:image" content="https://medicina.udd.cl/centro-bioetica/files/2013/07/Jorge-Oliva-35.jpg" />
	<meta property="og:image:width" content="793" />
	<meta property="og:image:height" content="911" />
	<meta property="og:image:type" content="image/jpeg" />
<script type="application/ld+json" class="yoast-schema-graph">{"@context":"https://schema.org","@graph":[{"@type":"WebPage","@id":"https://medicina.udd.cl/centro-bioetica/persona/jorge-oliva-te-kloot/","url":"https://medicina.udd.cl/centro-bioetica/persona/jorge-oliva-te-kloot/","name":"Equipo - Centro de Bioética UDD","isPartOf":{"@id":"https://medicina.udd.cl/centro-bioetica/#website"},"primaryImageOfPage":{"@id":"https://medicina.udd.cl/centro-bioetica/persona/jorge-oliva-te-kloot/#primaryimage"},"image":{"@id":"https://medicina.udd.cl/centro-bioetica/persona/jorge-oliva-te-kloot/#primaryimage"},"thumbnailUrl":"https://medicina.udd.cl/centro-bioetica/files/2013/07/Jorge-Oliva-35.jpg","datePublished":"2013-07-27T20:39:38+00:00","dateModified":"2020-02-19T18:25:20+00:00","breadcrumb":{"@id":"https://medicina.udd.cl/centro-bioetica/persona/jorge-oliva-te-kloot/#breadcrumb"},"inLanguage":"es","potentialAction":[{"@type":"ReadAction","target":["https://medicina.udd.cl/centro-bioetica/persona/jorge-oliva-te-kloot/"]}]},{"@type":"ImageObject","inLanguage":"es","@id":"https://medicina.udd.cl/centro-bioetica/persona/jorge-oliva-te-kloot/#primaryimage","url":"https://medicina.udd.cl/centro-bioetica/files/2013/07/Jorge-Oliva-35.jpg","contentUrl":"https://medicina.udd.cl/centro-bioetica/files/2013/07/Jorge-Oliva-35.jpg","width":793,"height":911},{"@type":"BreadcrumbList","@id":"https://medicina.udd.cl/centro-bioetica/persona/jorge-oliva-te-kloot/#breadcrumb","itemListElement":[{"@type":"ListItem","position":1,"name":"Inicio","item":"https://medicina.udd.cl/centro-bioetica/"},{"@type":"ListItem","position":2,"name":"Personas","item":"https://medicina.udd.cl/centro-bioetica/persona/"},{"@type":"ListItem","position":3,"name":"Jorge Oliva Te-Kloot"}]},{"@type":"WebSite","@id":"https://medicina.udd.cl/centro-bioetica/#website","url":"https://medicina.udd.cl/centro-bioetica/","name":"Centro de Bioética","description":"Universidad del Desarrollo","inLanguage":"es"}]}</script>
<!-- / Yoast SEO plugin. -->

Equipo - Centro de Bioética UDD

Centro de Bioética

<div class="person-modal person-modal--scl">
	<header class="person-modal__header">
		<div class="person-modal__bg"></div>
		<div class="modal-container">
						<div class="person-modal__media">
				<img width="435" height="500" src="https://medicina.udd.cl/centro-bioetica/files/2013/07/Jorge-Oliva-35-62x62.jpg" class="person-modal__image wp-post-image lazyload" alt="" decoding="async" loading="lazy" sizes="auto, (max-width: 435px) 100vw, 435px" data-src="https://medicina.udd.cl/centro-bioetica/files/2013/07/Jorge-Oliva-35.jpg" data-srcset="https://medicina.udd.cl/centro-bioetica/files/2013/07/Jorge-Oliva-35.jpg 793w, https://medicina.udd.cl/centro-bioetica/files/2013/07/Jorge-Oliva-35-261x300.jpg 261w, https://medicina.udd.cl/centro-bioetica/files/2013/07/Jorge-Oliva-35-768x882.jpg 768w" />			</div>
						<div class="person-modal__data">
				<h1 class="person-modal__name">Jorge Oliva Te-Kloot</h1>
							<span class="person-modal__description">Docente</span>
															</div>
		</div>
	</header>
	<div class="modal-container">
			<div class="person-modal__content text">
					<p>Cirujano Dentista, Universidad de Chile. Magíster en Bioética, Universidad de Chile. Diplomado en Educación en Salud, Universidad del Desarrollo.</p>
										<p><strong>Temas preferentes en investigación y docencia</strong></p>
<p>&nbsp;</p>
<ul>
<li>Relación Clínica</li>
<li>Bioética en Odontopediatría</li>
<li>Aspectos bioéticos de la Salud, la enfermedad y el dolor</li>
</ul>
<p><strong>Trayectoria profesional</strong></p>
<p>&nbsp;</p>
<ul>
<li>Cirujano Dentista Universidad de Chile 1979</li>
<li>Miembro Sociedad de Cirugía Bucal y Máxilo Facial</li>
<li>Miembro Sociedad Chilena de Bioética</li>
<li>Miembro Comité de Ética Científico Hospital Luis Calvo Mackenna</li>
<li>Miembro Comité Ética Integramédica</li>
<li>Docente de Bioética , Facultad de Medicia Clínica Alemana, Universidad del Desarrollo</li>
</ul>
<p><strong>Actividad docente actual</strong></p>
<p>&nbsp;</p>
<ul>
<li>Profesor encargado del curso Bioética, carrera de Odontología Santiago, Universidad del Desarrollo</li>
<li>Docente curso Bioética, carrera de Odontología, Universidad del Desarrollo</li>
<li>Docente Bioética, Programas de Especialidades Odontológicas, Universidad del Desarrollo</li>
</ul>
<p><strong>Libros  o capítulos de libro</strong></p>
<p>&nbsp;</p>
<ul>
<li>Bioética Clínica, Dr. Juan Pablo Beca y Dra Carmen Astete, Capítulo: Bioética y deliberación moral en Odontología.</li>
</ul>
		</div>
	</div>
</div>

Cirujano Dentista, Universidad de Chile. Magíster en Bioética, Universidad de Chile. Diplomado en Educación en Salud, Universidad del Desarrollo.
