{"id":3382,"date":"2015-07-21T10:53:58","date_gmt":"2015-07-21T13:53:58","guid":{"rendered":"http:\/\/medicina.udd.cl\/centro-bioetica\/?post_type=person&#038;p=3382"},"modified":"2024-10-03T09:07:26","modified_gmt":"2024-10-03T12:07:26","slug":"maria-bernardita-portales-velasco","status":"publish","type":"person","link":"https:\/\/medicina.udd.cl\/centro-bioetica\/persona\/maria-bernardita-portales-velasco\/","title":{"rendered":"Mar\u00eda Bernardita Portales Velasco"},"featured_media":6441,"template":"","people_tax":[4037,5979],"people_areas":[],"people_levels":[],"class_list":["post-3382","person","type-person","status-publish","has-post-thumbnail","hentry","people_tax-equipo","people_tax-nuestro-equipo"],"yoast_head":"<!-- This site is optimized with the Yoast SEO plugin v26.9 - https:\/\/yoast.com\/product\/yoast-seo-wordpress\/ -->\n<title>Mar\u00eda Bernardita Portales Velasco - Centro de Bio\u00e9tica<\/title>\n<meta name=\"robots\" content=\"index, follow, max-snippet:-1, max-image-preview:large, max-video-preview:-1\" \/>\n<link rel=\"canonical\" href=\"https:\/\/medicina.udd.cl\/centro-bioetica\/persona\/maria-bernardita-portales-velasco\/\" \/>\n<meta property=\"og:locale\" content=\"es_ES\" \/>\n<meta property=\"og:type\" content=\"article\" \/>\n<meta property=\"og:title\" content=\"Mar\u00eda Bernardita Portales Velasco - Centro de Bio\u00e9tica\" \/>\n<meta property=\"og:url\" content=\"https:\/\/medicina.udd.cl\/centro-bioetica\/persona\/maria-bernardita-portales-velasco\/\" \/>\n<meta property=\"og:site_name\" content=\"Centro de Bio\u00e9tica\" \/>\n<meta property=\"article:modified_time\" content=\"2024-10-03T12:07:26+00:00\" \/>\n<meta property=\"og:image\" content=\"https:\/\/medicina.udd.cl\/centro-bioetica\/files\/2015\/07\/bernardita-portales-f-55-scaled.jpg\" \/>\n\t<meta property=\"og:image:width\" content=\"2560\" \/>\n\t<meta property=\"og:image:height\" content=\"2560\" \/>\n\t<meta property=\"og:image:type\" content=\"image\/jpeg\" \/>\n<meta name=\"twitter:label1\" content=\"Tiempo de lectura\" \/>\n\t<meta name=\"twitter:data1\" content=\"1 minuto\" \/>\n<script type=\"application\/ld+json\" class=\"yoast-schema-graph\">{\"@context\":\"https:\/\/schema.org\",\"@graph\":[{\"@type\":\"WebPage\",\"@id\":\"https:\/\/medicina.udd.cl\/centro-bioetica\/persona\/maria-bernardita-portales-velasco\/\",\"url\":\"https:\/\/medicina.udd.cl\/centro-bioetica\/persona\/maria-bernardita-portales-velasco\/\",\"name\":\"Mar\u00eda Bernardita Portales Velasco - Centro de Bio\u00e9tica\",\"isPartOf\":{\"@id\":\"https:\/\/medicina.udd.cl\/centro-bioetica\/#website\"},\"primaryImageOfPage\":{\"@id\":\"https:\/\/medicina.udd.cl\/centro-bioetica\/persona\/maria-bernardita-portales-velasco\/#primaryimage\"},\"image\":{\"@id\":\"https:\/\/medicina.udd.cl\/centro-bioetica\/persona\/maria-bernardita-portales-velasco\/#primaryimage\"},\"thumbnailUrl\":\"https:\/\/medicina.udd.cl\/centro-bioetica\/files\/2015\/07\/bernardita-portales-f-55-scaled.jpg\",\"datePublished\":\"2015-07-21T13:53:58+00:00\",\"dateModified\":\"2024-10-03T12:07:26+00:00\",\"breadcrumb\":{\"@id\":\"https:\/\/medicina.udd.cl\/centro-bioetica\/persona\/maria-bernardita-portales-velasco\/#breadcrumb\"},\"inLanguage\":\"es\",\"potentialAction\":[{\"@type\":\"ReadAction\",\"target\":[\"https:\/\/medicina.udd.cl\/centro-bioetica\/persona\/maria-bernardita-portales-velasco\/\"]}]},{\"@type\":\"ImageObject\",\"inLanguage\":\"es\",\"@id\":\"https:\/\/medicina.udd.cl\/centro-bioetica\/persona\/maria-bernardita-portales-velasco\/#primaryimage\",\"url\":\"https:\/\/medicina.udd.cl\/centro-bioetica\/files\/2015\/07\/bernardita-portales-f-55-scaled.jpg\",\"contentUrl\":\"https:\/\/medicina.udd.cl\/centro-bioetica\/files\/2015\/07\/bernardita-portales-f-55-scaled.jpg\",\"width\":2560,\"height\":2560},{\"@type\":\"BreadcrumbList\",\"@id\":\"https:\/\/medicina.udd.cl\/centro-bioetica\/persona\/maria-bernardita-portales-velasco\/#breadcrumb\",\"itemListElement\":[{\"@type\":\"ListItem\",\"position\":1,\"name\":\"Inicio\",\"item\":\"https:\/\/medicina.udd.cl\/centro-bioetica\/\"},{\"@type\":\"ListItem\",\"position\":2,\"name\":\"Personas\",\"item\":\"https:\/\/medicina.udd.cl\/centro-bioetica\/persona\/\"},{\"@type\":\"ListItem\",\"position\":3,\"name\":\"Mar\u00eda Bernardita Portales Velasco\"}]},{\"@type\":\"WebSite\",\"@id\":\"https:\/\/medicina.udd.cl\/centro-bioetica\/#website\",\"url\":\"https:\/\/medicina.udd.cl\/centro-bioetica\/\",\"name\":\"Centro de Bio\u00e9tica\",\"description\":\"Universidad del Desarrollo\",\"inLanguage\":\"es\"}]}<\/script>\n<!-- \/ Yoast SEO plugin. -->","yoast_head_json":{"title":"Mar\u00eda Bernardita Portales Velasco - Centro de Bio\u00e9tica","robots":{"index":"index","follow":"follow","max-snippet":"max-snippet:-1","max-image-preview":"max-image-preview:large","max-video-preview":"max-video-preview:-1"},"canonical":"https:\/\/medicina.udd.cl\/centro-bioetica\/persona\/maria-bernardita-portales-velasco\/","og_locale":"es_ES","og_type":"article","og_title":"Mar\u00eda Bernardita Portales Velasco - Centro de Bio\u00e9tica","og_url":"https:\/\/medicina.udd.cl\/centro-bioetica\/persona\/maria-bernardita-portales-velasco\/","og_site_name":"Centro de Bio\u00e9tica","article_modified_time":"2024-10-03T12:07:26+00:00","og_image":[{"width":2560,"height":2560,"url":"https:\/\/medicina.udd.cl\/centro-bioetica\/files\/2015\/07\/bernardita-portales-f-55-scaled.jpg","type":"image\/jpeg"}],"twitter_misc":{"Tiempo de lectura":"1 minuto"},"schema":{"@context":"https:\/\/schema.org","@graph":[{"@type":"WebPage","@id":"https:\/\/medicina.udd.cl\/centro-bioetica\/persona\/maria-bernardita-portales-velasco\/","url":"https:\/\/medicina.udd.cl\/centro-bioetica\/persona\/maria-bernardita-portales-velasco\/","name":"Mar\u00eda Bernardita Portales Velasco - Centro de Bio\u00e9tica","isPartOf":{"@id":"https:\/\/medicina.udd.cl\/centro-bioetica\/#website"},"primaryImageOfPage":{"@id":"https:\/\/medicina.udd.cl\/centro-bioetica\/persona\/maria-bernardita-portales-velasco\/#primaryimage"},"image":{"@id":"https:\/\/medicina.udd.cl\/centro-bioetica\/persona\/maria-bernardita-portales-velasco\/#primaryimage"},"thumbnailUrl":"https:\/\/medicina.udd.cl\/centro-bioetica\/files\/2015\/07\/bernardita-portales-f-55-scaled.jpg","datePublished":"2015-07-21T13:53:58+00:00","dateModified":"2024-10-03T12:07:26+00:00","breadcrumb":{"@id":"https:\/\/medicina.udd.cl\/centro-bioetica\/persona\/maria-bernardita-portales-velasco\/#breadcrumb"},"inLanguage":"es","potentialAction":[{"@type":"ReadAction","target":["https:\/\/medicina.udd.cl\/centro-bioetica\/persona\/maria-bernardita-portales-velasco\/"]}]},{"@type":"ImageObject","inLanguage":"es","@id":"https:\/\/medicina.udd.cl\/centro-bioetica\/persona\/maria-bernardita-portales-velasco\/#primaryimage","url":"https:\/\/medicina.udd.cl\/centro-bioetica\/files\/2015\/07\/bernardita-portales-f-55-scaled.jpg","contentUrl":"https:\/\/medicina.udd.cl\/centro-bioetica\/files\/2015\/07\/bernardita-portales-f-55-scaled.jpg","width":2560,"height":2560},{"@type":"BreadcrumbList","@id":"https:\/\/medicina.udd.cl\/centro-bioetica\/persona\/maria-bernardita-portales-velasco\/#breadcrumb","itemListElement":[{"@type":"ListItem","position":1,"name":"Inicio","item":"https:\/\/medicina.udd.cl\/centro-bioetica\/"},{"@type":"ListItem","position":2,"name":"Personas","item":"https:\/\/medicina.udd.cl\/centro-bioetica\/persona\/"},{"@type":"ListItem","position":3,"name":"Mar\u00eda Bernardita Portales Velasco"}]},{"@type":"WebSite","@id":"https:\/\/medicina.udd.cl\/centro-bioetica\/#website","url":"https:\/\/medicina.udd.cl\/centro-bioetica\/","name":"Centro de Bio\u00e9tica","description":"Universidad del Desarrollo","inLanguage":"es"}]}},"label":"Mar\u00eda Bernardita Portales Velasco","role":"Directora","thumbnail_url":"https:\/\/medicina.udd.cl\/centro-bioetica\/files\/2015\/07\/bernardita-portales-f-55-500x500.jpg","email":"bportales@udd.cl","tel_job":"","content":{"rendered":"<div class=\"person-modal person-modal--scl\">\n\t<header class=\"person-modal__header\">\n\t\t<div class=\"person-modal__bg\"><\/div>\n\t\t<div class=\"modal-container\">\n\t\t\t\t\t\t<div class=\"person-modal__media\">\n\t\t\t\t<img width=\"500\" height=\"500\" src=\"https:\/\/medicina.udd.cl\/centro-bioetica\/files\/2015\/07\/bernardita-portales-f-55-62x62.jpg\" class=\"person-modal__image wp-post-image lazyload\" alt=\"\" decoding=\"async\" loading=\"lazy\" sizes=\"auto, (max-width: 500px) 100vw, 500px\" data-src=\"https:\/\/medicina.udd.cl\/centro-bioetica\/files\/2015\/07\/bernardita-portales-f-55-500x500.jpg\" data-srcset=\"https:\/\/medicina.udd.cl\/centro-bioetica\/files\/2015\/07\/bernardita-portales-f-55-500x500.jpg 500w, https:\/\/medicina.udd.cl\/centro-bioetica\/files\/2015\/07\/bernardita-portales-f-55-300x300.jpg 300w, https:\/\/medicina.udd.cl\/centro-bioetica\/files\/2015\/07\/bernardita-portales-f-55-1024x1024.jpg 1024w, https:\/\/medicina.udd.cl\/centro-bioetica\/files\/2015\/07\/bernardita-portales-f-55-150x150.jpg 150w, https:\/\/medicina.udd.cl\/centro-bioetica\/files\/2015\/07\/bernardita-portales-f-55-768x768.jpg 768w, https:\/\/medicina.udd.cl\/centro-bioetica\/files\/2015\/07\/bernardita-portales-f-55-62x62.jpg 62w, https:\/\/medicina.udd.cl\/centro-bioetica\/files\/2015\/07\/bernardita-portales-f-55-1536x1536.jpg 1536w, https:\/\/medicina.udd.cl\/centro-bioetica\/files\/2015\/07\/bernardita-portales-f-55-2048x2048.jpg 2048w, https:\/\/medicina.udd.cl\/centro-bioetica\/files\/2015\/07\/bernardita-portales-f-55-750x750.jpg 750w, https:\/\/medicina.udd.cl\/centro-bioetica\/files\/2015\/07\/bernardita-portales-f-55-250x250.jpg 250w, https:\/\/medicina.udd.cl\/centro-bioetica\/files\/2015\/07\/bernardita-portales-f-55-126x126.jpg 126w\" \/>\t\t\t<\/div>\n\t\t\t\t\t\t<div class=\"person-modal__data\">\n\t\t\t\t<h1 class=\"person-modal__name\">Mar\u00eda Bernardita Portales Velasco<\/h1>\n\t\t\t\t\t\t\t<span class=\"person-modal__description\">Directora<\/span>\n\t\t\t\t\t\t\t\t\t\t\t\t\t<a href=\"mailto:&#098;&#112;&#111;r&#116;a&#108;&#101;&#115;&#064;&#117;&#100;d.c&#108;\" class=\"person-modal__email\">&#98;&#112;&#111;&#114;ta&#108;e&#115;&#64;&#117;d&#100;.c&#108;<\/a>\n\t\t\t\t\t\t\t\t\t<\/div>\n\t\t<\/div>\n\t<\/header>\n\t<div class=\"modal-container\">\n\t\t\t<div class=\"person-modal__content text\">\n\t\t\t\t\t<p>Fonoaudi\u00f3loga, U. de Chile.<br \/>\nMag\u00edster en Bio\u00e9tica, UDD.<br \/>\nDirectora Mag\u00edster en Bio\u00e9tica, UDD.<br \/>\nDirectora Curso Intensivo Internacional de Bio\u00e9tica y del Diplomado en Bio\u00e9tica, UDD.<\/p>\n\t\t\t\t\t\t\t\t\t\t<p class=\"MsoNormal\"><strong>\u00a0Actividad profesional y docente<\/strong><\/p>\n<ul>\n<li>Integrante del Comit\u00e9 \u00c9tico Cient\u00edfico de la Facultad de Medicina Cl\u00ednica Alemana Universidad del Desarrollo.<\/li>\n<li>Miembro Comit\u00e9 de \u00c9tica Asistencial, Cl\u00ednica Alemana de Santiago.<\/li>\n<li>Docente de \u00c9tica en Otras Carreras de la Salud.<\/li>\n<li>Experiencia laboral en el \u00e1rea de trastornos de la comunicaci\u00f3n y degluci\u00f3n en adultos.<\/li>\n<\/ul>\n\t\t<\/div>\n\t<\/div>\n<\/div>\n"},"identifier":"1eb9b4403a59198e1464d9266443d3575b7c96e8","has_credential":[],"given_name":"Mar\u00eda Bernardita","family_name":"Portales Velasco","name":"Mar\u00eda Bernardita Portales Velasco","job_title":"Directora","telephone":"","note":"Fonoaudi\u00f3loga, U. de Chile.\r\nMag\u00edster en Bio\u00e9tica, UDD.\r\nDirectora Mag\u00edster en Bio\u00e9tica, UDD.\r\nDirectora Curso Intensivo Internacional de Bio\u00e9tica y del Diplomado en Bio\u00e9tica, UDD.","im":"","_self_schedule":null,"_links":{"self":[{"href":"https:\/\/medicina.udd.cl\/centro-bioetica\/wp-json\/wp\/v2\/people\/3382","targetHints":{"allow":["GET"]}}],"collection":[{"href":"https:\/\/medicina.udd.cl\/centro-bioetica\/wp-json\/wp\/v2\/people"}],"about":[{"href":"https:\/\/medicina.udd.cl\/centro-bioetica\/wp-json\/wp\/v2\/types\/person"}],"wp:featuredmedia":[{"embeddable":true,"href":"https:\/\/medicina.udd.cl\/centro-bioetica\/wp-json\/wp\/v2\/media\/6441"}],"wp:attachment":[{"href":"https:\/\/medicina.udd.cl\/centro-bioetica\/wp-json\/wp\/v2\/media?parent=3382"}],"wp:term":[{"taxonomy":"people_tax","embeddable":true,"href":"https:\/\/medicina.udd.cl\/centro-bioetica\/wp-json\/wp\/v2\/people_tax?post=3382"},{"taxonomy":"people_areas","embeddable":true,"href":"https:\/\/medicina.udd.cl\/centro-bioetica\/wp-json\/wp\/v2\/people_areas?post=3382"},{"taxonomy":"people_levels","embeddable":true,"href":"https:\/\/medicina.udd.cl\/centro-bioetica\/wp-json\/wp\/v2\/people_levels?post=3382"}],"curies":[{"name":"wp","href":"https:\/\/api.w.org\/{rel}","templated":true}]}}

María Bernardita Portales Velasco

<!-- This site is optimized with the Yoast SEO plugin v26.9 - https://yoast.com/product/yoast-seo-wordpress/ -->
<title>María Bernardita Portales Velasco - Centro de Bioética</title>
<meta name="robots" content="index, follow, max-snippet:-1, max-image-preview:large, max-video-preview:-1" />
<link rel="canonical" href="https://medicina.udd.cl/centro-bioetica/persona/maria-bernardita-portales-velasco/" />
<meta property="og:locale" content="es_ES" />
<meta property="og:type" content="article" />
<meta property="og:title" content="María Bernardita Portales Velasco - Centro de Bioética" />
<meta property="og:url" content="https://medicina.udd.cl/centro-bioetica/persona/maria-bernardita-portales-velasco/" />
<meta property="og:site_name" content="Centro de Bioética" />
<meta property="article:modified_time" content="2024-10-03T12:07:26+00:00" />
<meta property="og:image" content="https://medicina.udd.cl/centro-bioetica/files/2015/07/bernardita-portales-f-55-scaled.jpg" />
	<meta property="og:image:width" content="2560" />
	<meta property="og:image:height" content="2560" />
	<meta property="og:image:type" content="image/jpeg" />
<meta name="twitter:label1" content="Tiempo de lectura" />
	<meta name="twitter:data1" content="1 minuto" />
<script type="application/ld+json" class="yoast-schema-graph">{"@context":"https://schema.org","@graph":[{"@type":"WebPage","@id":"https://medicina.udd.cl/centro-bioetica/persona/maria-bernardita-portales-velasco/","url":"https://medicina.udd.cl/centro-bioetica/persona/maria-bernardita-portales-velasco/","name":"María Bernardita Portales Velasco - Centro de Bioética","isPartOf":{"@id":"https://medicina.udd.cl/centro-bioetica/#website"},"primaryImageOfPage":{"@id":"https://medicina.udd.cl/centro-bioetica/persona/maria-bernardita-portales-velasco/#primaryimage"},"image":{"@id":"https://medicina.udd.cl/centro-bioetica/persona/maria-bernardita-portales-velasco/#primaryimage"},"thumbnailUrl":"https://medicina.udd.cl/centro-bioetica/files/2015/07/bernardita-portales-f-55-scaled.jpg","datePublished":"2015-07-21T13:53:58+00:00","dateModified":"2024-10-03T12:07:26+00:00","breadcrumb":{"@id":"https://medicina.udd.cl/centro-bioetica/persona/maria-bernardita-portales-velasco/#breadcrumb"},"inLanguage":"es","potentialAction":[{"@type":"ReadAction","target":["https://medicina.udd.cl/centro-bioetica/persona/maria-bernardita-portales-velasco/"]}]},{"@type":"ImageObject","inLanguage":"es","@id":"https://medicina.udd.cl/centro-bioetica/persona/maria-bernardita-portales-velasco/#primaryimage","url":"https://medicina.udd.cl/centro-bioetica/files/2015/07/bernardita-portales-f-55-scaled.jpg","contentUrl":"https://medicina.udd.cl/centro-bioetica/files/2015/07/bernardita-portales-f-55-scaled.jpg","width":2560,"height":2560},{"@type":"BreadcrumbList","@id":"https://medicina.udd.cl/centro-bioetica/persona/maria-bernardita-portales-velasco/#breadcrumb","itemListElement":[{"@type":"ListItem","position":1,"name":"Inicio","item":"https://medicina.udd.cl/centro-bioetica/"},{"@type":"ListItem","position":2,"name":"Personas","item":"https://medicina.udd.cl/centro-bioetica/persona/"},{"@type":"ListItem","position":3,"name":"María Bernardita Portales Velasco"}]},{"@type":"WebSite","@id":"https://medicina.udd.cl/centro-bioetica/#website","url":"https://medicina.udd.cl/centro-bioetica/","name":"Centro de Bioética","description":"Universidad del Desarrollo","inLanguage":"es"}]}</script>
<!-- / Yoast SEO plugin. -->

María Bernardita Portales Velasco - Centro de Bioética

Centro de Bioética

<div class="person-modal person-modal--scl">
	<header class="person-modal__header">
		<div class="person-modal__bg"></div>
		<div class="modal-container">
						<div class="person-modal__media">
				<img width="500" height="500" src="https://medicina.udd.cl/centro-bioetica/files/2015/07/bernardita-portales-f-55-62x62.jpg" class="person-modal__image wp-post-image lazyload" alt="" decoding="async" loading="lazy" sizes="auto, (max-width: 500px) 100vw, 500px" data-src="https://medicina.udd.cl/centro-bioetica/files/2015/07/bernardita-portales-f-55-500x500.jpg" data-srcset="https://medicina.udd.cl/centro-bioetica/files/2015/07/bernardita-portales-f-55-500x500.jpg 500w, https://medicina.udd.cl/centro-bioetica/files/2015/07/bernardita-portales-f-55-300x300.jpg 300w, https://medicina.udd.cl/centro-bioetica/files/2015/07/bernardita-portales-f-55-1024x1024.jpg 1024w, https://medicina.udd.cl/centro-bioetica/files/2015/07/bernardita-portales-f-55-150x150.jpg 150w, https://medicina.udd.cl/centro-bioetica/files/2015/07/bernardita-portales-f-55-768x768.jpg 768w, https://medicina.udd.cl/centro-bioetica/files/2015/07/bernardita-portales-f-55-62x62.jpg 62w, https://medicina.udd.cl/centro-bioetica/files/2015/07/bernardita-portales-f-55-1536x1536.jpg 1536w, https://medicina.udd.cl/centro-bioetica/files/2015/07/bernardita-portales-f-55-2048x2048.jpg 2048w, https://medicina.udd.cl/centro-bioetica/files/2015/07/bernardita-portales-f-55-750x750.jpg 750w, https://medicina.udd.cl/centro-bioetica/files/2015/07/bernardita-portales-f-55-250x250.jpg 250w, https://medicina.udd.cl/centro-bioetica/files/2015/07/bernardita-portales-f-55-126x126.jpg 126w" />			</div>
						<div class="person-modal__data">
				<h1 class="person-modal__name">María Bernardita Portales Velasco</h1>
							<span class="person-modal__description">Directora</span>
													<a href="mailto:&#098;&#112;&#111;r&#116;a&#108;&#101;&#115;&#064;&#117;&#100;d.c&#108;" class="person-modal__email">&#98;&#112;&#111;&#114;ta&#108;e&#115;&#64;&#117;d&#100;.c&#108;</a>
									</div>
		</div>
	</header>
	<div class="modal-container">
			<div class="person-modal__content text">
					<p>Fonoaudióloga, U. de Chile.<br />
Magíster en Bioética, UDD.<br />
Directora Magíster en Bioética, UDD.<br />
Directora Curso Intensivo Internacional de Bioética y del Diplomado en Bioética, UDD.</p>
										<p class="MsoNormal"><strong> Actividad profesional y docente</strong></p>
<ul>
<li>Integrante del Comité Ético Científico de la Facultad de Medicina Clínica Alemana Universidad del Desarrollo.</li>
<li>Miembro Comité de Ética Asistencial, Clínica Alemana de Santiago.</li>
<li>Docente de Ética en Otras Carreras de la Salud.</li>
<li>Experiencia laboral en el área de trastornos de la comunicación y deglución en adultos.</li>
</ul>
		</div>
	</div>
</div>

María Bernardita

Fonoaudióloga, U. de Chile.
Magíster en Bioética, UDD.
Directora Magíster en Bioética, UDD.
Directora Curso Intensivo Internacional de Bioética y del Diplomado en Bioética, UDD.
