{"id":4817,"date":"2020-02-17T16:10:56","date_gmt":"2020-02-17T19:10:56","guid":{"rendered":"http:\/\/medicina.udd.cl\/centro-bioetica\/?post_type=person&#038;p=4817"},"modified":"2024-07-25T09:11:51","modified_gmt":"2024-07-25T13:11:51","slug":"karen-goset-poblete","status":"publish","type":"person","link":"https:\/\/medicina.udd.cl\/centro-bioetica\/persona\/karen-goset-poblete\/","title":{"rendered":"Karen Goset Poblete"},"featured_media":4861,"template":"","people_tax":[5979],"people_areas":[],"people_levels":[],"class_list":["post-4817","person","type-person","status-publish","has-post-thumbnail","hentry","people_tax-nuestro-equipo"],"yoast_head":"<!-- This site is optimized with the Yoast SEO plugin v26.9 - https:\/\/yoast.com\/product\/yoast-seo-wordpress\/ -->\n<title>Karen Goset Poblete - Centro de Bio\u00e9tica<\/title>\n<meta name=\"robots\" content=\"index, follow, max-snippet:-1, max-image-preview:large, max-video-preview:-1\" \/>\n<link rel=\"canonical\" href=\"https:\/\/medicina.udd.cl\/centro-bioetica\/persona\/karen-goset-poblete\/\" \/>\n<meta property=\"og:locale\" content=\"es_ES\" \/>\n<meta property=\"og:type\" content=\"article\" \/>\n<meta property=\"og:title\" content=\"Karen Goset Poblete - Centro de Bio\u00e9tica\" \/>\n<meta property=\"og:url\" content=\"https:\/\/medicina.udd.cl\/centro-bioetica\/persona\/karen-goset-poblete\/\" \/>\n<meta property=\"og:site_name\" content=\"Centro de Bio\u00e9tica\" \/>\n<meta property=\"article:modified_time\" content=\"2024-07-25T13:11:51+00:00\" \/>\n<meta property=\"og:image\" content=\"https:\/\/medicina.udd.cl\/centro-bioetica\/files\/2020\/02\/Dra-Gotze-bio\u00e9tica.jpg\" \/>\n\t<meta property=\"og:image:width\" content=\"3802\" \/>\n\t<meta property=\"og:image:height\" content=\"4114\" \/>\n\t<meta property=\"og:image:type\" content=\"image\/jpeg\" \/>\n<meta name=\"twitter:label1\" content=\"Tiempo de lectura\" \/>\n\t<meta name=\"twitter:data1\" content=\"1 minuto\" \/>\n<script type=\"application\/ld+json\" class=\"yoast-schema-graph\">{\"@context\":\"https:\/\/schema.org\",\"@graph\":[{\"@type\":\"WebPage\",\"@id\":\"https:\/\/medicina.udd.cl\/centro-bioetica\/persona\/karen-goset-poblete\/\",\"url\":\"https:\/\/medicina.udd.cl\/centro-bioetica\/persona\/karen-goset-poblete\/\",\"name\":\"Karen Goset Poblete - Centro de Bio\u00e9tica\",\"isPartOf\":{\"@id\":\"https:\/\/medicina.udd.cl\/centro-bioetica\/#website\"},\"primaryImageOfPage\":{\"@id\":\"https:\/\/medicina.udd.cl\/centro-bioetica\/persona\/karen-goset-poblete\/#primaryimage\"},\"image\":{\"@id\":\"https:\/\/medicina.udd.cl\/centro-bioetica\/persona\/karen-goset-poblete\/#primaryimage\"},\"thumbnailUrl\":\"https:\/\/medicina.udd.cl\/centro-bioetica\/files\/2020\/02\/Dra-Gotze-bio\u00e9tica.jpg\",\"datePublished\":\"2020-02-17T19:10:56+00:00\",\"dateModified\":\"2024-07-25T13:11:51+00:00\",\"breadcrumb\":{\"@id\":\"https:\/\/medicina.udd.cl\/centro-bioetica\/persona\/karen-goset-poblete\/#breadcrumb\"},\"inLanguage\":\"es\",\"potentialAction\":[{\"@type\":\"ReadAction\",\"target\":[\"https:\/\/medicina.udd.cl\/centro-bioetica\/persona\/karen-goset-poblete\/\"]}]},{\"@type\":\"ImageObject\",\"inLanguage\":\"es\",\"@id\":\"https:\/\/medicina.udd.cl\/centro-bioetica\/persona\/karen-goset-poblete\/#primaryimage\",\"url\":\"https:\/\/medicina.udd.cl\/centro-bioetica\/files\/2020\/02\/Dra-Gotze-bio\u00e9tica.jpg\",\"contentUrl\":\"https:\/\/medicina.udd.cl\/centro-bioetica\/files\/2020\/02\/Dra-Gotze-bio\u00e9tica.jpg\",\"width\":3802,\"height\":4114},{\"@type\":\"BreadcrumbList\",\"@id\":\"https:\/\/medicina.udd.cl\/centro-bioetica\/persona\/karen-goset-poblete\/#breadcrumb\",\"itemListElement\":[{\"@type\":\"ListItem\",\"position\":1,\"name\":\"Inicio\",\"item\":\"https:\/\/medicina.udd.cl\/centro-bioetica\/\"},{\"@type\":\"ListItem\",\"position\":2,\"name\":\"Personas\",\"item\":\"https:\/\/medicina.udd.cl\/centro-bioetica\/persona\/\"},{\"@type\":\"ListItem\",\"position\":3,\"name\":\"Karen Goset Poblete\"}]},{\"@type\":\"WebSite\",\"@id\":\"https:\/\/medicina.udd.cl\/centro-bioetica\/#website\",\"url\":\"https:\/\/medicina.udd.cl\/centro-bioetica\/\",\"name\":\"Centro de Bio\u00e9tica\",\"description\":\"Universidad del Desarrollo\",\"inLanguage\":\"es\"}]}<\/script>\n<!-- \/ Yoast SEO plugin. -->","yoast_head_json":{"title":"Karen Goset Poblete - Centro de Bio\u00e9tica","robots":{"index":"index","follow":"follow","max-snippet":"max-snippet:-1","max-image-preview":"max-image-preview:large","max-video-preview":"max-video-preview:-1"},"canonical":"https:\/\/medicina.udd.cl\/centro-bioetica\/persona\/karen-goset-poblete\/","og_locale":"es_ES","og_type":"article","og_title":"Karen Goset Poblete - Centro de Bio\u00e9tica","og_url":"https:\/\/medicina.udd.cl\/centro-bioetica\/persona\/karen-goset-poblete\/","og_site_name":"Centro de Bio\u00e9tica","article_modified_time":"2024-07-25T13:11:51+00:00","og_image":[{"width":3802,"height":4114,"url":"https:\/\/medicina.udd.cl\/centro-bioetica\/files\/2020\/02\/Dra-Gotze-bio\u00e9tica.jpg","type":"image\/jpeg"}],"twitter_misc":{"Tiempo de lectura":"1 minuto"},"schema":{"@context":"https:\/\/schema.org","@graph":[{"@type":"WebPage","@id":"https:\/\/medicina.udd.cl\/centro-bioetica\/persona\/karen-goset-poblete\/","url":"https:\/\/medicina.udd.cl\/centro-bioetica\/persona\/karen-goset-poblete\/","name":"Karen Goset Poblete - Centro de Bio\u00e9tica","isPartOf":{"@id":"https:\/\/medicina.udd.cl\/centro-bioetica\/#website"},"primaryImageOfPage":{"@id":"https:\/\/medicina.udd.cl\/centro-bioetica\/persona\/karen-goset-poblete\/#primaryimage"},"image":{"@id":"https:\/\/medicina.udd.cl\/centro-bioetica\/persona\/karen-goset-poblete\/#primaryimage"},"thumbnailUrl":"https:\/\/medicina.udd.cl\/centro-bioetica\/files\/2020\/02\/Dra-Gotze-bio\u00e9tica.jpg","datePublished":"2020-02-17T19:10:56+00:00","dateModified":"2024-07-25T13:11:51+00:00","breadcrumb":{"@id":"https:\/\/medicina.udd.cl\/centro-bioetica\/persona\/karen-goset-poblete\/#breadcrumb"},"inLanguage":"es","potentialAction":[{"@type":"ReadAction","target":["https:\/\/medicina.udd.cl\/centro-bioetica\/persona\/karen-goset-poblete\/"]}]},{"@type":"ImageObject","inLanguage":"es","@id":"https:\/\/medicina.udd.cl\/centro-bioetica\/persona\/karen-goset-poblete\/#primaryimage","url":"https:\/\/medicina.udd.cl\/centro-bioetica\/files\/2020\/02\/Dra-Gotze-bio\u00e9tica.jpg","contentUrl":"https:\/\/medicina.udd.cl\/centro-bioetica\/files\/2020\/02\/Dra-Gotze-bio\u00e9tica.jpg","width":3802,"height":4114},{"@type":"BreadcrumbList","@id":"https:\/\/medicina.udd.cl\/centro-bioetica\/persona\/karen-goset-poblete\/#breadcrumb","itemListElement":[{"@type":"ListItem","position":1,"name":"Inicio","item":"https:\/\/medicina.udd.cl\/centro-bioetica\/"},{"@type":"ListItem","position":2,"name":"Personas","item":"https:\/\/medicina.udd.cl\/centro-bioetica\/persona\/"},{"@type":"ListItem","position":3,"name":"Karen Goset Poblete"}]},{"@type":"WebSite","@id":"https:\/\/medicina.udd.cl\/centro-bioetica\/#website","url":"https:\/\/medicina.udd.cl\/centro-bioetica\/","name":"Centro de Bio\u00e9tica","description":"Universidad del Desarrollo","inLanguage":"es"}]}},"label":"Karen Goset Poblete","role":false,"thumbnail_url":"https:\/\/medicina.udd.cl\/centro-bioetica\/files\/2020\/02\/Dra-Gotze-bio\u00e9tica.jpg","email":"","tel_job":"","content":{"rendered":"<div class=\"person-modal person-modal--scl\">\n\t<header class=\"person-modal__header\">\n\t\t<div class=\"person-modal__bg\"><\/div>\n\t\t<div class=\"modal-container\">\n\t\t\t\t\t\t<div class=\"person-modal__media\">\n\t\t\t\t<img width=\"462\" height=\"500\" src=\"https:\/\/medicina.udd.cl\/centro-bioetica\/files\/2020\/02\/Dra-Gotze-bio\u00e9tica-62x62.jpg\" class=\"person-modal__image wp-post-image lazyload\" alt=\"\" decoding=\"async\" loading=\"lazy\" sizes=\"auto, (max-width: 462px) 100vw, 462px\" data-src=\"https:\/\/medicina.udd.cl\/centro-bioetica\/files\/2020\/02\/Dra-Gotze-bio\u00e9tica.jpg\" data-srcset=\"https:\/\/medicina.udd.cl\/centro-bioetica\/files\/2020\/02\/Dra-Gotze-bio\u00e9tica.jpg 3802w, https:\/\/medicina.udd.cl\/centro-bioetica\/files\/2020\/02\/Dra-Gotze-bio\u00e9tica-277x300.jpg 277w, https:\/\/medicina.udd.cl\/centro-bioetica\/files\/2020\/02\/Dra-Gotze-bio\u00e9tica-768x831.jpg 768w, https:\/\/medicina.udd.cl\/centro-bioetica\/files\/2020\/02\/Dra-Gotze-bio\u00e9tica-946x1024.jpg 946w, https:\/\/medicina.udd.cl\/centro-bioetica\/files\/2020\/02\/Dra-Gotze-bio\u00e9tica-887x960.jpg 887w\" \/>\t\t\t<\/div>\n\t\t\t\t\t\t<div class=\"person-modal__data\">\n\t\t\t\t<h1 class=\"person-modal__name\">Karen Goset Poblete<\/h1>\n\t\t\t\t\t\t\t\t\t\t\t\t\t\t\t<\/div>\n\t\t<\/div>\n\t<\/header>\n\t<div class=\"modal-container\">\n\t\t\t<div class=\"person-modal__content text\">\n\t\t\t\t\t\t\t\t\t\t<ul>\n<li class=\"MsoNormal\"><span>M\u00e9dico cirujano, U. de Concepci\u00f3n.<\/span><\/li>\n<li class=\"MsoNormal\"><span>Radioterapia Oncol\u00f3gica, FALP.<\/span><\/li>\n<li class=\"MsoNormal\"><span>Diplomado de radioterapia oncol\u00f3gica, U. de Paris XI.<\/span><\/li>\n<li class=\"MsoNormal\"><span>Mag\u00edster de Bio\u00e9tica, Instituto Borja de Bio\u00e9tica, Espa\u00f1a.<\/span><\/li>\n<li class=\"MsoNormal\"><span>Staff Cl\u00ednica Alemana de Santiago.<\/span><\/li>\n<li class=\"MsoNormal\"><span>Pdte. del Comit\u00e9 de \u00c9tica Asistencial, Cl\u00ednica Alemana.<\/span><\/li>\n<\/ul>\n\t\t<\/div>\n\t<\/div>\n<\/div>\n"},"identifier":"76a08115ccfd79dce96afac46257ca03eb7f4f3f","has_credential":[],"given_name":"Karen","family_name":"Goset Poblete","name":"Karen Goset Poblete","job_title":"","telephone":"","note":"","im":"","_self_schedule":null,"_links":{"self":[{"href":"https:\/\/medicina.udd.cl\/centro-bioetica\/wp-json\/wp\/v2\/people\/4817","targetHints":{"allow":["GET"]}}],"collection":[{"href":"https:\/\/medicina.udd.cl\/centro-bioetica\/wp-json\/wp\/v2\/people"}],"about":[{"href":"https:\/\/medicina.udd.cl\/centro-bioetica\/wp-json\/wp\/v2\/types\/person"}],"wp:featuredmedia":[{"embeddable":true,"href":"https:\/\/medicina.udd.cl\/centro-bioetica\/wp-json\/wp\/v2\/media\/4861"}],"wp:attachment":[{"href":"https:\/\/medicina.udd.cl\/centro-bioetica\/wp-json\/wp\/v2\/media?parent=4817"}],"wp:term":[{"taxonomy":"people_tax","embeddable":true,"href":"https:\/\/medicina.udd.cl\/centro-bioetica\/wp-json\/wp\/v2\/people_tax?post=4817"},{"taxonomy":"people_areas","embeddable":true,"href":"https:\/\/medicina.udd.cl\/centro-bioetica\/wp-json\/wp\/v2\/people_areas?post=4817"},{"taxonomy":"people_levels","embeddable":true,"href":"https:\/\/medicina.udd.cl\/centro-bioetica\/wp-json\/wp\/v2\/people_levels?post=4817"}],"curies":[{"name":"wp","href":"https:\/\/api.w.org\/{rel}","templated":true}]}}

<!-- This site is optimized with the Yoast SEO plugin v26.9 - https://yoast.com/product/yoast-seo-wordpress/ -->
<title>Karen Goset Poblete - Centro de Bioética</title>
<meta name="robots" content="index, follow, max-snippet:-1, max-image-preview:large, max-video-preview:-1" />
<link rel="canonical" href="https://medicina.udd.cl/centro-bioetica/persona/karen-goset-poblete/" />
<meta property="og:locale" content="es_ES" />
<meta property="og:type" content="article" />
<meta property="og:title" content="Karen Goset Poblete - Centro de Bioética" />
<meta property="og:url" content="https://medicina.udd.cl/centro-bioetica/persona/karen-goset-poblete/" />
<meta property="og:site_name" content="Centro de Bioética" />
<meta property="article:modified_time" content="2024-07-25T13:11:51+00:00" />
<meta property="og:image" content="https://medicina.udd.cl/centro-bioetica/files/2020/02/Dra-Gotze-bioética.jpg" />
	<meta property="og:image:width" content="3802" />
	<meta property="og:image:height" content="4114" />
	<meta property="og:image:type" content="image/jpeg" />
<meta name="twitter:label1" content="Tiempo de lectura" />
	<meta name="twitter:data1" content="1 minuto" />
<script type="application/ld+json" class="yoast-schema-graph">{"@context":"https://schema.org","@graph":[{"@type":"WebPage","@id":"https://medicina.udd.cl/centro-bioetica/persona/karen-goset-poblete/","url":"https://medicina.udd.cl/centro-bioetica/persona/karen-goset-poblete/","name":"Karen Goset Poblete - Centro de Bioética","isPartOf":{"@id":"https://medicina.udd.cl/centro-bioetica/#website"},"primaryImageOfPage":{"@id":"https://medicina.udd.cl/centro-bioetica/persona/karen-goset-poblete/#primaryimage"},"image":{"@id":"https://medicina.udd.cl/centro-bioetica/persona/karen-goset-poblete/#primaryimage"},"thumbnailUrl":"https://medicina.udd.cl/centro-bioetica/files/2020/02/Dra-Gotze-bioética.jpg","datePublished":"2020-02-17T19:10:56+00:00","dateModified":"2024-07-25T13:11:51+00:00","breadcrumb":{"@id":"https://medicina.udd.cl/centro-bioetica/persona/karen-goset-poblete/#breadcrumb"},"inLanguage":"es","potentialAction":[{"@type":"ReadAction","target":["https://medicina.udd.cl/centro-bioetica/persona/karen-goset-poblete/"]}]},{"@type":"ImageObject","inLanguage":"es","@id":"https://medicina.udd.cl/centro-bioetica/persona/karen-goset-poblete/#primaryimage","url":"https://medicina.udd.cl/centro-bioetica/files/2020/02/Dra-Gotze-bioética.jpg","contentUrl":"https://medicina.udd.cl/centro-bioetica/files/2020/02/Dra-Gotze-bioética.jpg","width":3802,"height":4114},{"@type":"BreadcrumbList","@id":"https://medicina.udd.cl/centro-bioetica/persona/karen-goset-poblete/#breadcrumb","itemListElement":[{"@type":"ListItem","position":1,"name":"Inicio","item":"https://medicina.udd.cl/centro-bioetica/"},{"@type":"ListItem","position":2,"name":"Personas","item":"https://medicina.udd.cl/centro-bioetica/persona/"},{"@type":"ListItem","position":3,"name":"Karen Goset Poblete"}]},{"@type":"WebSite","@id":"https://medicina.udd.cl/centro-bioetica/#website","url":"https://medicina.udd.cl/centro-bioetica/","name":"Centro de Bioética","description":"Universidad del Desarrollo","inLanguage":"es"}]}</script>
<!-- / Yoast SEO plugin. -->

Karen Goset Poblete - Centro de Bioética

Centro de Bioética

https://medicina.udd.cl/centro-bioetica/files/2020/02/Dra-Gotze-bioética.jpg

<div class="person-modal person-modal--scl">
	<header class="person-modal__header">
		<div class="person-modal__bg"></div>
		<div class="modal-container">
						<div class="person-modal__media">
				<img width="462" height="500" src="https://medicina.udd.cl/centro-bioetica/files/2020/02/Dra-Gotze-bioética-62x62.jpg" class="person-modal__image wp-post-image lazyload" alt="" decoding="async" loading="lazy" sizes="auto, (max-width: 462px) 100vw, 462px" data-src="https://medicina.udd.cl/centro-bioetica/files/2020/02/Dra-Gotze-bioética.jpg" data-srcset="https://medicina.udd.cl/centro-bioetica/files/2020/02/Dra-Gotze-bioética.jpg 3802w, https://medicina.udd.cl/centro-bioetica/files/2020/02/Dra-Gotze-bioética-277x300.jpg 277w, https://medicina.udd.cl/centro-bioetica/files/2020/02/Dra-Gotze-bioética-768x831.jpg 768w, https://medicina.udd.cl/centro-bioetica/files/2020/02/Dra-Gotze-bioética-946x1024.jpg 946w, https://medicina.udd.cl/centro-bioetica/files/2020/02/Dra-Gotze-bioética-887x960.jpg 887w" />			</div>
						<div class="person-modal__data">
				<h1 class="person-modal__name">Karen Goset Poblete</h1>
															</div>
		</div>
	</header>
	<div class="modal-container">
			<div class="person-modal__content text">
										<ul>
<li class="MsoNormal"><span>Médico cirujano, U. de Concepción.</span></li>
<li class="MsoNormal"><span>Radioterapia Oncológica, FALP.</span></li>
<li class="MsoNormal"><span>Diplomado de radioterapia oncológica, U. de Paris XI.</span></li>
<li class="MsoNormal"><span>Magíster de Bioética, Instituto Borja de Bioética, España.</span></li>
<li class="MsoNormal"><span>Staff Clínica Alemana de Santiago.</span></li>
<li class="MsoNormal"><span>Pdte. del Comité de Ética Asistencial, Clínica Alemana.</span></li>
</ul>
		</div>
	</div>
</div>
