{"id":6412,"date":"2024-08-29T11:00:09","date_gmt":"2024-08-29T15:00:09","guid":{"rendered":"https:\/\/medicina.udd.cl\/centro-bioetica\/?post_type=person&#038;p=6412"},"modified":"2024-08-29T11:00:28","modified_gmt":"2024-08-29T15:00:28","slug":"barbara-sanzana","status":"publish","type":"person","link":"https:\/\/medicina.udd.cl\/centro-bioetica\/persona\/barbara-sanzana\/","title":{"rendered":"B\u00e1rbara Sanzana"},"featured_media":6413,"template":"","people_tax":[4037,5979],"people_areas":[],"people_levels":[],"class_list":["post-6412","person","type-person","status-publish","has-post-thumbnail","hentry","people_tax-equipo","people_tax-nuestro-equipo"],"yoast_head":"<!-- This site is optimized with the Yoast SEO plugin v26.9 - https:\/\/yoast.com\/product\/yoast-seo-wordpress\/ -->\n<title>B\u00e1rbara Sanzana - Centro de Bio\u00e9tica<\/title>\n<meta name=\"robots\" content=\"index, follow, max-snippet:-1, max-image-preview:large, max-video-preview:-1\" \/>\n<link rel=\"canonical\" href=\"https:\/\/medicina.udd.cl\/centro-bioetica\/persona\/barbara-sanzana\/\" \/>\n<meta property=\"og:locale\" content=\"es_ES\" \/>\n<meta property=\"og:type\" content=\"article\" \/>\n<meta property=\"og:title\" content=\"B\u00e1rbara Sanzana - Centro de Bio\u00e9tica\" \/>\n<meta property=\"og:url\" content=\"https:\/\/medicina.udd.cl\/centro-bioetica\/persona\/barbara-sanzana\/\" \/>\n<meta property=\"og:site_name\" content=\"Centro de Bio\u00e9tica\" \/>\n<meta property=\"article:modified_time\" content=\"2024-08-29T15:00:28+00:00\" \/>\n<meta property=\"og:image\" content=\"https:\/\/medicina.udd.cl\/centro-bioetica\/files\/2024\/08\/barbara-sanzana_fb-scaled.jpg\" \/>\n\t<meta property=\"og:image:width\" content=\"2560\" \/>\n\t<meta property=\"og:image:height\" content=\"2560\" \/>\n\t<meta property=\"og:image:type\" content=\"image\/jpeg\" \/>\n<meta name=\"twitter:label1\" content=\"Tiempo de lectura\" \/>\n\t<meta name=\"twitter:data1\" content=\"1 minuto\" \/>\n<script type=\"application\/ld+json\" class=\"yoast-schema-graph\">{\"@context\":\"https:\/\/schema.org\",\"@graph\":[{\"@type\":\"WebPage\",\"@id\":\"https:\/\/medicina.udd.cl\/centro-bioetica\/persona\/barbara-sanzana\/\",\"url\":\"https:\/\/medicina.udd.cl\/centro-bioetica\/persona\/barbara-sanzana\/\",\"name\":\"B\u00e1rbara Sanzana - Centro de Bio\u00e9tica\",\"isPartOf\":{\"@id\":\"https:\/\/medicina.udd.cl\/centro-bioetica\/#website\"},\"primaryImageOfPage\":{\"@id\":\"https:\/\/medicina.udd.cl\/centro-bioetica\/persona\/barbara-sanzana\/#primaryimage\"},\"image\":{\"@id\":\"https:\/\/medicina.udd.cl\/centro-bioetica\/persona\/barbara-sanzana\/#primaryimage\"},\"thumbnailUrl\":\"https:\/\/medicina.udd.cl\/centro-bioetica\/files\/2024\/08\/barbara-sanzana_fb-scaled.jpg\",\"datePublished\":\"2024-08-29T15:00:09+00:00\",\"dateModified\":\"2024-08-29T15:00:28+00:00\",\"breadcrumb\":{\"@id\":\"https:\/\/medicina.udd.cl\/centro-bioetica\/persona\/barbara-sanzana\/#breadcrumb\"},\"inLanguage\":\"es\",\"potentialAction\":[{\"@type\":\"ReadAction\",\"target\":[\"https:\/\/medicina.udd.cl\/centro-bioetica\/persona\/barbara-sanzana\/\"]}]},{\"@type\":\"ImageObject\",\"inLanguage\":\"es\",\"@id\":\"https:\/\/medicina.udd.cl\/centro-bioetica\/persona\/barbara-sanzana\/#primaryimage\",\"url\":\"https:\/\/medicina.udd.cl\/centro-bioetica\/files\/2024\/08\/barbara-sanzana_fb-scaled.jpg\",\"contentUrl\":\"https:\/\/medicina.udd.cl\/centro-bioetica\/files\/2024\/08\/barbara-sanzana_fb-scaled.jpg\",\"width\":2560,\"height\":2560},{\"@type\":\"BreadcrumbList\",\"@id\":\"https:\/\/medicina.udd.cl\/centro-bioetica\/persona\/barbara-sanzana\/#breadcrumb\",\"itemListElement\":[{\"@type\":\"ListItem\",\"position\":1,\"name\":\"Inicio\",\"item\":\"https:\/\/medicina.udd.cl\/centro-bioetica\/\"},{\"@type\":\"ListItem\",\"position\":2,\"name\":\"Personas\",\"item\":\"https:\/\/medicina.udd.cl\/centro-bioetica\/persona\/\"},{\"@type\":\"ListItem\",\"position\":3,\"name\":\"B\u00e1rbara Sanzana\"}]},{\"@type\":\"WebSite\",\"@id\":\"https:\/\/medicina.udd.cl\/centro-bioetica\/#website\",\"url\":\"https:\/\/medicina.udd.cl\/centro-bioetica\/\",\"name\":\"Centro de Bio\u00e9tica\",\"description\":\"Universidad del Desarrollo\",\"inLanguage\":\"es\"}]}<\/script>\n<!-- \/ Yoast SEO plugin. -->","yoast_head_json":{"title":"B\u00e1rbara Sanzana - Centro de Bio\u00e9tica","robots":{"index":"index","follow":"follow","max-snippet":"max-snippet:-1","max-image-preview":"max-image-preview:large","max-video-preview":"max-video-preview:-1"},"canonical":"https:\/\/medicina.udd.cl\/centro-bioetica\/persona\/barbara-sanzana\/","og_locale":"es_ES","og_type":"article","og_title":"B\u00e1rbara Sanzana - Centro de Bio\u00e9tica","og_url":"https:\/\/medicina.udd.cl\/centro-bioetica\/persona\/barbara-sanzana\/","og_site_name":"Centro de Bio\u00e9tica","article_modified_time":"2024-08-29T15:00:28+00:00","og_image":[{"width":2560,"height":2560,"url":"https:\/\/medicina.udd.cl\/centro-bioetica\/files\/2024\/08\/barbara-sanzana_fb-scaled.jpg","type":"image\/jpeg"}],"twitter_misc":{"Tiempo de lectura":"1 minuto"},"schema":{"@context":"https:\/\/schema.org","@graph":[{"@type":"WebPage","@id":"https:\/\/medicina.udd.cl\/centro-bioetica\/persona\/barbara-sanzana\/","url":"https:\/\/medicina.udd.cl\/centro-bioetica\/persona\/barbara-sanzana\/","name":"B\u00e1rbara Sanzana - Centro de Bio\u00e9tica","isPartOf":{"@id":"https:\/\/medicina.udd.cl\/centro-bioetica\/#website"},"primaryImageOfPage":{"@id":"https:\/\/medicina.udd.cl\/centro-bioetica\/persona\/barbara-sanzana\/#primaryimage"},"image":{"@id":"https:\/\/medicina.udd.cl\/centro-bioetica\/persona\/barbara-sanzana\/#primaryimage"},"thumbnailUrl":"https:\/\/medicina.udd.cl\/centro-bioetica\/files\/2024\/08\/barbara-sanzana_fb-scaled.jpg","datePublished":"2024-08-29T15:00:09+00:00","dateModified":"2024-08-29T15:00:28+00:00","breadcrumb":{"@id":"https:\/\/medicina.udd.cl\/centro-bioetica\/persona\/barbara-sanzana\/#breadcrumb"},"inLanguage":"es","potentialAction":[{"@type":"ReadAction","target":["https:\/\/medicina.udd.cl\/centro-bioetica\/persona\/barbara-sanzana\/"]}]},{"@type":"ImageObject","inLanguage":"es","@id":"https:\/\/medicina.udd.cl\/centro-bioetica\/persona\/barbara-sanzana\/#primaryimage","url":"https:\/\/medicina.udd.cl\/centro-bioetica\/files\/2024\/08\/barbara-sanzana_fb-scaled.jpg","contentUrl":"https:\/\/medicina.udd.cl\/centro-bioetica\/files\/2024\/08\/barbara-sanzana_fb-scaled.jpg","width":2560,"height":2560},{"@type":"BreadcrumbList","@id":"https:\/\/medicina.udd.cl\/centro-bioetica\/persona\/barbara-sanzana\/#breadcrumb","itemListElement":[{"@type":"ListItem","position":1,"name":"Inicio","item":"https:\/\/medicina.udd.cl\/centro-bioetica\/"},{"@type":"ListItem","position":2,"name":"Personas","item":"https:\/\/medicina.udd.cl\/centro-bioetica\/persona\/"},{"@type":"ListItem","position":3,"name":"B\u00e1rbara Sanzana"}]},{"@type":"WebSite","@id":"https:\/\/medicina.udd.cl\/centro-bioetica\/#website","url":"https:\/\/medicina.udd.cl\/centro-bioetica\/","name":"Centro de Bio\u00e9tica","description":"Universidad del Desarrollo","inLanguage":"es"}]}},"label":"B\u00e1rbara Sanzana","role":"Coordinadora de Extensi\u00f3n","thumbnail_url":"https:\/\/medicina.udd.cl\/centro-bioetica\/files\/2024\/08\/barbara-sanzana_fb-500x500.jpg","email":"bsanzana@udd.cl","tel_job":"","content":{"rendered":"<div class=\"person-modal person-modal--scl\">\n\t<header class=\"person-modal__header\">\n\t\t<div class=\"person-modal__bg\"><\/div>\n\t\t<div class=\"modal-container\">\n\t\t\t\t\t\t<div class=\"person-modal__media\">\n\t\t\t\t<img width=\"500\" height=\"500\" src=\"https:\/\/medicina.udd.cl\/centro-bioetica\/files\/2024\/08\/barbara-sanzana_fb-62x62.jpg\" class=\"person-modal__image wp-post-image lazyload\" alt=\"\" decoding=\"async\" loading=\"lazy\" sizes=\"auto, (max-width: 500px) 100vw, 500px\" data-src=\"https:\/\/medicina.udd.cl\/centro-bioetica\/files\/2024\/08\/barbara-sanzana_fb-500x500.jpg\" data-srcset=\"https:\/\/medicina.udd.cl\/centro-bioetica\/files\/2024\/08\/barbara-sanzana_fb-500x500.jpg 500w, https:\/\/medicina.udd.cl\/centro-bioetica\/files\/2024\/08\/barbara-sanzana_fb-300x300.jpg 300w, https:\/\/medicina.udd.cl\/centro-bioetica\/files\/2024\/08\/barbara-sanzana_fb-1024x1024.jpg 1024w, https:\/\/medicina.udd.cl\/centro-bioetica\/files\/2024\/08\/barbara-sanzana_fb-150x150.jpg 150w, https:\/\/medicina.udd.cl\/centro-bioetica\/files\/2024\/08\/barbara-sanzana_fb-768x768.jpg 768w, https:\/\/medicina.udd.cl\/centro-bioetica\/files\/2024\/08\/barbara-sanzana_fb-62x62.jpg 62w, https:\/\/medicina.udd.cl\/centro-bioetica\/files\/2024\/08\/barbara-sanzana_fb-1536x1536.jpg 1536w, https:\/\/medicina.udd.cl\/centro-bioetica\/files\/2024\/08\/barbara-sanzana_fb-2048x2048.jpg 2048w, https:\/\/medicina.udd.cl\/centro-bioetica\/files\/2024\/08\/barbara-sanzana_fb-750x750.jpg 750w, https:\/\/medicina.udd.cl\/centro-bioetica\/files\/2024\/08\/barbara-sanzana_fb-250x250.jpg 250w, https:\/\/medicina.udd.cl\/centro-bioetica\/files\/2024\/08\/barbara-sanzana_fb-126x126.jpg 126w\" \/>\t\t\t<\/div>\n\t\t\t\t\t\t<div class=\"person-modal__data\">\n\t\t\t\t<h1 class=\"person-modal__name\">B\u00e1rbara Sanzana<\/h1>\n\t\t\t\t\t\t\t<span class=\"person-modal__description\">Coordinadora de Extensi\u00f3n<\/span>\n\t\t\t\t\t\t\t\t\t\t\t\t\t<a href=\"mailto:&#098;&#115;&#097;&#110;za&#110;&#097;&#064;&#117;&#100;&#100;&#046;cl\" class=\"person-modal__email\">&#98;sa&#110;za&#110;a&#64;udd.c&#108;<\/a>\n\t\t\t\t\t\t\t\t\t<\/div>\n\t\t<\/div>\n\t<\/header>\n\t<div class=\"modal-container\">\n\t\t\t<div class=\"person-modal__content text\">\n\t\t\t\t\t\t\t\t\t\t<ul>\n<li class=\"MsoNormal\"><span lang=\"ES\">Fonoaudi\u00f3loga, Universidad del Desarrollo.<\/span><\/li>\n<li class=\"MsoNormal\"><span lang=\"ES\">Mag\u00edster Interuniversitario en Bio\u00e9tica, Facultad de Medicina Cl\u00ednica Alemana Universidad del Desarrollo.<\/span><\/li>\n<li class=\"MsoNormal\"><span lang=\"ES\">Diplomado en Motricidad Orofacial, Universidad del Desarrollo.<\/span><\/li>\n<li class=\"MsoNormal\"><span lang=\"ES\">Asesora de lactancia Edulacta.<\/span><\/li>\n<li class=\"MsoNormal\"><span lang=\"ES\">Experiencia laboral en el \u00e1rea de degluci\u00f3n pedi\u00e1trica en los servicios de neonatolog\u00eda, NANEAS y UCI pedi\u00e1trica en Hospital Padre Hurtado, y en \u00e1rea de motricidad orofacial con ni\u00f1os y adolescentes colaborando en su tratamiento ortop\u00e9dico, ortod\u00f3ncico y\/o quir\u00fargico.<\/span><\/li>\n<\/ul>\n\t\t<\/div>\n\t<\/div>\n<\/div>\n"},"identifier":"7dd83e3ece38434212055e2d3da6468550c40767","has_credential":[],"given_name":"B\u00e1rbara","family_name":"Sanzana","name":"B\u00e1rbara Sanzana","job_title":"Coordinadora de Extensi\u00f3n","telephone":"","note":"","im":"","_self_schedule":null,"_links":{"self":[{"href":"https:\/\/medicina.udd.cl\/centro-bioetica\/wp-json\/wp\/v2\/people\/6412","targetHints":{"allow":["GET"]}}],"collection":[{"href":"https:\/\/medicina.udd.cl\/centro-bioetica\/wp-json\/wp\/v2\/people"}],"about":[{"href":"https:\/\/medicina.udd.cl\/centro-bioetica\/wp-json\/wp\/v2\/types\/person"}],"wp:featuredmedia":[{"embeddable":true,"href":"https:\/\/medicina.udd.cl\/centro-bioetica\/wp-json\/wp\/v2\/media\/6413"}],"wp:attachment":[{"href":"https:\/\/medicina.udd.cl\/centro-bioetica\/wp-json\/wp\/v2\/media?parent=6412"}],"wp:term":[{"taxonomy":"people_tax","embeddable":true,"href":"https:\/\/medicina.udd.cl\/centro-bioetica\/wp-json\/wp\/v2\/people_tax?post=6412"},{"taxonomy":"people_areas","embeddable":true,"href":"https:\/\/medicina.udd.cl\/centro-bioetica\/wp-json\/wp\/v2\/people_areas?post=6412"},{"taxonomy":"people_levels","embeddable":true,"href":"https:\/\/medicina.udd.cl\/centro-bioetica\/wp-json\/wp\/v2\/people_levels?post=6412"}],"curies":[{"name":"wp","href":"https:\/\/api.w.org\/{rel}","templated":true}]}}

Bárbara Sanzana

<!-- This site is optimized with the Yoast SEO plugin v26.9 - https://yoast.com/product/yoast-seo-wordpress/ -->
<title>Bárbara Sanzana - Centro de Bioética</title>
<meta name="robots" content="index, follow, max-snippet:-1, max-image-preview:large, max-video-preview:-1" />
<link rel="canonical" href="https://medicina.udd.cl/centro-bioetica/persona/barbara-sanzana/" />
<meta property="og:locale" content="es_ES" />
<meta property="og:type" content="article" />
<meta property="og:title" content="Bárbara Sanzana - Centro de Bioética" />
<meta property="og:url" content="https://medicina.udd.cl/centro-bioetica/persona/barbara-sanzana/" />
<meta property="og:site_name" content="Centro de Bioética" />
<meta property="article:modified_time" content="2024-08-29T15:00:28+00:00" />
<meta property="og:image" content="https://medicina.udd.cl/centro-bioetica/files/2024/08/barbara-sanzana_fb-scaled.jpg" />
	<meta property="og:image:width" content="2560" />
	<meta property="og:image:height" content="2560" />
	<meta property="og:image:type" content="image/jpeg" />
<meta name="twitter:label1" content="Tiempo de lectura" />
	<meta name="twitter:data1" content="1 minuto" />
<script type="application/ld+json" class="yoast-schema-graph">{"@context":"https://schema.org","@graph":[{"@type":"WebPage","@id":"https://medicina.udd.cl/centro-bioetica/persona/barbara-sanzana/","url":"https://medicina.udd.cl/centro-bioetica/persona/barbara-sanzana/","name":"Bárbara Sanzana - Centro de Bioética","isPartOf":{"@id":"https://medicina.udd.cl/centro-bioetica/#website"},"primaryImageOfPage":{"@id":"https://medicina.udd.cl/centro-bioetica/persona/barbara-sanzana/#primaryimage"},"image":{"@id":"https://medicina.udd.cl/centro-bioetica/persona/barbara-sanzana/#primaryimage"},"thumbnailUrl":"https://medicina.udd.cl/centro-bioetica/files/2024/08/barbara-sanzana_fb-scaled.jpg","datePublished":"2024-08-29T15:00:09+00:00","dateModified":"2024-08-29T15:00:28+00:00","breadcrumb":{"@id":"https://medicina.udd.cl/centro-bioetica/persona/barbara-sanzana/#breadcrumb"},"inLanguage":"es","potentialAction":[{"@type":"ReadAction","target":["https://medicina.udd.cl/centro-bioetica/persona/barbara-sanzana/"]}]},{"@type":"ImageObject","inLanguage":"es","@id":"https://medicina.udd.cl/centro-bioetica/persona/barbara-sanzana/#primaryimage","url":"https://medicina.udd.cl/centro-bioetica/files/2024/08/barbara-sanzana_fb-scaled.jpg","contentUrl":"https://medicina.udd.cl/centro-bioetica/files/2024/08/barbara-sanzana_fb-scaled.jpg","width":2560,"height":2560},{"@type":"BreadcrumbList","@id":"https://medicina.udd.cl/centro-bioetica/persona/barbara-sanzana/#breadcrumb","itemListElement":[{"@type":"ListItem","position":1,"name":"Inicio","item":"https://medicina.udd.cl/centro-bioetica/"},{"@type":"ListItem","position":2,"name":"Personas","item":"https://medicina.udd.cl/centro-bioetica/persona/"},{"@type":"ListItem","position":3,"name":"Bárbara Sanzana"}]},{"@type":"WebSite","@id":"https://medicina.udd.cl/centro-bioetica/#website","url":"https://medicina.udd.cl/centro-bioetica/","name":"Centro de Bioética","description":"Universidad del Desarrollo","inLanguage":"es"}]}</script>
<!-- / Yoast SEO plugin. -->

Bárbara Sanzana - Centro de Bioética

Centro de Bioética

Coordinadora de Extensión

<div class="person-modal person-modal--scl">
	<header class="person-modal__header">
		<div class="person-modal__bg"></div>
		<div class="modal-container">
						<div class="person-modal__media">
				<img width="500" height="500" src="https://medicina.udd.cl/centro-bioetica/files/2024/08/barbara-sanzana_fb-62x62.jpg" class="person-modal__image wp-post-image lazyload" alt="" decoding="async" loading="lazy" sizes="auto, (max-width: 500px) 100vw, 500px" data-src="https://medicina.udd.cl/centro-bioetica/files/2024/08/barbara-sanzana_fb-500x500.jpg" data-srcset="https://medicina.udd.cl/centro-bioetica/files/2024/08/barbara-sanzana_fb-500x500.jpg 500w, https://medicina.udd.cl/centro-bioetica/files/2024/08/barbara-sanzana_fb-300x300.jpg 300w, https://medicina.udd.cl/centro-bioetica/files/2024/08/barbara-sanzana_fb-1024x1024.jpg 1024w, https://medicina.udd.cl/centro-bioetica/files/2024/08/barbara-sanzana_fb-150x150.jpg 150w, https://medicina.udd.cl/centro-bioetica/files/2024/08/barbara-sanzana_fb-768x768.jpg 768w, https://medicina.udd.cl/centro-bioetica/files/2024/08/barbara-sanzana_fb-62x62.jpg 62w, https://medicina.udd.cl/centro-bioetica/files/2024/08/barbara-sanzana_fb-1536x1536.jpg 1536w, https://medicina.udd.cl/centro-bioetica/files/2024/08/barbara-sanzana_fb-2048x2048.jpg 2048w, https://medicina.udd.cl/centro-bioetica/files/2024/08/barbara-sanzana_fb-750x750.jpg 750w, https://medicina.udd.cl/centro-bioetica/files/2024/08/barbara-sanzana_fb-250x250.jpg 250w, https://medicina.udd.cl/centro-bioetica/files/2024/08/barbara-sanzana_fb-126x126.jpg 126w" />			</div>
						<div class="person-modal__data">
				<h1 class="person-modal__name">Bárbara Sanzana</h1>
							<span class="person-modal__description">Coordinadora de Extensión</span>
													<a href="mailto:&#098;&#115;&#097;&#110;za&#110;&#097;&#064;&#117;&#100;&#100;&#046;cl" class="person-modal__email">&#98;sa&#110;za&#110;a&#64;udd.c&#108;</a>
									</div>
		</div>
	</header>
	<div class="modal-container">
			<div class="person-modal__content text">
										<ul>
<li class="MsoNormal"><span lang="ES">Fonoaudióloga, Universidad del Desarrollo.</span></li>
<li class="MsoNormal"><span lang="ES">Magíster Interuniversitario en Bioética, Facultad de Medicina Clínica Alemana Universidad del Desarrollo.</span></li>
<li class="MsoNormal"><span lang="ES">Diplomado en Motricidad Orofacial, Universidad del Desarrollo.</span></li>
<li class="MsoNormal"><span lang="ES">Asesora de lactancia Edulacta.</span></li>
<li class="MsoNormal"><span lang="ES">Experiencia laboral en el área de deglución pediátrica en los servicios de neonatología, NANEAS y UCI pediátrica en Hospital Padre Hurtado, y en área de motricidad orofacial con niños y adolescentes colaborando en su tratamiento ortopédico, ortodóncico y/o quirúrgico.</span></li>
</ul>
		</div>
	</div>
</div>

Bárbara
