{"id":51016,"date":"2024-05-30T12:37:10","date_gmt":"2024-05-30T10:37:10","guid":{"rendered":"https:\/\/medicina.udd.cl\/centro-de-desarrollo-educacional\/?page_id=51016"},"modified":"2025-11-21T04:25:06","modified_gmt":"2025-11-21T03:25:06","slug":"cursos-e-learning","status":"publish","type":"page","link":"https:\/\/medicina.udd.cl\/centro-de-desarrollo-educacional\/que-hacemos\/cursos-y-talleres\/cursos-e-learning\/","title":{"rendered":"Cursos E Learning"},"content":{"rendered":"\n<div class=\"wp-block-media-text alignfull is-stacked-on-mobile is-image-fill-element\" style=\"grid-template-columns:42% auto\"><figure class=\"wp-block-media-text__media\"><img loading=\"lazy\" decoding=\"async\" width=\"960\" height=\"540\" src=\"https:\/\/medicina.udd.cl\/centro-de-desarrollo-educacional\/files\/2025\/04\/curso-fundamentos-presentacion-frame-at-0m2s.jpg\" alt=\"\" class=\"wp-image-51333 size-large\" style=\"object-position:47% 8%\" srcset=\"https:\/\/medicina.udd.cl\/centro-de-desarrollo-educacional\/files\/2025\/04\/curso-fundamentos-presentacion-frame-at-0m2s.jpg 960w, https:\/\/medicina.udd.cl\/centro-de-desarrollo-educacional\/files\/2025\/04\/curso-fundamentos-presentacion-frame-at-0m2s-300x169.jpg 300w, https:\/\/medicina.udd.cl\/centro-de-desarrollo-educacional\/files\/2025\/04\/curso-fundamentos-presentacion-frame-at-0m2s-768x432.jpg 768w, https:\/\/medicina.udd.cl\/centro-de-desarrollo-educacional\/files\/2025\/04\/curso-fundamentos-presentacion-frame-at-0m2s-680x382.jpg 680w\" sizes=\"auto, (max-width: 960px) 100vw, 960px\" \/><\/figure><div class=\"wp-block-media-text__content\">\n<p><strong>Curso Fundamentos de Tutor\u00eda Cl\u00ednica<\/strong><\/p>\n\n\n\n<p class=\"has-normal-font-size\">Este curso introduce a los tutores cl\u00ednicos en las bases de la Tutor\u00eda Cl\u00ednica de alta calidad, ejercida con profesionalismo. La intenci\u00f3n es que los tutores comprendan su rol y utilicen las herramientas m\u00ednimas de la docencia cl\u00ednica al lado del paciente.<\/p>\n\n\n\n<p class=\"has-normal-font-size\">\u00a1Inscr\u00edbete!: <a href=\"https:\/\/forms.office.com\/r\/AtAqvD9QLb\">Formulario de inscripci\u00f3n<\/a><\/p>\n<\/div><\/div>\n\n\n<!-- WP Block: UDD - People -->\n<section class=\"wp-block-udd-contacts is-style-default\">\n\t\t<div class=\"block__bg\">\n\t\t\t\t\t<img loading=\"lazy\" decoding=\"async\" width=\"680\" height=\"382\" src=\"https:\/\/medicina.udd.cl\/centro-de-desarrollo-educacional\/files\/2024\/12\/qh-banner-elearnig-680x382.jpg\" class=\"block__bg-image object-cover lazyload\" alt=\"\" sizes=\"auto, (max-width: 680px) 100vw, 680px\" data-src=\"https:\/\/medicina.udd.cl\/centro-de-desarrollo-educacional\/files\/2024\/12\/qh-banner-elearnig-680x382.jpg\" data-srcset=\"https:\/\/medicina.udd.cl\/centro-de-desarrollo-educacional\/files\/2024\/12\/qh-banner-elearnig-680x382.jpg 680w, https:\/\/medicina.udd.cl\/centro-de-desarrollo-educacional\/files\/2024\/12\/qh-banner-elearnig-952x534.jpg 952w\" \/>\t\t\t<\/div>\n\t\t<div class=\"container\">\n\t\t<header class=\"block__header\">\n\t\t\t<h2 class=\"block__title\">PARA M\u00c1S INFORMACI\u00d3N<\/h2>\n\t\t<\/header>\n\t\t<div class=\"block__content\">\n\t\t\t<ul class=\"contacts\">\n\t\t\t\t\t\t\t<li class=\"contact\">\n\t\t\t\t\t<div class=\"person-contact\">\n\t\t\t\t\t\t\t\t\t\t\t\t<h3 class=\"person-contact__name\">Ximena P\u00e9rez G.<\/h3>\n\t\t\t\t\t\t\t\t\t\t\t\t\t\t\t\t\t\t<span class=\"person-contact__job-title\">Coordinadora CDE<\/span>\n\t\t\t\t\t\t\t\t\t\t\t\t\t\t\t\t\t\t\t\t\t\t\t\t\t\t\t\t\t\t\t<span class=\"person-contact__email\">Email: <a href=\"mailto:x&#105;&#109;&#101;na&#112;e&#114;e&#122;&#64;&#117;d&#100;.&#99;l\">&#120;&#105;m&#101;nape&#114;&#101;&#122;&#64;u&#100;&#100;&#46;&#99;l<\/a><\/span>\n\t\t\t\t\t\t\t\t\t\t\t<\/div>\n\t\t\t\t<\/li>\n\t\t\t\t\t\t<\/ul>\n\t\t<\/div>\n\t<\/div>\n<\/section>\n","protected":false},"excerpt":{"rendered":"<p>Curso Fundamentos de Tutor\u00eda Cl\u00ednica Este curso introduce a los tutores cl\u00ednicos en las bases de la Tutor\u00eda Cl\u00ednica de alta calidad, ejercida con profesionalismo. La intenci\u00f3n es que los tutores comprendan su rol y utilicen las herramientas m\u00ednimas de la docencia cl\u00ednica al lado del paciente. \u00a1Inscr\u00edbete!: Formulario de inscripci\u00f3n<\/p>\n","protected":false},"author":9192239,"featured_media":0,"parent":50989,"menu_order":0,"comment_status":"closed","ping_status":"closed","template":"","meta":{"footnotes":""},"class_list":["post-51016","page","type-page","status-publish","hentry"],"yoast_head":"<!-- This site is optimized with the Yoast SEO plugin v26.9 - https:\/\/yoast.com\/product\/yoast-seo-wordpress\/ -->\n<title>Cursos E Learning - Centro de Desarrollo Educacional<\/title>\n<meta name=\"robots\" content=\"index, follow, max-snippet:-1, max-image-preview:large, max-video-preview:-1\" \/>\n<link rel=\"canonical\" href=\"https:\/\/medicina.udd.cl\/centro-de-desarrollo-educacional\/que-hacemos\/cursos-y-talleres\/cursos-e-learning\/\" \/>\n<meta property=\"og:locale\" content=\"es_ES\" \/>\n<meta property=\"og:type\" content=\"article\" \/>\n<meta property=\"og:title\" content=\"Cursos E Learning - Centro de Desarrollo Educacional\" \/>\n<meta property=\"og:description\" content=\"Curso Fundamentos de Tutor\u00eda Cl\u00ednica Este curso introduce a los tutores cl\u00ednicos en las bases de la Tutor\u00eda Cl\u00ednica de alta calidad, ejercida con profesionalismo. La intenci\u00f3n es que los tutores comprendan su rol y utilicen las herramientas m\u00ednimas de la docencia cl\u00ednica al lado del paciente. \u00a1Inscr\u00edbete!: Formulario de inscripci\u00f3n\" \/>\n<meta property=\"og:url\" content=\"https:\/\/medicina.udd.cl\/centro-de-desarrollo-educacional\/que-hacemos\/cursos-y-talleres\/cursos-e-learning\/\" \/>\n<meta property=\"og:site_name\" content=\"Centro de Desarrollo Educacional\" \/>\n<meta property=\"article:modified_time\" content=\"2025-11-21T03:25:06+00:00\" \/>\n<meta property=\"og:image\" content=\"https:\/\/medicina.udd.cl\/centro-de-desarrollo-educacional\/files\/2025\/04\/curso-fundamentos-presentacion-frame-at-0m2s.jpg\" \/>\n\t<meta property=\"og:image:width\" content=\"960\" \/>\n\t<meta property=\"og:image:height\" content=\"540\" \/>\n\t<meta property=\"og:image:type\" content=\"image\/jpeg\" \/>\n<meta name=\"twitter:card\" content=\"summary_large_image\" \/>\n<meta name=\"twitter:label1\" content=\"Tiempo de lectura\" \/>\n\t<meta name=\"twitter:data1\" content=\"1 minuto\" \/>\n<script type=\"application\/ld+json\" class=\"yoast-schema-graph\">{\"@context\":\"https:\/\/schema.org\",\"@graph\":[{\"@type\":\"WebPage\",\"@id\":\"https:\/\/medicina.udd.cl\/centro-de-desarrollo-educacional\/que-hacemos\/cursos-y-talleres\/cursos-e-learning\/\",\"url\":\"https:\/\/medicina.udd.cl\/centro-de-desarrollo-educacional\/que-hacemos\/cursos-y-talleres\/cursos-e-learning\/\",\"name\":\"Cursos E Learning - Centro de Desarrollo Educacional\",\"isPartOf\":{\"@id\":\"https:\/\/medicina.udd.cl\/centro-de-desarrollo-educacional\/#website\"},\"primaryImageOfPage\":{\"@id\":\"https:\/\/medicina.udd.cl\/centro-de-desarrollo-educacional\/que-hacemos\/cursos-y-talleres\/cursos-e-learning\/#primaryimage\"},\"image\":{\"@id\":\"https:\/\/medicina.udd.cl\/centro-de-desarrollo-educacional\/que-hacemos\/cursos-y-talleres\/cursos-e-learning\/#primaryimage\"},\"thumbnailUrl\":\"https:\/\/medicina.udd.cl\/centro-de-desarrollo-educacional\/files\/2025\/04\/curso-fundamentos-presentacion-frame-at-0m2s.jpg\",\"datePublished\":\"2024-05-30T10:37:10+00:00\",\"dateModified\":\"2025-11-21T03:25:06+00:00\",\"breadcrumb\":{\"@id\":\"https:\/\/medicina.udd.cl\/centro-de-desarrollo-educacional\/que-hacemos\/cursos-y-talleres\/cursos-e-learning\/#breadcrumb\"},\"inLanguage\":\"es\",\"potentialAction\":[{\"@type\":\"ReadAction\",\"target\":[\"https:\/\/medicina.udd.cl\/centro-de-desarrollo-educacional\/que-hacemos\/cursos-y-talleres\/cursos-e-learning\/\"]}]},{\"@type\":\"ImageObject\",\"inLanguage\":\"es\",\"@id\":\"https:\/\/medicina.udd.cl\/centro-de-desarrollo-educacional\/que-hacemos\/cursos-y-talleres\/cursos-e-learning\/#primaryimage\",\"url\":\"https:\/\/medicina.udd.cl\/centro-de-desarrollo-educacional\/files\/2025\/04\/curso-fundamentos-presentacion-frame-at-0m2s.jpg\",\"contentUrl\":\"https:\/\/medicina.udd.cl\/centro-de-desarrollo-educacional\/files\/2025\/04\/curso-fundamentos-presentacion-frame-at-0m2s.jpg\",\"width\":960,\"height\":540},{\"@type\":\"BreadcrumbList\",\"@id\":\"https:\/\/medicina.udd.cl\/centro-de-desarrollo-educacional\/que-hacemos\/cursos-y-talleres\/cursos-e-learning\/#breadcrumb\",\"itemListElement\":[{\"@type\":\"ListItem\",\"position\":1,\"name\":\"Portada\",\"item\":\"https:\/\/medicina.udd.cl\/centro-de-desarrollo-educacional\/\"},{\"@type\":\"ListItem\",\"position\":2,\"name\":\"Qu\u00e9 hacemos\",\"item\":\"https:\/\/medicina.udd.cl\/centro-de-desarrollo-educacional\/que-hacemos\/\"},{\"@type\":\"ListItem\",\"position\":3,\"name\":\"Cursos y talleres\",\"item\":\"https:\/\/medicina.udd.cl\/centro-de-desarrollo-educacional\/que-hacemos\/cursos-y-talleres\/\"},{\"@type\":\"ListItem\",\"position\":4,\"name\":\"Cursos E Learning\"}]},{\"@type\":\"WebSite\",\"@id\":\"https:\/\/medicina.udd.cl\/centro-de-desarrollo-educacional\/#website\",\"url\":\"https:\/\/medicina.udd.cl\/centro-de-desarrollo-educacional\/\",\"name\":\"Centro de Desarrollo Educacional\",\"description\":\"Docencia, apoyo y capacitaci\u00f3n en Medicina\",\"inLanguage\":\"es\"}]}<\/script>\n<!-- \/ Yoast SEO plugin. -->","yoast_head_json":{"title":"Cursos E Learning - Centro de Desarrollo Educacional","robots":{"index":"index","follow":"follow","max-snippet":"max-snippet:-1","max-image-preview":"max-image-preview:large","max-video-preview":"max-video-preview:-1"},"canonical":"https:\/\/medicina.udd.cl\/centro-de-desarrollo-educacional\/que-hacemos\/cursos-y-talleres\/cursos-e-learning\/","og_locale":"es_ES","og_type":"article","og_title":"Cursos E Learning - Centro de Desarrollo Educacional","og_description":"Curso Fundamentos de Tutor\u00eda Cl\u00ednica Este curso introduce a los tutores cl\u00ednicos en las bases de la Tutor\u00eda Cl\u00ednica de alta calidad, ejercida con profesionalismo. La intenci\u00f3n es que los tutores comprendan su rol y utilicen las herramientas m\u00ednimas de la docencia cl\u00ednica al lado del paciente. \u00a1Inscr\u00edbete!: Formulario de inscripci\u00f3n","og_url":"https:\/\/medicina.udd.cl\/centro-de-desarrollo-educacional\/que-hacemos\/cursos-y-talleres\/cursos-e-learning\/","og_site_name":"Centro de Desarrollo Educacional","article_modified_time":"2025-11-21T03:25:06+00:00","og_image":[{"width":960,"height":540,"url":"https:\/\/medicina.udd.cl\/centro-de-desarrollo-educacional\/files\/2025\/04\/curso-fundamentos-presentacion-frame-at-0m2s.jpg","type":"image\/jpeg"}],"twitter_card":"summary_large_image","twitter_misc":{"Tiempo de lectura":"1 minuto"},"schema":{"@context":"https:\/\/schema.org","@graph":[{"@type":"WebPage","@id":"https:\/\/medicina.udd.cl\/centro-de-desarrollo-educacional\/que-hacemos\/cursos-y-talleres\/cursos-e-learning\/","url":"https:\/\/medicina.udd.cl\/centro-de-desarrollo-educacional\/que-hacemos\/cursos-y-talleres\/cursos-e-learning\/","name":"Cursos E Learning - Centro de Desarrollo Educacional","isPartOf":{"@id":"https:\/\/medicina.udd.cl\/centro-de-desarrollo-educacional\/#website"},"primaryImageOfPage":{"@id":"https:\/\/medicina.udd.cl\/centro-de-desarrollo-educacional\/que-hacemos\/cursos-y-talleres\/cursos-e-learning\/#primaryimage"},"image":{"@id":"https:\/\/medicina.udd.cl\/centro-de-desarrollo-educacional\/que-hacemos\/cursos-y-talleres\/cursos-e-learning\/#primaryimage"},"thumbnailUrl":"https:\/\/medicina.udd.cl\/centro-de-desarrollo-educacional\/files\/2025\/04\/curso-fundamentos-presentacion-frame-at-0m2s.jpg","datePublished":"2024-05-30T10:37:10+00:00","dateModified":"2025-11-21T03:25:06+00:00","breadcrumb":{"@id":"https:\/\/medicina.udd.cl\/centro-de-desarrollo-educacional\/que-hacemos\/cursos-y-talleres\/cursos-e-learning\/#breadcrumb"},"inLanguage":"es","potentialAction":[{"@type":"ReadAction","target":["https:\/\/medicina.udd.cl\/centro-de-desarrollo-educacional\/que-hacemos\/cursos-y-talleres\/cursos-e-learning\/"]}]},{"@type":"ImageObject","inLanguage":"es","@id":"https:\/\/medicina.udd.cl\/centro-de-desarrollo-educacional\/que-hacemos\/cursos-y-talleres\/cursos-e-learning\/#primaryimage","url":"https:\/\/medicina.udd.cl\/centro-de-desarrollo-educacional\/files\/2025\/04\/curso-fundamentos-presentacion-frame-at-0m2s.jpg","contentUrl":"https:\/\/medicina.udd.cl\/centro-de-desarrollo-educacional\/files\/2025\/04\/curso-fundamentos-presentacion-frame-at-0m2s.jpg","width":960,"height":540},{"@type":"BreadcrumbList","@id":"https:\/\/medicina.udd.cl\/centro-de-desarrollo-educacional\/que-hacemos\/cursos-y-talleres\/cursos-e-learning\/#breadcrumb","itemListElement":[{"@type":"ListItem","position":1,"name":"Portada","item":"https:\/\/medicina.udd.cl\/centro-de-desarrollo-educacional\/"},{"@type":"ListItem","position":2,"name":"Qu\u00e9 hacemos","item":"https:\/\/medicina.udd.cl\/centro-de-desarrollo-educacional\/que-hacemos\/"},{"@type":"ListItem","position":3,"name":"Cursos y talleres","item":"https:\/\/medicina.udd.cl\/centro-de-desarrollo-educacional\/que-hacemos\/cursos-y-talleres\/"},{"@type":"ListItem","position":4,"name":"Cursos E Learning"}]},{"@type":"WebSite","@id":"https:\/\/medicina.udd.cl\/centro-de-desarrollo-educacional\/#website","url":"https:\/\/medicina.udd.cl\/centro-de-desarrollo-educacional\/","name":"Centro de Desarrollo Educacional","description":"Docencia, apoyo y capacitaci\u00f3n en Medicina","inLanguage":"es"}]}},"_links":{"self":[{"href":"https:\/\/medicina.udd.cl\/centro-de-desarrollo-educacional\/wp-json\/wp\/v2\/pages\/51016","targetHints":{"allow":["GET"]}}],"collection":[{"href":"https:\/\/medicina.udd.cl\/centro-de-desarrollo-educacional\/wp-json\/wp\/v2\/pages"}],"about":[{"href":"https:\/\/medicina.udd.cl\/centro-de-desarrollo-educacional\/wp-json\/wp\/v2\/types\/page"}],"author":[{"embeddable":true,"href":"https:\/\/medicina.udd.cl\/centro-de-desarrollo-educacional\/wp-json\/wp\/v2\/users\/9192239"}],"replies":[{"embeddable":true,"href":"https:\/\/medicina.udd.cl\/centro-de-desarrollo-educacional\/wp-json\/wp\/v2\/comments?post=51016"}],"version-history":[{"count":23,"href":"https:\/\/medicina.udd.cl\/centro-de-desarrollo-educacional\/wp-json\/wp\/v2\/pages\/51016\/revisions"}],"predecessor-version":[{"id":51840,"href":"https:\/\/medicina.udd.cl\/centro-de-desarrollo-educacional\/wp-json\/wp\/v2\/pages\/51016\/revisions\/51840"}],"up":[{"embeddable":true,"href":"https:\/\/medicina.udd.cl\/centro-de-desarrollo-educacional\/wp-json\/wp\/v2\/pages\/50989"}],"wp:attachment":[{"href":"https:\/\/medicina.udd.cl\/centro-de-desarrollo-educacional\/wp-json\/wp\/v2\/media?parent=51016"}],"curies":[{"name":"wp","href":"https:\/\/api.w.org\/{rel}","templated":true}]}}