{"id":51523,"date":"2025-10-27T03:50:41","date_gmt":"2025-10-27T02:50:41","guid":{"rendered":"https:\/\/medicina.udd.cl\/centro-de-desarrollo-educacional\/?page_id=51523"},"modified":"2025-12-18T19:41:15","modified_gmt":"2025-12-18T18:41:15","slug":"curso-estrategias-para-el-aprendizaje-activo-2026","status":"publish","type":"page","link":"https:\/\/medicina.udd.cl\/centro-de-desarrollo-educacional\/que-hacemos\/cursos-y-talleres\/curso-estrategias-para-el-aprendizaje-activo-2026\/","title":{"rendered":"Curso Estrategias para el Aprendizaje Activo 2026"},"content":{"rendered":"\n<div class=\"wp-block-media-text alignfull is-stacked-on-mobile is-image-fill-element\" style=\"grid-template-columns:51% auto\"><figure class=\"wp-block-media-text__media\"><img loading=\"lazy\" decoding=\"async\" width=\"500\" height=\"334\" src=\"https:\/\/medicina.udd.cl\/centro-de-desarrollo-educacional\/files\/2025\/10\/aprendizaje-activo2.jpg\" alt=\"\" class=\"wp-image-51527 size-large\" style=\"object-position:50% 50%\" srcset=\"https:\/\/medicina.udd.cl\/centro-de-desarrollo-educacional\/files\/2025\/10\/aprendizaje-activo2.jpg 500w, https:\/\/medicina.udd.cl\/centro-de-desarrollo-educacional\/files\/2025\/10\/aprendizaje-activo2-300x200.jpg 300w\" sizes=\"auto, (max-width: 500px) 100vw, 500px\" \/><\/figure><div class=\"wp-block-media-text__content\">\n<p class=\"has-normal-font-size\">Curso presencial en Campus Rector Ernesto Silva Bafalluy. <\/p>\n\n\n\n<ul class=\"wp-block-list\">\n<li class=\"has-normal-font-size\"><strong>Martes 6 <\/strong>de enero 2026<\/li>\n\n\n\n<li class=\"has-normal-font-size\"><strong>Jueves 8 <\/strong>de enero 2026<\/li>\n\n\n\n<li class=\"has-normal-font-size\"><strong>Martes 13<\/strong> de enero 2026<\/li>\n\n\n\n<li class=\"has-normal-font-size\"><strong>Martes 20<\/strong> de enero 2026<\/li>\n<\/ul>\n\n\n\n<p class=\"has-normal-font-size\">Contenidos: Aprendizaje invertido, Aprendizaje basado en grupo, Aprendizaje basado en caso cl\u00ednico y Aprendizaje basado en problema.<\/p>\n\n\n\n<p class=\"has-normal-font-size\">Horario: <strong>09:00 a 13:00 horas<\/strong>.<\/p>\n\n\n\n<p class=\"has-normal-font-size\">Curso con certificaci\u00f3n de la Direcci\u00f3n de Educaci\u00f3n Continua UDD (DEC).<\/p>\n\n\n\n<p class=\"has-normal-font-size\">\u00a1Inscr\u00edbete!: <a href=\"https:\/\/forms.office.com\/Pages\/ResponsePage.aspx?id=J4nXtdAlqUSDcNhuV8e6lgF8VyoryttHrRwgDpLqbotUMlBBMjNZMVI1MFE0TjQyUDNYWUxFMTlUVy4u\" target=\"_blank\" rel=\"noreferrer noopener\">Formulario de inscripci\u00f3n<\/a><\/p>\n<\/div><\/div>\n\n\n<!-- WP Block: UDD - People -->\n<section class=\"wp-block-udd-contacts\">\n\t\t<div class=\"block__bg\">\n\t\t\t\t\t<img loading=\"lazy\" decoding=\"async\" width=\"680\" height=\"382\" src=\"https:\/\/medicina.udd.cl\/centro-de-desarrollo-educacional\/files\/2025\/10\/size-footcontactform-aprendizaje-activo-680x382.jpg\" class=\"block__bg-image object-cover lazyload\" alt=\"\" sizes=\"auto, (max-width: 680px) 100vw, 680px\" data-src=\"https:\/\/medicina.udd.cl\/centro-de-desarrollo-educacional\/files\/2025\/10\/size-footcontactform-aprendizaje-activo-680x382.jpg\" data-srcset=\"https:\/\/medicina.udd.cl\/centro-de-desarrollo-educacional\/files\/2025\/10\/size-footcontactform-aprendizaje-activo-680x382.jpg 680w, https:\/\/medicina.udd.cl\/centro-de-desarrollo-educacional\/files\/2025\/10\/size-footcontactform-aprendizaje-activo-952x534.jpg 952w\" \/>\t\t\t<\/div>\n\t\t<div class=\"container\">\n\t\t<header class=\"block__header\">\n\t\t\t<h2 class=\"block__title\">PARA M\u00c1S INFORMACI\u00d3N<\/h2>\n\t\t<\/header>\n\t\t<div class=\"block__content\">\n\t\t\t<ul class=\"contacts\">\n\t\t\t\t\t\t\t<li class=\"contact\">\n\t\t\t\t\t<div class=\"person-contact\">\n\t\t\t\t\t\t\t\t\t\t\t\t<h3 class=\"person-contact__name\">Ximena P\u00e9rez G.<\/h3>\n\t\t\t\t\t\t\t\t\t\t\t\t\t\t\t\t\t\t<span class=\"person-contact__job-title\">Coordinadora CDE<\/span>\n\t\t\t\t\t\t\t\t\t\t\t\t\t\t\t\t\t\t\t\t\t\t\t\t\t\t\t\t\t\t\t<span class=\"person-contact__email\">Email: <a href=\"mailto:&#120;&#105;&#109;e&#110;a&#112;&#101;&#114;ez&#64;&#117;dd.&#99;l\">&#120;&#105;men&#97;&#112;erez&#64;&#117;dd&#46;&#99;l<\/a><\/span>\n\t\t\t\t\t\t\t\t\t\t\t<\/div>\n\t\t\t\t<\/li>\n\t\t\t\t\t\t<\/ul>\n\t\t<\/div>\n\t<\/div>\n<\/section>\n","protected":false},"excerpt":{"rendered":"","protected":false},"author":9192239,"featured_media":0,"parent":50989,"menu_order":0,"comment_status":"closed","ping_status":"closed","template":"","meta":{"footnotes":""},"class_list":["post-51523","page","type-page","status-publish","hentry"],"yoast_head":"<!-- This site is optimized with the Yoast SEO plugin v26.9 - https:\/\/yoast.com\/product\/yoast-seo-wordpress\/ -->\n<title>Curso Estrategias para el Aprendizaje Activo 2026 - Centro de Desarrollo Educacional<\/title>\n<meta name=\"robots\" content=\"index, follow, max-snippet:-1, max-image-preview:large, max-video-preview:-1\" \/>\n<link rel=\"canonical\" href=\"https:\/\/medicina.udd.cl\/centro-de-desarrollo-educacional\/que-hacemos\/cursos-y-talleres\/curso-estrategias-para-el-aprendizaje-activo-2026\/\" \/>\n<meta property=\"og:locale\" content=\"es_ES\" \/>\n<meta property=\"og:type\" content=\"article\" \/>\n<meta property=\"og:title\" content=\"Curso Estrategias para el Aprendizaje Activo 2026 - Centro de Desarrollo Educacional\" \/>\n<meta property=\"og:url\" content=\"https:\/\/medicina.udd.cl\/centro-de-desarrollo-educacional\/que-hacemos\/cursos-y-talleres\/curso-estrategias-para-el-aprendizaje-activo-2026\/\" \/>\n<meta property=\"og:site_name\" content=\"Centro de Desarrollo Educacional\" \/>\n<meta property=\"article:modified_time\" content=\"2025-12-18T18:41:15+00:00\" \/>\n<meta property=\"og:image\" content=\"https:\/\/medicina.udd.cl\/centro-de-desarrollo-educacional\/files\/2025\/10\/aprendizaje-activo2.jpg\" \/>\n\t<meta property=\"og:image:width\" content=\"500\" \/>\n\t<meta property=\"og:image:height\" content=\"334\" \/>\n\t<meta property=\"og:image:type\" content=\"image\/jpeg\" \/>\n<meta name=\"twitter:card\" content=\"summary_large_image\" \/>\n<meta name=\"twitter:label1\" content=\"Tiempo de lectura\" \/>\n\t<meta name=\"twitter:data1\" content=\"1 minuto\" \/>\n<script type=\"application\/ld+json\" class=\"yoast-schema-graph\">{\"@context\":\"https:\/\/schema.org\",\"@graph\":[{\"@type\":\"WebPage\",\"@id\":\"https:\/\/medicina.udd.cl\/centro-de-desarrollo-educacional\/que-hacemos\/cursos-y-talleres\/curso-estrategias-para-el-aprendizaje-activo-2026\/\",\"url\":\"https:\/\/medicina.udd.cl\/centro-de-desarrollo-educacional\/que-hacemos\/cursos-y-talleres\/curso-estrategias-para-el-aprendizaje-activo-2026\/\",\"name\":\"Curso Estrategias para el Aprendizaje Activo 2026 - Centro de Desarrollo Educacional\",\"isPartOf\":{\"@id\":\"https:\/\/medicina.udd.cl\/centro-de-desarrollo-educacional\/#website\"},\"primaryImageOfPage\":{\"@id\":\"https:\/\/medicina.udd.cl\/centro-de-desarrollo-educacional\/que-hacemos\/cursos-y-talleres\/curso-estrategias-para-el-aprendizaje-activo-2026\/#primaryimage\"},\"image\":{\"@id\":\"https:\/\/medicina.udd.cl\/centro-de-desarrollo-educacional\/que-hacemos\/cursos-y-talleres\/curso-estrategias-para-el-aprendizaje-activo-2026\/#primaryimage\"},\"thumbnailUrl\":\"https:\/\/medicina.udd.cl\/centro-de-desarrollo-educacional\/files\/2025\/10\/aprendizaje-activo2.jpg\",\"datePublished\":\"2025-10-27T02:50:41+00:00\",\"dateModified\":\"2025-12-18T18:41:15+00:00\",\"breadcrumb\":{\"@id\":\"https:\/\/medicina.udd.cl\/centro-de-desarrollo-educacional\/que-hacemos\/cursos-y-talleres\/curso-estrategias-para-el-aprendizaje-activo-2026\/#breadcrumb\"},\"inLanguage\":\"es\",\"potentialAction\":[{\"@type\":\"ReadAction\",\"target\":[\"https:\/\/medicina.udd.cl\/centro-de-desarrollo-educacional\/que-hacemos\/cursos-y-talleres\/curso-estrategias-para-el-aprendizaje-activo-2026\/\"]}]},{\"@type\":\"ImageObject\",\"inLanguage\":\"es\",\"@id\":\"https:\/\/medicina.udd.cl\/centro-de-desarrollo-educacional\/que-hacemos\/cursos-y-talleres\/curso-estrategias-para-el-aprendizaje-activo-2026\/#primaryimage\",\"url\":\"https:\/\/medicina.udd.cl\/centro-de-desarrollo-educacional\/files\/2025\/10\/aprendizaje-activo2.jpg\",\"contentUrl\":\"https:\/\/medicina.udd.cl\/centro-de-desarrollo-educacional\/files\/2025\/10\/aprendizaje-activo2.jpg\",\"width\":500,\"height\":334},{\"@type\":\"BreadcrumbList\",\"@id\":\"https:\/\/medicina.udd.cl\/centro-de-desarrollo-educacional\/que-hacemos\/cursos-y-talleres\/curso-estrategias-para-el-aprendizaje-activo-2026\/#breadcrumb\",\"itemListElement\":[{\"@type\":\"ListItem\",\"position\":1,\"name\":\"Portada\",\"item\":\"https:\/\/medicina.udd.cl\/centro-de-desarrollo-educacional\/\"},{\"@type\":\"ListItem\",\"position\":2,\"name\":\"Qu\u00e9 hacemos\",\"item\":\"https:\/\/medicina.udd.cl\/centro-de-desarrollo-educacional\/que-hacemos\/\"},{\"@type\":\"ListItem\",\"position\":3,\"name\":\"Cursos y talleres\",\"item\":\"https:\/\/medicina.udd.cl\/centro-de-desarrollo-educacional\/que-hacemos\/cursos-y-talleres\/\"},{\"@type\":\"ListItem\",\"position\":4,\"name\":\"Curso Estrategias para el Aprendizaje Activo 2026\"}]},{\"@type\":\"WebSite\",\"@id\":\"https:\/\/medicina.udd.cl\/centro-de-desarrollo-educacional\/#website\",\"url\":\"https:\/\/medicina.udd.cl\/centro-de-desarrollo-educacional\/\",\"name\":\"Centro de Desarrollo Educacional\",\"description\":\"Docencia, apoyo y capacitaci\u00f3n en Medicina\",\"inLanguage\":\"es\"}]}<\/script>\n<!-- \/ Yoast SEO plugin. -->","yoast_head_json":{"title":"Curso Estrategias para el Aprendizaje Activo 2026 - Centro de Desarrollo Educacional","robots":{"index":"index","follow":"follow","max-snippet":"max-snippet:-1","max-image-preview":"max-image-preview:large","max-video-preview":"max-video-preview:-1"},"canonical":"https:\/\/medicina.udd.cl\/centro-de-desarrollo-educacional\/que-hacemos\/cursos-y-talleres\/curso-estrategias-para-el-aprendizaje-activo-2026\/","og_locale":"es_ES","og_type":"article","og_title":"Curso Estrategias para el Aprendizaje Activo 2026 - Centro de Desarrollo Educacional","og_url":"https:\/\/medicina.udd.cl\/centro-de-desarrollo-educacional\/que-hacemos\/cursos-y-talleres\/curso-estrategias-para-el-aprendizaje-activo-2026\/","og_site_name":"Centro de Desarrollo Educacional","article_modified_time":"2025-12-18T18:41:15+00:00","og_image":[{"width":500,"height":334,"url":"https:\/\/medicina.udd.cl\/centro-de-desarrollo-educacional\/files\/2025\/10\/aprendizaje-activo2.jpg","type":"image\/jpeg"}],"twitter_card":"summary_large_image","twitter_misc":{"Tiempo de lectura":"1 minuto"},"schema":{"@context":"https:\/\/schema.org","@graph":[{"@type":"WebPage","@id":"https:\/\/medicina.udd.cl\/centro-de-desarrollo-educacional\/que-hacemos\/cursos-y-talleres\/curso-estrategias-para-el-aprendizaje-activo-2026\/","url":"https:\/\/medicina.udd.cl\/centro-de-desarrollo-educacional\/que-hacemos\/cursos-y-talleres\/curso-estrategias-para-el-aprendizaje-activo-2026\/","name":"Curso Estrategias para el Aprendizaje Activo 2026 - Centro de Desarrollo Educacional","isPartOf":{"@id":"https:\/\/medicina.udd.cl\/centro-de-desarrollo-educacional\/#website"},"primaryImageOfPage":{"@id":"https:\/\/medicina.udd.cl\/centro-de-desarrollo-educacional\/que-hacemos\/cursos-y-talleres\/curso-estrategias-para-el-aprendizaje-activo-2026\/#primaryimage"},"image":{"@id":"https:\/\/medicina.udd.cl\/centro-de-desarrollo-educacional\/que-hacemos\/cursos-y-talleres\/curso-estrategias-para-el-aprendizaje-activo-2026\/#primaryimage"},"thumbnailUrl":"https:\/\/medicina.udd.cl\/centro-de-desarrollo-educacional\/files\/2025\/10\/aprendizaje-activo2.jpg","datePublished":"2025-10-27T02:50:41+00:00","dateModified":"2025-12-18T18:41:15+00:00","breadcrumb":{"@id":"https:\/\/medicina.udd.cl\/centro-de-desarrollo-educacional\/que-hacemos\/cursos-y-talleres\/curso-estrategias-para-el-aprendizaje-activo-2026\/#breadcrumb"},"inLanguage":"es","potentialAction":[{"@type":"ReadAction","target":["https:\/\/medicina.udd.cl\/centro-de-desarrollo-educacional\/que-hacemos\/cursos-y-talleres\/curso-estrategias-para-el-aprendizaje-activo-2026\/"]}]},{"@type":"ImageObject","inLanguage":"es","@id":"https:\/\/medicina.udd.cl\/centro-de-desarrollo-educacional\/que-hacemos\/cursos-y-talleres\/curso-estrategias-para-el-aprendizaje-activo-2026\/#primaryimage","url":"https:\/\/medicina.udd.cl\/centro-de-desarrollo-educacional\/files\/2025\/10\/aprendizaje-activo2.jpg","contentUrl":"https:\/\/medicina.udd.cl\/centro-de-desarrollo-educacional\/files\/2025\/10\/aprendizaje-activo2.jpg","width":500,"height":334},{"@type":"BreadcrumbList","@id":"https:\/\/medicina.udd.cl\/centro-de-desarrollo-educacional\/que-hacemos\/cursos-y-talleres\/curso-estrategias-para-el-aprendizaje-activo-2026\/#breadcrumb","itemListElement":[{"@type":"ListItem","position":1,"name":"Portada","item":"https:\/\/medicina.udd.cl\/centro-de-desarrollo-educacional\/"},{"@type":"ListItem","position":2,"name":"Qu\u00e9 hacemos","item":"https:\/\/medicina.udd.cl\/centro-de-desarrollo-educacional\/que-hacemos\/"},{"@type":"ListItem","position":3,"name":"Cursos y talleres","item":"https:\/\/medicina.udd.cl\/centro-de-desarrollo-educacional\/que-hacemos\/cursos-y-talleres\/"},{"@type":"ListItem","position":4,"name":"Curso Estrategias para el Aprendizaje Activo 2026"}]},{"@type":"WebSite","@id":"https:\/\/medicina.udd.cl\/centro-de-desarrollo-educacional\/#website","url":"https:\/\/medicina.udd.cl\/centro-de-desarrollo-educacional\/","name":"Centro de Desarrollo Educacional","description":"Docencia, apoyo y capacitaci\u00f3n en Medicina","inLanguage":"es"}]}},"_links":{"self":[{"href":"https:\/\/medicina.udd.cl\/centro-de-desarrollo-educacional\/wp-json\/wp\/v2\/pages\/51523","targetHints":{"allow":["GET"]}}],"collection":[{"href":"https:\/\/medicina.udd.cl\/centro-de-desarrollo-educacional\/wp-json\/wp\/v2\/pages"}],"about":[{"href":"https:\/\/medicina.udd.cl\/centro-de-desarrollo-educacional\/wp-json\/wp\/v2\/types\/page"}],"author":[{"embeddable":true,"href":"https:\/\/medicina.udd.cl\/centro-de-desarrollo-educacional\/wp-json\/wp\/v2\/users\/9192239"}],"replies":[{"embeddable":true,"href":"https:\/\/medicina.udd.cl\/centro-de-desarrollo-educacional\/wp-json\/wp\/v2\/comments?post=51523"}],"version-history":[{"count":13,"href":"https:\/\/medicina.udd.cl\/centro-de-desarrollo-educacional\/wp-json\/wp\/v2\/pages\/51523\/revisions"}],"predecessor-version":[{"id":51866,"href":"https:\/\/medicina.udd.cl\/centro-de-desarrollo-educacional\/wp-json\/wp\/v2\/pages\/51523\/revisions\/51866"}],"up":[{"embeddable":true,"href":"https:\/\/medicina.udd.cl\/centro-de-desarrollo-educacional\/wp-json\/wp\/v2\/pages\/50989"}],"wp:attachment":[{"href":"https:\/\/medicina.udd.cl\/centro-de-desarrollo-educacional\/wp-json\/wp\/v2\/media?parent=51523"}],"curies":[{"name":"wp","href":"https:\/\/api.w.org\/{rel}","templated":true}]}}