{"id":51637,"date":"2025-11-14T21:16:40","date_gmt":"2025-11-14T20:16:40","guid":{"rendered":"https:\/\/medicina.udd.cl\/centro-de-desarrollo-educacional\/?page_id=51637"},"modified":"2025-11-25T05:46:17","modified_gmt":"2025-11-25T04:46:17","slug":"diplomado-en-educacion-en-docencia-clinica","status":"publish","type":"page","link":"https:\/\/medicina.udd.cl\/centro-de-desarrollo-educacional\/que-hacemos\/diplomado-en-educacion-en-docencia-clinica\/","title":{"rendered":"Diplomado en Educaci\u00f3n en Docencia Cl\u00ednica"},"content":{"rendered":"\n<div class=\"wp-block-media-text alignfull is-stacked-on-mobile is-vertically-aligned-center is-image-fill-element\" style=\"grid-template-columns:40% auto\"><figure class=\"wp-block-media-text__media\"><img loading=\"lazy\" decoding=\"async\" width=\"1024\" height=\"456\" src=\"https:\/\/medicina.udd.cl\/centro-de-desarrollo-educacional\/files\/2025\/11\/2faf05b6-58bc-46ac-8473-476d035fe5c6-e1763173381912-1024x456.jpeg\" alt=\"\" class=\"wp-image-51693 size-large\" style=\"object-position:52% 58%\" srcset=\"https:\/\/medicina.udd.cl\/centro-de-desarrollo-educacional\/files\/2025\/11\/2faf05b6-58bc-46ac-8473-476d035fe5c6-e1763173381912-1024x456.jpeg 1024w, https:\/\/medicina.udd.cl\/centro-de-desarrollo-educacional\/files\/2025\/11\/2faf05b6-58bc-46ac-8473-476d035fe5c6-e1763173381912-300x134.jpeg 300w, https:\/\/medicina.udd.cl\/centro-de-desarrollo-educacional\/files\/2025\/11\/2faf05b6-58bc-46ac-8473-476d035fe5c6-e1763173381912-768x342.jpeg 768w, https:\/\/medicina.udd.cl\/centro-de-desarrollo-educacional\/files\/2025\/11\/2faf05b6-58bc-46ac-8473-476d035fe5c6-e1763173381912.jpeg 1160w\" sizes=\"auto, (max-width: 1024px) 100vw, 1024px\" \/><\/figure><div class=\"wp-block-media-text__content\">\n<p class=\"access-card__epigraph has-normal-font-size\">Sobre el Diplomado<\/p>\n\n\n\n<p class=\"card__description-text has-normal-font-size\">El prop\u00f3sito del Diplomado en Educaci\u00f3n en Docencia Cl\u00ednica es entregar al docente o tutor cl\u00ednico las herramientas y metodolog\u00edas esenciales, de manera que sea un buen modelo para sus estudiantes, sobre todo en la pr\u00e1ctica cl\u00ednica al lado de la persona.<\/p>\n\n\n\n<p class=\"card__description-text has-normal-font-size\">Este programa refuerza la labor docente en sinton\u00eda con el Proyecto Educativo UDD Futuro y la misi\u00f3n y visi\u00f3n de la Facultad de Medicina Cl\u00ednica Alemana Universidad del Desarrollo.<\/p>\n\n\n\n<div class=\"wp-block-buttons is-layout-flex wp-block-buttons-is-layout-flex\">\n<div class=\"wp-block-button is-style-outline is-style-outline--1\"><a class=\"wp-block-button__link has-pure-white-color has-brand-primary-background-color has-text-color has-background has-link-color has-small-font-size has-custom-font-size wp-element-button\" href=\"https:\/\/medicina.udd.cl\/centro-de-desarrollo-educacional\/files\/2025\/11\/brochure-diplomado-docencia-clinica-2026-fm-udd.pdf\" style=\"border-radius:10px\" target=\"_blank\" rel=\"noreferrer noopener\">Descargar Brochure del Diplomado<\/a><\/div>\n<\/div>\n<\/div><\/div>\n\n\n\n<div class=\"wp-block-media-text alignfull is-stacked-on-mobile is-vertically-aligned-center is-image-fill-element has-pure-white-background-color has-background has-normal-font-size\" style=\"grid-template-columns:40% auto\"><figure class=\"wp-block-media-text__media\"><img loading=\"lazy\" decoding=\"async\" width=\"810\" height=\"491\" src=\"https:\/\/medicina.udd.cl\/centro-de-desarrollo-educacional\/files\/2025\/11\/jornada-internacional-docencia-clinica.png\" alt=\"\" class=\"wp-image-51681 size-large\" style=\"object-position:63% 53%\" srcset=\"https:\/\/medicina.udd.cl\/centro-de-desarrollo-educacional\/files\/2025\/11\/jornada-internacional-docencia-clinica.png 810w, https:\/\/medicina.udd.cl\/centro-de-desarrollo-educacional\/files\/2025\/11\/jornada-internacional-docencia-clinica-300x182.png 300w, https:\/\/medicina.udd.cl\/centro-de-desarrollo-educacional\/files\/2025\/11\/jornada-internacional-docencia-clinica-768x466.png 768w\" sizes=\"auto, (max-width: 810px) 100vw, 810px\" \/><\/figure><div class=\"wp-block-media-text__content\">\n<p class=\"access-card__epigraph has-normal-font-size\">Dirigido a<\/p>\n\n\n\n<ul class=\"wp-block-list\">\n<li class=\"has-normal-font-size\">Docentes cl\u00ednicos y no cl\u00ednicos de la Facultad de Medicina Cl\u00ednica Alemana Universidad del Desarrollo.<\/li>\n<\/ul>\n\n\n\n<p class=\"access-card__epigraph has-normal-font-size\">Fechas y Horarios<\/p>\n\n\n\n<ul class=\"wp-block-list\">\n<li class=\"has-normal-font-size\">Desde el 20 de marzo al 16 de octubre de 2026.<\/li>\n\n\n\n<li class=\"has-normal-font-size\">Mi\u00e9rcoles y viernes de 9:00 a 13:00 horas.<\/li>\n\n\n\n<li class=\"text&gt;ul&gt;li has-normal-font-size\">Modalidad:&nbsp;<strong>Semipresencial.<\/strong><\/li>\n\n\n\n<li class=\"has-normal-font-size\">Clases presenciales en campus Rector Ernesto Silva Bafalluy.<\/li>\n<\/ul>\n\n\n\n<div class=\"wp-block-buttons is-layout-flex wp-block-buttons-is-layout-flex\">\n<div class=\"wp-block-button has-custom-width wp-block-button__width-50 is-style-outline is-style-outline--2\"><a class=\"wp-block-button__link has-pure-white-color has-brand-primary-background-color has-text-color has-background has-link-color has-small-font-size has-text-align-center has-custom-font-size wp-element-button\" href=\"https:\/\/medicina.udd.cl\/centro-de-desarrollo-educacional\/files\/2025\/11\/calendario-docencia-2026.pdf\" style=\"border-radius:10px\" target=\"_blank\" rel=\"noreferrer noopener\">Descargar Calendario Acad\u00e9mico <\/a><\/div>\n\n\n\n<div class=\"wp-block-button has-custom-width wp-block-button__width-50 is-style-outline is-style-outline--3\"><a class=\"wp-block-button__link has-pure-white-color has-brand-primary-background-color has-text-color has-background has-link-color has-small-font-size has-text-align-center has-custom-font-size wp-element-button\" href=\"https:\/\/postgrados.udd.cl\/programas\/diplomado-en-educacion-en-docencia-clinica-224157\/\" style=\"border-radius:10px\" target=\"_blank\" rel=\"noreferrer noopener\">Postular al Diplomado 2026<\/a><\/div>\n<\/div>\n<\/div><\/div>\n\n\n<section class=\"wp-block-udd-relevant-info\">\n\t<div class=\"container\">\n\t\t<ul class=\"relevant-info\">\n\t\t\t\t\t<li>\n\t\t\t\t\t\t\t\t\t\t\t\t\t\t\t\t<span class=\"relevant-info__label\">MATR\u00cdCULA<\/span>\n\t\t\t\t\t\t\t\t\t\t\t\t\t\t\t\t\t\t\t\t<span class=\"relevant-info__content\">CLP $35.000.-<\/span>\n\t\t\t\t\t\t\t<\/li>\n\t\t\t\t\t<li>\n\t\t\t\t\t\t\t\t\t\t\t\t\t\t\t\t<span class=\"relevant-info__label\">ARANCEL<\/span>\n\t\t\t\t\t\t\t\t\t\t\t\t\t\t\t\t\t\t\t\t<span class=\"relevant-info__content\">CLP $1.600.000.-<\/span>\n\t\t\t\t\t\t\t<\/li>\n\t\t\t\t\t<li>\n\t\t\t\t\t\t\t\t\t\t\t\t\t\t\t\t<span class=\"relevant-info__label\">DESCUENTO<\/span>\n\t\t\t\t\t\t\t\t\t\t\t\t\t\t\t\t\t\t\t\t<span class=\"relevant-info__content\">Beca de arancel a docentes UDD que cumplan con requisitos.<\/span>\n\t\t\t\t\t\t\t<\/li>\n\t\t\t\t<\/ul>\n\t<\/div>\n<\/section>\n\n\n<!-- WP Block: UDD - People -->\n<section class=\"wp-block-udd-contacts is-style-default\">\n\t\t<div class=\"block__bg\">\n\t\t\t\t\t<img loading=\"lazy\" decoding=\"async\" width=\"680\" height=\"382\" src=\"https:\/\/medicina.udd.cl\/centro-de-desarrollo-educacional\/files\/2025\/11\/cde-diplomado-educ-docencia-clinica-680x382.jpg\" class=\"block__bg-image object-cover lazyload\" alt=\"\" data-src=\"https:\/\/medicina.udd.cl\/centro-de-desarrollo-educacional\/files\/2025\/11\/cde-diplomado-educ-docencia-clinica-680x382.jpg\" \/>\t\t\t<\/div>\n\t\t<div class=\"container\">\n\t\t<header class=\"block__header\">\n\t\t\t<h2 class=\"block__title\">Contacto<\/h2>\n\t\t<\/header>\n\t\t<div class=\"block__content\">\n\t\t\t<ul class=\"contacts\">\n\t\t\t\t\t\t\t<li class=\"contact\">\n\t\t\t\t\t<div class=\"person-contact\">\n\t\t\t\t\t\t\t\t\t\t\t\t<h3 class=\"person-contact__name\">Sandra Placencia<\/h3>\n\t\t\t\t\t\t\t\t\t\t\t\t\t\t\t\t\t\t\t\t\t\t\t\t\t\t\t\t\t\t\t\t\t\t\t\t\t<span class=\"person-contact__email\">Email: <a href=\"mailto:conta&#99;&#116;&#111;cde&#64;u&#100;&#100;.c&#108;\">&#99;o&#110;tac&#116;ocde&#64;u&#100;&#100;.c&#108;<\/a><\/span>\n\t\t\t\t\t\t\t\t\t\t\t<\/div>\n\t\t\t\t<\/li>\n\t\t\t\t\t\t<\/ul>\n\t\t<\/div>\n\t<\/div>\n<\/section>\n","protected":false},"excerpt":{"rendered":"","protected":false},"author":9192239,"featured_media":0,"parent":50398,"menu_order":0,"comment_status":"closed","ping_status":"closed","template":"","meta":{"footnotes":""},"class_list":["post-51637","page","type-page","status-publish","hentry"],"yoast_head":"<!-- This site is optimized with the Yoast SEO plugin v26.9 - https:\/\/yoast.com\/product\/yoast-seo-wordpress\/ -->\n<title>Diplomado en Educaci\u00f3n en Docencia Cl\u00ednica - Centro de Desarrollo Educacional<\/title>\n<meta name=\"robots\" content=\"index, follow, max-snippet:-1, max-image-preview:large, max-video-preview:-1\" \/>\n<link rel=\"canonical\" href=\"https:\/\/medicina.udd.cl\/centro-de-desarrollo-educacional\/que-hacemos\/diplomado-en-educacion-en-docencia-clinica\/\" \/>\n<meta property=\"og:locale\" content=\"es_ES\" \/>\n<meta property=\"og:type\" content=\"article\" \/>\n<meta property=\"og:title\" content=\"Diplomado en Educaci\u00f3n en Docencia Cl\u00ednica - Centro de Desarrollo Educacional\" \/>\n<meta property=\"og:url\" content=\"https:\/\/medicina.udd.cl\/centro-de-desarrollo-educacional\/que-hacemos\/diplomado-en-educacion-en-docencia-clinica\/\" \/>\n<meta property=\"og:site_name\" content=\"Centro de Desarrollo Educacional\" \/>\n<meta property=\"article:modified_time\" content=\"2025-11-25T04:46:17+00:00\" \/>\n<meta property=\"og:image\" content=\"https:\/\/medicina.udd.cl\/centro-de-desarrollo-educacional\/files\/2025\/11\/2faf05b6-58bc-46ac-8473-476d035fe5c6-e1763173381912.jpeg\" \/>\n\t<meta property=\"og:image:width\" content=\"1160\" \/>\n\t<meta property=\"og:image:height\" content=\"517\" \/>\n\t<meta property=\"og:image:type\" content=\"image\/jpeg\" \/>\n<meta name=\"twitter:card\" content=\"summary_large_image\" \/>\n<meta name=\"twitter:label1\" content=\"Tiempo de lectura\" \/>\n\t<meta name=\"twitter:data1\" content=\"2 minutos\" \/>\n<script type=\"application\/ld+json\" class=\"yoast-schema-graph\">{\"@context\":\"https:\/\/schema.org\",\"@graph\":[{\"@type\":\"WebPage\",\"@id\":\"https:\/\/medicina.udd.cl\/centro-de-desarrollo-educacional\/que-hacemos\/diplomado-en-educacion-en-docencia-clinica\/\",\"url\":\"https:\/\/medicina.udd.cl\/centro-de-desarrollo-educacional\/que-hacemos\/diplomado-en-educacion-en-docencia-clinica\/\",\"name\":\"Diplomado en Educaci\u00f3n en Docencia Cl\u00ednica - Centro de Desarrollo Educacional\",\"isPartOf\":{\"@id\":\"https:\/\/medicina.udd.cl\/centro-de-desarrollo-educacional\/#website\"},\"primaryImageOfPage\":{\"@id\":\"https:\/\/medicina.udd.cl\/centro-de-desarrollo-educacional\/que-hacemos\/diplomado-en-educacion-en-docencia-clinica\/#primaryimage\"},\"image\":{\"@id\":\"https:\/\/medicina.udd.cl\/centro-de-desarrollo-educacional\/que-hacemos\/diplomado-en-educacion-en-docencia-clinica\/#primaryimage\"},\"thumbnailUrl\":\"https:\/\/medicina.udd.cl\/centro-de-desarrollo-educacional\/files\/2025\/11\/2faf05b6-58bc-46ac-8473-476d035fe5c6-e1763173381912-1024x456.jpeg\",\"datePublished\":\"2025-11-14T20:16:40+00:00\",\"dateModified\":\"2025-11-25T04:46:17+00:00\",\"breadcrumb\":{\"@id\":\"https:\/\/medicina.udd.cl\/centro-de-desarrollo-educacional\/que-hacemos\/diplomado-en-educacion-en-docencia-clinica\/#breadcrumb\"},\"inLanguage\":\"es\",\"potentialAction\":[{\"@type\":\"ReadAction\",\"target\":[\"https:\/\/medicina.udd.cl\/centro-de-desarrollo-educacional\/que-hacemos\/diplomado-en-educacion-en-docencia-clinica\/\"]}]},{\"@type\":\"ImageObject\",\"inLanguage\":\"es\",\"@id\":\"https:\/\/medicina.udd.cl\/centro-de-desarrollo-educacional\/que-hacemos\/diplomado-en-educacion-en-docencia-clinica\/#primaryimage\",\"url\":\"https:\/\/medicina.udd.cl\/centro-de-desarrollo-educacional\/files\/2025\/11\/2faf05b6-58bc-46ac-8473-476d035fe5c6-e1763173381912.jpeg\",\"contentUrl\":\"https:\/\/medicina.udd.cl\/centro-de-desarrollo-educacional\/files\/2025\/11\/2faf05b6-58bc-46ac-8473-476d035fe5c6-e1763173381912.jpeg\",\"width\":1160,\"height\":517},{\"@type\":\"BreadcrumbList\",\"@id\":\"https:\/\/medicina.udd.cl\/centro-de-desarrollo-educacional\/que-hacemos\/diplomado-en-educacion-en-docencia-clinica\/#breadcrumb\",\"itemListElement\":[{\"@type\":\"ListItem\",\"position\":1,\"name\":\"Portada\",\"item\":\"https:\/\/medicina.udd.cl\/centro-de-desarrollo-educacional\/\"},{\"@type\":\"ListItem\",\"position\":2,\"name\":\"Qu\u00e9 hacemos\",\"item\":\"https:\/\/medicina.udd.cl\/centro-de-desarrollo-educacional\/que-hacemos\/\"},{\"@type\":\"ListItem\",\"position\":3,\"name\":\"Diplomado en Educaci\u00f3n en Docencia Cl\u00ednica\"}]},{\"@type\":\"WebSite\",\"@id\":\"https:\/\/medicina.udd.cl\/centro-de-desarrollo-educacional\/#website\",\"url\":\"https:\/\/medicina.udd.cl\/centro-de-desarrollo-educacional\/\",\"name\":\"Centro de Desarrollo Educacional\",\"description\":\"Docencia, apoyo y capacitaci\u00f3n en Medicina\",\"inLanguage\":\"es\"}]}<\/script>\n<!-- \/ Yoast SEO plugin. -->","yoast_head_json":{"title":"Diplomado en Educaci\u00f3n en Docencia Cl\u00ednica - Centro de Desarrollo Educacional","robots":{"index":"index","follow":"follow","max-snippet":"max-snippet:-1","max-image-preview":"max-image-preview:large","max-video-preview":"max-video-preview:-1"},"canonical":"https:\/\/medicina.udd.cl\/centro-de-desarrollo-educacional\/que-hacemos\/diplomado-en-educacion-en-docencia-clinica\/","og_locale":"es_ES","og_type":"article","og_title":"Diplomado en Educaci\u00f3n en Docencia Cl\u00ednica - Centro de Desarrollo Educacional","og_url":"https:\/\/medicina.udd.cl\/centro-de-desarrollo-educacional\/que-hacemos\/diplomado-en-educacion-en-docencia-clinica\/","og_site_name":"Centro de Desarrollo Educacional","article_modified_time":"2025-11-25T04:46:17+00:00","og_image":[{"width":1160,"height":517,"url":"https:\/\/medicina.udd.cl\/centro-de-desarrollo-educacional\/files\/2025\/11\/2faf05b6-58bc-46ac-8473-476d035fe5c6-e1763173381912.jpeg","type":"image\/jpeg"}],"twitter_card":"summary_large_image","twitter_misc":{"Tiempo de lectura":"2 minutos"},"schema":{"@context":"https:\/\/schema.org","@graph":[{"@type":"WebPage","@id":"https:\/\/medicina.udd.cl\/centro-de-desarrollo-educacional\/que-hacemos\/diplomado-en-educacion-en-docencia-clinica\/","url":"https:\/\/medicina.udd.cl\/centro-de-desarrollo-educacional\/que-hacemos\/diplomado-en-educacion-en-docencia-clinica\/","name":"Diplomado en Educaci\u00f3n en Docencia Cl\u00ednica - Centro de Desarrollo Educacional","isPartOf":{"@id":"https:\/\/medicina.udd.cl\/centro-de-desarrollo-educacional\/#website"},"primaryImageOfPage":{"@id":"https:\/\/medicina.udd.cl\/centro-de-desarrollo-educacional\/que-hacemos\/diplomado-en-educacion-en-docencia-clinica\/#primaryimage"},"image":{"@id":"https:\/\/medicina.udd.cl\/centro-de-desarrollo-educacional\/que-hacemos\/diplomado-en-educacion-en-docencia-clinica\/#primaryimage"},"thumbnailUrl":"https:\/\/medicina.udd.cl\/centro-de-desarrollo-educacional\/files\/2025\/11\/2faf05b6-58bc-46ac-8473-476d035fe5c6-e1763173381912-1024x456.jpeg","datePublished":"2025-11-14T20:16:40+00:00","dateModified":"2025-11-25T04:46:17+00:00","breadcrumb":{"@id":"https:\/\/medicina.udd.cl\/centro-de-desarrollo-educacional\/que-hacemos\/diplomado-en-educacion-en-docencia-clinica\/#breadcrumb"},"inLanguage":"es","potentialAction":[{"@type":"ReadAction","target":["https:\/\/medicina.udd.cl\/centro-de-desarrollo-educacional\/que-hacemos\/diplomado-en-educacion-en-docencia-clinica\/"]}]},{"@type":"ImageObject","inLanguage":"es","@id":"https:\/\/medicina.udd.cl\/centro-de-desarrollo-educacional\/que-hacemos\/diplomado-en-educacion-en-docencia-clinica\/#primaryimage","url":"https:\/\/medicina.udd.cl\/centro-de-desarrollo-educacional\/files\/2025\/11\/2faf05b6-58bc-46ac-8473-476d035fe5c6-e1763173381912.jpeg","contentUrl":"https:\/\/medicina.udd.cl\/centro-de-desarrollo-educacional\/files\/2025\/11\/2faf05b6-58bc-46ac-8473-476d035fe5c6-e1763173381912.jpeg","width":1160,"height":517},{"@type":"BreadcrumbList","@id":"https:\/\/medicina.udd.cl\/centro-de-desarrollo-educacional\/que-hacemos\/diplomado-en-educacion-en-docencia-clinica\/#breadcrumb","itemListElement":[{"@type":"ListItem","position":1,"name":"Portada","item":"https:\/\/medicina.udd.cl\/centro-de-desarrollo-educacional\/"},{"@type":"ListItem","position":2,"name":"Qu\u00e9 hacemos","item":"https:\/\/medicina.udd.cl\/centro-de-desarrollo-educacional\/que-hacemos\/"},{"@type":"ListItem","position":3,"name":"Diplomado en Educaci\u00f3n en Docencia Cl\u00ednica"}]},{"@type":"WebSite","@id":"https:\/\/medicina.udd.cl\/centro-de-desarrollo-educacional\/#website","url":"https:\/\/medicina.udd.cl\/centro-de-desarrollo-educacional\/","name":"Centro de Desarrollo Educacional","description":"Docencia, apoyo y capacitaci\u00f3n en Medicina","inLanguage":"es"}]}},"_links":{"self":[{"href":"https:\/\/medicina.udd.cl\/centro-de-desarrollo-educacional\/wp-json\/wp\/v2\/pages\/51637","targetHints":{"allow":["GET"]}}],"collection":[{"href":"https:\/\/medicina.udd.cl\/centro-de-desarrollo-educacional\/wp-json\/wp\/v2\/pages"}],"about":[{"href":"https:\/\/medicina.udd.cl\/centro-de-desarrollo-educacional\/wp-json\/wp\/v2\/types\/page"}],"author":[{"embeddable":true,"href":"https:\/\/medicina.udd.cl\/centro-de-desarrollo-educacional\/wp-json\/wp\/v2\/users\/9192239"}],"replies":[{"embeddable":true,"href":"https:\/\/medicina.udd.cl\/centro-de-desarrollo-educacional\/wp-json\/wp\/v2\/comments?post=51637"}],"version-history":[{"count":49,"href":"https:\/\/medicina.udd.cl\/centro-de-desarrollo-educacional\/wp-json\/wp\/v2\/pages\/51637\/revisions"}],"predecessor-version":[{"id":51853,"href":"https:\/\/medicina.udd.cl\/centro-de-desarrollo-educacional\/wp-json\/wp\/v2\/pages\/51637\/revisions\/51853"}],"up":[{"embeddable":true,"href":"https:\/\/medicina.udd.cl\/centro-de-desarrollo-educacional\/wp-json\/wp\/v2\/pages\/50398"}],"wp:attachment":[{"href":"https:\/\/medicina.udd.cl\/centro-de-desarrollo-educacional\/wp-json\/wp\/v2\/media?parent=51637"}],"curies":[{"name":"wp","href":"https:\/\/api.w.org\/{rel}","templated":true}]}}