{"id":50739,"date":"2024-01-24T19:21:39","date_gmt":"2024-01-24T18:21:39","guid":{"rendered":"https:\/\/medicina.udd.cl\/centro-de-desarrollo-educacional\/?post_type=person&#038;p=50739"},"modified":"2024-01-24T19:21:39","modified_gmt":"2024-01-24T18:21:39","slug":"camilo-pavez-montt","status":"publish","type":"person","link":"https:\/\/medicina.udd.cl\/centro-de-desarrollo-educacional\/persona\/camilo-pavez-montt\/","title":{"rendered":"Camilo P\u00e1vez Montt"},"featured_media":50742,"template":"","people_tax":[],"people_areas":[],"people_levels":[],"class_list":["post-50739","person","type-person","status-publish","has-post-thumbnail","hentry"],"yoast_head":"<!-- This site is optimized with the Yoast SEO plugin v26.9 - https:\/\/yoast.com\/product\/yoast-seo-wordpress\/ -->\n<title>Camilo P\u00e1vez Montt - Centro de Desarrollo Educacional<\/title>\n<meta name=\"robots\" content=\"index, follow, max-snippet:-1, max-image-preview:large, max-video-preview:-1\" \/>\n<link rel=\"canonical\" href=\"https:\/\/medicina.udd.cl\/centro-de-desarrollo-educacional\/persona\/camilo-pavez-montt\/\" \/>\n<meta property=\"og:locale\" content=\"es_ES\" \/>\n<meta property=\"og:type\" content=\"article\" \/>\n<meta property=\"og:title\" content=\"Camilo P\u00e1vez Montt - Centro de Desarrollo Educacional\" \/>\n<meta property=\"og:url\" content=\"https:\/\/medicina.udd.cl\/centro-de-desarrollo-educacional\/persona\/camilo-pavez-montt\/\" \/>\n<meta property=\"og:site_name\" content=\"Centro de Desarrollo Educacional\" \/>\n<meta property=\"og:image\" content=\"https:\/\/medicina.udd.cl\/centro-de-desarrollo-educacional\/files\/2024\/01\/camilo-pavez_color-scaled.jpg\" \/>\n\t<meta property=\"og:image:width\" content=\"2560\" \/>\n\t<meta property=\"og:image:height\" content=\"2560\" \/>\n\t<meta property=\"og:image:type\" content=\"image\/jpeg\" \/>\n<meta name=\"twitter:card\" content=\"summary_large_image\" \/>\n<script type=\"application\/ld+json\" class=\"yoast-schema-graph\">{\"@context\":\"https:\/\/schema.org\",\"@graph\":[{\"@type\":\"WebPage\",\"@id\":\"https:\/\/medicina.udd.cl\/centro-de-desarrollo-educacional\/persona\/camilo-pavez-montt\/\",\"url\":\"https:\/\/medicina.udd.cl\/centro-de-desarrollo-educacional\/persona\/camilo-pavez-montt\/\",\"name\":\"Camilo P\u00e1vez Montt - Centro de Desarrollo Educacional\",\"isPartOf\":{\"@id\":\"https:\/\/medicina.udd.cl\/centro-de-desarrollo-educacional\/#website\"},\"primaryImageOfPage\":{\"@id\":\"https:\/\/medicina.udd.cl\/centro-de-desarrollo-educacional\/persona\/camilo-pavez-montt\/#primaryimage\"},\"image\":{\"@id\":\"https:\/\/medicina.udd.cl\/centro-de-desarrollo-educacional\/persona\/camilo-pavez-montt\/#primaryimage\"},\"thumbnailUrl\":\"https:\/\/medicina.udd.cl\/centro-de-desarrollo-educacional\/files\/2024\/01\/camilo-pavez_color-scaled.jpg\",\"datePublished\":\"2024-01-24T18:21:39+00:00\",\"breadcrumb\":{\"@id\":\"https:\/\/medicina.udd.cl\/centro-de-desarrollo-educacional\/persona\/camilo-pavez-montt\/#breadcrumb\"},\"inLanguage\":\"es\",\"potentialAction\":[{\"@type\":\"ReadAction\",\"target\":[\"https:\/\/medicina.udd.cl\/centro-de-desarrollo-educacional\/persona\/camilo-pavez-montt\/\"]}]},{\"@type\":\"ImageObject\",\"inLanguage\":\"es\",\"@id\":\"https:\/\/medicina.udd.cl\/centro-de-desarrollo-educacional\/persona\/camilo-pavez-montt\/#primaryimage\",\"url\":\"https:\/\/medicina.udd.cl\/centro-de-desarrollo-educacional\/files\/2024\/01\/camilo-pavez_color-scaled.jpg\",\"contentUrl\":\"https:\/\/medicina.udd.cl\/centro-de-desarrollo-educacional\/files\/2024\/01\/camilo-pavez_color-scaled.jpg\",\"width\":2560,\"height\":2560},{\"@type\":\"BreadcrumbList\",\"@id\":\"https:\/\/medicina.udd.cl\/centro-de-desarrollo-educacional\/persona\/camilo-pavez-montt\/#breadcrumb\",\"itemListElement\":[{\"@type\":\"ListItem\",\"position\":1,\"name\":\"Portada\",\"item\":\"https:\/\/medicina.udd.cl\/centro-de-desarrollo-educacional\/\"},{\"@type\":\"ListItem\",\"position\":2,\"name\":\"Personas\",\"item\":\"https:\/\/medicina.udd.cl\/centro-de-desarrollo-educacional\/persona\/\"},{\"@type\":\"ListItem\",\"position\":3,\"name\":\"Camilo P\u00e1vez Montt\"}]},{\"@type\":\"WebSite\",\"@id\":\"https:\/\/medicina.udd.cl\/centro-de-desarrollo-educacional\/#website\",\"url\":\"https:\/\/medicina.udd.cl\/centro-de-desarrollo-educacional\/\",\"name\":\"Centro de Desarrollo Educacional\",\"description\":\"Docencia, apoyo y capacitaci\u00f3n en Medicina\",\"inLanguage\":\"es\"}]}<\/script>\n<!-- \/ Yoast SEO plugin. -->","yoast_head_json":{"title":"Camilo P\u00e1vez Montt - Centro de Desarrollo Educacional","robots":{"index":"index","follow":"follow","max-snippet":"max-snippet:-1","max-image-preview":"max-image-preview:large","max-video-preview":"max-video-preview:-1"},"canonical":"https:\/\/medicina.udd.cl\/centro-de-desarrollo-educacional\/persona\/camilo-pavez-montt\/","og_locale":"es_ES","og_type":"article","og_title":"Camilo P\u00e1vez Montt - Centro de Desarrollo Educacional","og_url":"https:\/\/medicina.udd.cl\/centro-de-desarrollo-educacional\/persona\/camilo-pavez-montt\/","og_site_name":"Centro de Desarrollo Educacional","og_image":[{"width":2560,"height":2560,"url":"https:\/\/medicina.udd.cl\/centro-de-desarrollo-educacional\/files\/2024\/01\/camilo-pavez_color-scaled.jpg","type":"image\/jpeg"}],"twitter_card":"summary_large_image","schema":{"@context":"https:\/\/schema.org","@graph":[{"@type":"WebPage","@id":"https:\/\/medicina.udd.cl\/centro-de-desarrollo-educacional\/persona\/camilo-pavez-montt\/","url":"https:\/\/medicina.udd.cl\/centro-de-desarrollo-educacional\/persona\/camilo-pavez-montt\/","name":"Camilo P\u00e1vez Montt - Centro de Desarrollo Educacional","isPartOf":{"@id":"https:\/\/medicina.udd.cl\/centro-de-desarrollo-educacional\/#website"},"primaryImageOfPage":{"@id":"https:\/\/medicina.udd.cl\/centro-de-desarrollo-educacional\/persona\/camilo-pavez-montt\/#primaryimage"},"image":{"@id":"https:\/\/medicina.udd.cl\/centro-de-desarrollo-educacional\/persona\/camilo-pavez-montt\/#primaryimage"},"thumbnailUrl":"https:\/\/medicina.udd.cl\/centro-de-desarrollo-educacional\/files\/2024\/01\/camilo-pavez_color-scaled.jpg","datePublished":"2024-01-24T18:21:39+00:00","breadcrumb":{"@id":"https:\/\/medicina.udd.cl\/centro-de-desarrollo-educacional\/persona\/camilo-pavez-montt\/#breadcrumb"},"inLanguage":"es","potentialAction":[{"@type":"ReadAction","target":["https:\/\/medicina.udd.cl\/centro-de-desarrollo-educacional\/persona\/camilo-pavez-montt\/"]}]},{"@type":"ImageObject","inLanguage":"es","@id":"https:\/\/medicina.udd.cl\/centro-de-desarrollo-educacional\/persona\/camilo-pavez-montt\/#primaryimage","url":"https:\/\/medicina.udd.cl\/centro-de-desarrollo-educacional\/files\/2024\/01\/camilo-pavez_color-scaled.jpg","contentUrl":"https:\/\/medicina.udd.cl\/centro-de-desarrollo-educacional\/files\/2024\/01\/camilo-pavez_color-scaled.jpg","width":2560,"height":2560},{"@type":"BreadcrumbList","@id":"https:\/\/medicina.udd.cl\/centro-de-desarrollo-educacional\/persona\/camilo-pavez-montt\/#breadcrumb","itemListElement":[{"@type":"ListItem","position":1,"name":"Portada","item":"https:\/\/medicina.udd.cl\/centro-de-desarrollo-educacional\/"},{"@type":"ListItem","position":2,"name":"Personas","item":"https:\/\/medicina.udd.cl\/centro-de-desarrollo-educacional\/persona\/"},{"@type":"ListItem","position":3,"name":"Camilo P\u00e1vez Montt"}]},{"@type":"WebSite","@id":"https:\/\/medicina.udd.cl\/centro-de-desarrollo-educacional\/#website","url":"https:\/\/medicina.udd.cl\/centro-de-desarrollo-educacional\/","name":"Centro de Desarrollo Educacional","description":"Docencia, apoyo y capacitaci\u00f3n en Medicina","inLanguage":"es"}]}},"label":"Camilo P\u00e1vez Montt","role":"Colaborador Kinesiolog\u00eda ","thumbnail_url":"https:\/\/medicina.udd.cl\/centro-de-desarrollo-educacional\/files\/2024\/01\/camilo-pavez_color-500x500.jpg","email":"","tel_job":"","content":{"rendered":"<div class=\"person-modal person-modal--scl\">\n\t<header class=\"person-modal__header\">\n\t\t<div class=\"person-modal__bg\"><\/div>\n\t\t<div class=\"modal-container\">\n\t\t\t\t\t\t<div class=\"person-modal__media\">\n\t\t\t\t<img width=\"500\" height=\"500\" src=\"https:\/\/medicina.udd.cl\/centro-de-desarrollo-educacional\/files\/2024\/01\/camilo-pavez_color-62x62.jpg\" class=\"person-modal__image wp-post-image lazyload\" alt=\"\" decoding=\"async\" loading=\"lazy\" sizes=\"auto, (max-width: 500px) 100vw, 500px\" data-src=\"https:\/\/medicina.udd.cl\/centro-de-desarrollo-educacional\/files\/2024\/01\/camilo-pavez_color-500x500.jpg\" data-srcset=\"https:\/\/medicina.udd.cl\/centro-de-desarrollo-educacional\/files\/2024\/01\/camilo-pavez_color-500x500.jpg 500w, https:\/\/medicina.udd.cl\/centro-de-desarrollo-educacional\/files\/2024\/01\/camilo-pavez_color-300x300.jpg 300w, https:\/\/medicina.udd.cl\/centro-de-desarrollo-educacional\/files\/2024\/01\/camilo-pavez_color-1024x1024.jpg 1024w, https:\/\/medicina.udd.cl\/centro-de-desarrollo-educacional\/files\/2024\/01\/camilo-pavez_color-150x150.jpg 150w, https:\/\/medicina.udd.cl\/centro-de-desarrollo-educacional\/files\/2024\/01\/camilo-pavez_color-768x768.jpg 768w, https:\/\/medicina.udd.cl\/centro-de-desarrollo-educacional\/files\/2024\/01\/camilo-pavez_color-62x62.jpg 62w, https:\/\/medicina.udd.cl\/centro-de-desarrollo-educacional\/files\/2024\/01\/camilo-pavez_color-1536x1536.jpg 1536w, https:\/\/medicina.udd.cl\/centro-de-desarrollo-educacional\/files\/2024\/01\/camilo-pavez_color-2048x2048.jpg 2048w, https:\/\/medicina.udd.cl\/centro-de-desarrollo-educacional\/files\/2024\/01\/camilo-pavez_color-750x750.jpg 750w, https:\/\/medicina.udd.cl\/centro-de-desarrollo-educacional\/files\/2024\/01\/camilo-pavez_color-250x250.jpg 250w, https:\/\/medicina.udd.cl\/centro-de-desarrollo-educacional\/files\/2024\/01\/camilo-pavez_color-126x126.jpg 126w, https:\/\/medicina.udd.cl\/centro-de-desarrollo-educacional\/files\/2024\/01\/camilo-pavez_color-120x120.jpg 120w\" \/>\t\t\t<\/div>\n\t\t\t\t\t\t<div class=\"person-modal__data\">\n\t\t\t\t<h1 class=\"person-modal__name\">Camilo P\u00e1vez Montt<\/h1>\n\t\t\t\t\t\t\t<span class=\"person-modal__description\">Colaborador Kinesiolog\u00eda <\/span>\n\t\t\t\t\t\t\t\t\t\t\t\t\t\t\t<\/div>\n\t\t<\/div>\n\t<\/header>\n\t<div class=\"modal-container\">\n\t\t\t<div class=\"person-modal__content text\">\n\t\t\t\t\t\t\t\t\t\t<ul>\n<li class=\"MsoNormal\"><span>Coordinador Gesti\u00f3n y Kinesiolog\u00eda en el Centro Integral Apoyo al Deportista (CIAD), Universidad del Desarrollo.<\/span><\/li>\n<li class=\"MsoNormal\"><span>Coordinador de Admisi\u00f3n de la carrera de Kinesiolog\u00eda de la Facultad de Medicina Cl\u00ednica Alemana Universidad del Desarrollo.<\/span><\/li>\n<li class=\"MsoNormal\"><span>Kinesi\u00f3logo de Selecciones Deportivas VIVE UDD.<\/span><\/li>\n<li class=\"MsoNormal\"><span>Kinesi\u00f3logo en el Centro Integral Apoyo al Deportista (CIAD), Universidad del Desarrollo.<\/span><\/li>\n<li class=\"MsoNormal\"><span>Docente \u00e1rea M\u00fasculo-Esquel\u00e9tica de la carrera de Kinesiolog\u00eda de la Facultad de Medicina Cl\u00ednica Alemana Universidad del Desarrollo.<\/span><\/li>\n<\/ul>\n\t\t<\/div>\n\t<\/div>\n<\/div>\n"},"identifier":"4171ad59a07c3b50cb44c4eccf1a669a901b5f17","has_credential":[],"given_name":"Camilo","family_name":"P\u00e1vez Montt","name":"Camilo P\u00e1vez Montt","job_title":"Colaborador Kinesiolog\u00eda ","telephone":"","note":"","im":"","_self_schedule":null,"_links":{"self":[{"href":"https:\/\/medicina.udd.cl\/centro-de-desarrollo-educacional\/wp-json\/wp\/v2\/people\/50739","targetHints":{"allow":["GET"]}}],"collection":[{"href":"https:\/\/medicina.udd.cl\/centro-de-desarrollo-educacional\/wp-json\/wp\/v2\/people"}],"about":[{"href":"https:\/\/medicina.udd.cl\/centro-de-desarrollo-educacional\/wp-json\/wp\/v2\/types\/person"}],"wp:featuredmedia":[{"embeddable":true,"href":"https:\/\/medicina.udd.cl\/centro-de-desarrollo-educacional\/wp-json\/wp\/v2\/media\/50742"}],"wp:attachment":[{"href":"https:\/\/medicina.udd.cl\/centro-de-desarrollo-educacional\/wp-json\/wp\/v2\/media?parent=50739"}],"wp:term":[{"taxonomy":"people_tax","embeddable":true,"href":"https:\/\/medicina.udd.cl\/centro-de-desarrollo-educacional\/wp-json\/wp\/v2\/people_tax?post=50739"},{"taxonomy":"people_areas","embeddable":true,"href":"https:\/\/medicina.udd.cl\/centro-de-desarrollo-educacional\/wp-json\/wp\/v2\/people_areas?post=50739"},{"taxonomy":"people_levels","embeddable":true,"href":"https:\/\/medicina.udd.cl\/centro-de-desarrollo-educacional\/wp-json\/wp\/v2\/people_levels?post=50739"}],"curies":[{"name":"wp","href":"https:\/\/api.w.org\/{rel}","templated":true}]}}

Camilo Pávez Montt

<!-- This site is optimized with the Yoast SEO plugin v26.9 - https://yoast.com/product/yoast-seo-wordpress/ -->
<title>Camilo Pávez Montt - Centro de Desarrollo Educacional</title>
<meta name="robots" content="index, follow, max-snippet:-1, max-image-preview:large, max-video-preview:-1" />
<link rel="canonical" href="https://medicina.udd.cl/centro-de-desarrollo-educacional/persona/camilo-pavez-montt/" />
<meta property="og:locale" content="es_ES" />
<meta property="og:type" content="article" />
<meta property="og:title" content="Camilo Pávez Montt - Centro de Desarrollo Educacional" />
<meta property="og:url" content="https://medicina.udd.cl/centro-de-desarrollo-educacional/persona/camilo-pavez-montt/" />
<meta property="og:site_name" content="Centro de Desarrollo Educacional" />
<meta property="og:image" content="https://medicina.udd.cl/centro-de-desarrollo-educacional/files/2024/01/camilo-pavez_color-scaled.jpg" />
	<meta property="og:image:width" content="2560" />
	<meta property="og:image:height" content="2560" />
	<meta property="og:image:type" content="image/jpeg" />
<meta name="twitter:card" content="summary_large_image" />
<script type="application/ld+json" class="yoast-schema-graph">{"@context":"https://schema.org","@graph":[{"@type":"WebPage","@id":"https://medicina.udd.cl/centro-de-desarrollo-educacional/persona/camilo-pavez-montt/","url":"https://medicina.udd.cl/centro-de-desarrollo-educacional/persona/camilo-pavez-montt/","name":"Camilo Pávez Montt - Centro de Desarrollo Educacional","isPartOf":{"@id":"https://medicina.udd.cl/centro-de-desarrollo-educacional/#website"},"primaryImageOfPage":{"@id":"https://medicina.udd.cl/centro-de-desarrollo-educacional/persona/camilo-pavez-montt/#primaryimage"},"image":{"@id":"https://medicina.udd.cl/centro-de-desarrollo-educacional/persona/camilo-pavez-montt/#primaryimage"},"thumbnailUrl":"https://medicina.udd.cl/centro-de-desarrollo-educacional/files/2024/01/camilo-pavez_color-scaled.jpg","datePublished":"2024-01-24T18:21:39+00:00","breadcrumb":{"@id":"https://medicina.udd.cl/centro-de-desarrollo-educacional/persona/camilo-pavez-montt/#breadcrumb"},"inLanguage":"es","potentialAction":[{"@type":"ReadAction","target":["https://medicina.udd.cl/centro-de-desarrollo-educacional/persona/camilo-pavez-montt/"]}]},{"@type":"ImageObject","inLanguage":"es","@id":"https://medicina.udd.cl/centro-de-desarrollo-educacional/persona/camilo-pavez-montt/#primaryimage","url":"https://medicina.udd.cl/centro-de-desarrollo-educacional/files/2024/01/camilo-pavez_color-scaled.jpg","contentUrl":"https://medicina.udd.cl/centro-de-desarrollo-educacional/files/2024/01/camilo-pavez_color-scaled.jpg","width":2560,"height":2560},{"@type":"BreadcrumbList","@id":"https://medicina.udd.cl/centro-de-desarrollo-educacional/persona/camilo-pavez-montt/#breadcrumb","itemListElement":[{"@type":"ListItem","position":1,"name":"Portada","item":"https://medicina.udd.cl/centro-de-desarrollo-educacional/"},{"@type":"ListItem","position":2,"name":"Personas","item":"https://medicina.udd.cl/centro-de-desarrollo-educacional/persona/"},{"@type":"ListItem","position":3,"name":"Camilo Pávez Montt"}]},{"@type":"WebSite","@id":"https://medicina.udd.cl/centro-de-desarrollo-educacional/#website","url":"https://medicina.udd.cl/centro-de-desarrollo-educacional/","name":"Centro de Desarrollo Educacional","description":"Docencia, apoyo y capacitación en Medicina","inLanguage":"es"}]}</script>
<!-- / Yoast SEO plugin. -->

Camilo Pávez Montt - Centro de Desarrollo Educacional

Docencia, apoyo y capacitación en Medicina

Colaborador Kinesiología

<div class="person-modal person-modal--scl">
	<header class="person-modal__header">
		<div class="person-modal__bg"></div>
		<div class="modal-container">
						<div class="person-modal__media">
				<img width="500" height="500" src="https://medicina.udd.cl/centro-de-desarrollo-educacional/files/2024/01/camilo-pavez_color-62x62.jpg" class="person-modal__image wp-post-image lazyload" alt="" decoding="async" loading="lazy" sizes="auto, (max-width: 500px) 100vw, 500px" data-src="https://medicina.udd.cl/centro-de-desarrollo-educacional/files/2024/01/camilo-pavez_color-500x500.jpg" data-srcset="https://medicina.udd.cl/centro-de-desarrollo-educacional/files/2024/01/camilo-pavez_color-500x500.jpg 500w, https://medicina.udd.cl/centro-de-desarrollo-educacional/files/2024/01/camilo-pavez_color-300x300.jpg 300w, https://medicina.udd.cl/centro-de-desarrollo-educacional/files/2024/01/camilo-pavez_color-1024x1024.jpg 1024w, https://medicina.udd.cl/centro-de-desarrollo-educacional/files/2024/01/camilo-pavez_color-150x150.jpg 150w, https://medicina.udd.cl/centro-de-desarrollo-educacional/files/2024/01/camilo-pavez_color-768x768.jpg 768w, https://medicina.udd.cl/centro-de-desarrollo-educacional/files/2024/01/camilo-pavez_color-62x62.jpg 62w, https://medicina.udd.cl/centro-de-desarrollo-educacional/files/2024/01/camilo-pavez_color-1536x1536.jpg 1536w, https://medicina.udd.cl/centro-de-desarrollo-educacional/files/2024/01/camilo-pavez_color-2048x2048.jpg 2048w, https://medicina.udd.cl/centro-de-desarrollo-educacional/files/2024/01/camilo-pavez_color-750x750.jpg 750w, https://medicina.udd.cl/centro-de-desarrollo-educacional/files/2024/01/camilo-pavez_color-250x250.jpg 250w, https://medicina.udd.cl/centro-de-desarrollo-educacional/files/2024/01/camilo-pavez_color-126x126.jpg 126w, https://medicina.udd.cl/centro-de-desarrollo-educacional/files/2024/01/camilo-pavez_color-120x120.jpg 120w" />			</div>
						<div class="person-modal__data">
				<h1 class="person-modal__name">Camilo Pávez Montt</h1>
							<span class="person-modal__description">Colaborador Kinesiología </span>
															</div>
		</div>
	</header>
	<div class="modal-container">
			<div class="person-modal__content text">
										<ul>
<li class="MsoNormal"><span>Coordinador Gestión y Kinesiología en el Centro Integral Apoyo al Deportista (CIAD), Universidad del Desarrollo.</span></li>
<li class="MsoNormal"><span>Coordinador de Admisión de la carrera de Kinesiología de la Facultad de Medicina Clínica Alemana Universidad del Desarrollo.</span></li>
<li class="MsoNormal"><span>Kinesiólogo de Selecciones Deportivas VIVE UDD.</span></li>
<li class="MsoNormal"><span>Kinesiólogo en el Centro Integral Apoyo al Deportista (CIAD), Universidad del Desarrollo.</span></li>
<li class="MsoNormal"><span>Docente área Músculo-Esquelética de la carrera de Kinesiología de la Facultad de Medicina Clínica Alemana Universidad del Desarrollo.</span></li>
</ul>
		</div>
	</div>
</div>

Pávez Montt
