{"id":51353,"date":"2025-04-11T21:40:43","date_gmt":"2025-04-11T19:40:43","guid":{"rendered":"https:\/\/medicina.udd.cl\/centro-de-desarrollo-educacional\/?post_type=person&#038;p=51353"},"modified":"2025-04-12T01:50:16","modified_gmt":"2025-04-11T23:50:16","slug":"dr-mauricio-toro","status":"publish","type":"person","link":"https:\/\/medicina.udd.cl\/centro-de-desarrollo-educacional\/persona\/dr-mauricio-toro\/","title":{"rendered":"Dr. Mauricio Toro"},"featured_media":51364,"template":"","people_tax":[],"people_areas":[],"people_levels":[],"class_list":["post-51353","person","type-person","status-publish","has-post-thumbnail","hentry"],"yoast_head":"<!-- This site is optimized with the Yoast SEO plugin v26.9 - https:\/\/yoast.com\/product\/yoast-seo-wordpress\/ -->\n<title>Dr. Mauricio Toro - Centro de Desarrollo Educacional<\/title>\n<meta name=\"robots\" content=\"index, follow, max-snippet:-1, max-image-preview:large, max-video-preview:-1\" \/>\n<link rel=\"canonical\" href=\"https:\/\/medicina.udd.cl\/centro-de-desarrollo-educacional\/persona\/dr-mauricio-toro\/\" \/>\n<meta property=\"og:locale\" content=\"es_ES\" \/>\n<meta property=\"og:type\" content=\"article\" \/>\n<meta property=\"og:title\" content=\"Dr. Mauricio Toro - Centro de Desarrollo Educacional\" \/>\n<meta property=\"og:url\" content=\"https:\/\/medicina.udd.cl\/centro-de-desarrollo-educacional\/persona\/dr-mauricio-toro\/\" \/>\n<meta property=\"og:site_name\" content=\"Centro de Desarrollo Educacional\" \/>\n<meta property=\"article:modified_time\" content=\"2025-04-11T23:50:16+00:00\" \/>\n<meta property=\"og:image\" content=\"https:\/\/medicina.udd.cl\/centro-de-desarrollo-educacional\/files\/2025\/04\/mauricio-toro-1.jpg\" \/>\n\t<meta property=\"og:image:width\" content=\"478\" \/>\n\t<meta property=\"og:image:height\" content=\"460\" \/>\n\t<meta property=\"og:image:type\" content=\"image\/jpeg\" \/>\n<meta name=\"twitter:card\" content=\"summary_large_image\" \/>\n<meta name=\"twitter:label1\" content=\"Tiempo de lectura\" \/>\n\t<meta name=\"twitter:data1\" content=\"1 minuto\" \/>\n<script type=\"application\/ld+json\" class=\"yoast-schema-graph\">{\"@context\":\"https:\/\/schema.org\",\"@graph\":[{\"@type\":\"WebPage\",\"@id\":\"https:\/\/medicina.udd.cl\/centro-de-desarrollo-educacional\/persona\/dr-mauricio-toro\/\",\"url\":\"https:\/\/medicina.udd.cl\/centro-de-desarrollo-educacional\/persona\/dr-mauricio-toro\/\",\"name\":\"Dr. Mauricio Toro - Centro de Desarrollo Educacional\",\"isPartOf\":{\"@id\":\"https:\/\/medicina.udd.cl\/centro-de-desarrollo-educacional\/#website\"},\"primaryImageOfPage\":{\"@id\":\"https:\/\/medicina.udd.cl\/centro-de-desarrollo-educacional\/persona\/dr-mauricio-toro\/#primaryimage\"},\"image\":{\"@id\":\"https:\/\/medicina.udd.cl\/centro-de-desarrollo-educacional\/persona\/dr-mauricio-toro\/#primaryimage\"},\"thumbnailUrl\":\"https:\/\/medicina.udd.cl\/centro-de-desarrollo-educacional\/files\/2025\/04\/mauricio-toro-1.jpg\",\"datePublished\":\"2025-04-11T19:40:43+00:00\",\"dateModified\":\"2025-04-11T23:50:16+00:00\",\"breadcrumb\":{\"@id\":\"https:\/\/medicina.udd.cl\/centro-de-desarrollo-educacional\/persona\/dr-mauricio-toro\/#breadcrumb\"},\"inLanguage\":\"es\",\"potentialAction\":[{\"@type\":\"ReadAction\",\"target\":[\"https:\/\/medicina.udd.cl\/centro-de-desarrollo-educacional\/persona\/dr-mauricio-toro\/\"]}]},{\"@type\":\"ImageObject\",\"inLanguage\":\"es\",\"@id\":\"https:\/\/medicina.udd.cl\/centro-de-desarrollo-educacional\/persona\/dr-mauricio-toro\/#primaryimage\",\"url\":\"https:\/\/medicina.udd.cl\/centro-de-desarrollo-educacional\/files\/2025\/04\/mauricio-toro-1.jpg\",\"contentUrl\":\"https:\/\/medicina.udd.cl\/centro-de-desarrollo-educacional\/files\/2025\/04\/mauricio-toro-1.jpg\",\"width\":478,\"height\":460},{\"@type\":\"BreadcrumbList\",\"@id\":\"https:\/\/medicina.udd.cl\/centro-de-desarrollo-educacional\/persona\/dr-mauricio-toro\/#breadcrumb\",\"itemListElement\":[{\"@type\":\"ListItem\",\"position\":1,\"name\":\"Portada\",\"item\":\"https:\/\/medicina.udd.cl\/centro-de-desarrollo-educacional\/\"},{\"@type\":\"ListItem\",\"position\":2,\"name\":\"Personas\",\"item\":\"https:\/\/medicina.udd.cl\/centro-de-desarrollo-educacional\/persona\/\"},{\"@type\":\"ListItem\",\"position\":3,\"name\":\"Dr. Mauricio Toro\"}]},{\"@type\":\"WebSite\",\"@id\":\"https:\/\/medicina.udd.cl\/centro-de-desarrollo-educacional\/#website\",\"url\":\"https:\/\/medicina.udd.cl\/centro-de-desarrollo-educacional\/\",\"name\":\"Centro de Desarrollo Educacional\",\"description\":\"Docencia, apoyo y capacitaci\u00f3n en Medicina\",\"inLanguage\":\"es\"}]}<\/script>\n<!-- \/ Yoast SEO plugin. -->","yoast_head_json":{"title":"Dr. Mauricio Toro - Centro de Desarrollo Educacional","robots":{"index":"index","follow":"follow","max-snippet":"max-snippet:-1","max-image-preview":"max-image-preview:large","max-video-preview":"max-video-preview:-1"},"canonical":"https:\/\/medicina.udd.cl\/centro-de-desarrollo-educacional\/persona\/dr-mauricio-toro\/","og_locale":"es_ES","og_type":"article","og_title":"Dr. Mauricio Toro - Centro de Desarrollo Educacional","og_url":"https:\/\/medicina.udd.cl\/centro-de-desarrollo-educacional\/persona\/dr-mauricio-toro\/","og_site_name":"Centro de Desarrollo Educacional","article_modified_time":"2025-04-11T23:50:16+00:00","og_image":[{"width":478,"height":460,"url":"https:\/\/medicina.udd.cl\/centro-de-desarrollo-educacional\/files\/2025\/04\/mauricio-toro-1.jpg","type":"image\/jpeg"}],"twitter_card":"summary_large_image","twitter_misc":{"Tiempo de lectura":"1 minuto"},"schema":{"@context":"https:\/\/schema.org","@graph":[{"@type":"WebPage","@id":"https:\/\/medicina.udd.cl\/centro-de-desarrollo-educacional\/persona\/dr-mauricio-toro\/","url":"https:\/\/medicina.udd.cl\/centro-de-desarrollo-educacional\/persona\/dr-mauricio-toro\/","name":"Dr. Mauricio Toro - Centro de Desarrollo Educacional","isPartOf":{"@id":"https:\/\/medicina.udd.cl\/centro-de-desarrollo-educacional\/#website"},"primaryImageOfPage":{"@id":"https:\/\/medicina.udd.cl\/centro-de-desarrollo-educacional\/persona\/dr-mauricio-toro\/#primaryimage"},"image":{"@id":"https:\/\/medicina.udd.cl\/centro-de-desarrollo-educacional\/persona\/dr-mauricio-toro\/#primaryimage"},"thumbnailUrl":"https:\/\/medicina.udd.cl\/centro-de-desarrollo-educacional\/files\/2025\/04\/mauricio-toro-1.jpg","datePublished":"2025-04-11T19:40:43+00:00","dateModified":"2025-04-11T23:50:16+00:00","breadcrumb":{"@id":"https:\/\/medicina.udd.cl\/centro-de-desarrollo-educacional\/persona\/dr-mauricio-toro\/#breadcrumb"},"inLanguage":"es","potentialAction":[{"@type":"ReadAction","target":["https:\/\/medicina.udd.cl\/centro-de-desarrollo-educacional\/persona\/dr-mauricio-toro\/"]}]},{"@type":"ImageObject","inLanguage":"es","@id":"https:\/\/medicina.udd.cl\/centro-de-desarrollo-educacional\/persona\/dr-mauricio-toro\/#primaryimage","url":"https:\/\/medicina.udd.cl\/centro-de-desarrollo-educacional\/files\/2025\/04\/mauricio-toro-1.jpg","contentUrl":"https:\/\/medicina.udd.cl\/centro-de-desarrollo-educacional\/files\/2025\/04\/mauricio-toro-1.jpg","width":478,"height":460},{"@type":"BreadcrumbList","@id":"https:\/\/medicina.udd.cl\/centro-de-desarrollo-educacional\/persona\/dr-mauricio-toro\/#breadcrumb","itemListElement":[{"@type":"ListItem","position":1,"name":"Portada","item":"https:\/\/medicina.udd.cl\/centro-de-desarrollo-educacional\/"},{"@type":"ListItem","position":2,"name":"Personas","item":"https:\/\/medicina.udd.cl\/centro-de-desarrollo-educacional\/persona\/"},{"@type":"ListItem","position":3,"name":"Dr. Mauricio Toro"}]},{"@type":"WebSite","@id":"https:\/\/medicina.udd.cl\/centro-de-desarrollo-educacional\/#website","url":"https:\/\/medicina.udd.cl\/centro-de-desarrollo-educacional\/","name":"Centro de Desarrollo Educacional","description":"Docencia, apoyo y capacitaci\u00f3n en Medicina","inLanguage":"es"}]}},"label":"Dr. Mauricio Toro","role":false,"thumbnail_url":"https:\/\/medicina.udd.cl\/centro-de-desarrollo-educacional\/files\/2025\/04\/mauricio-toro-1.jpg","email":"","tel_job":"","content":{"rendered":"<div class=\"person-modal person-modal--scl\">\n\t<header class=\"person-modal__header\">\n\t\t<div class=\"person-modal__bg\"><\/div>\n\t\t<div class=\"modal-container\">\n\t\t\t\t\t\t<div class=\"person-modal__media\">\n\t\t\t\t<img width=\"478\" height=\"460\" src=\"https:\/\/medicina.udd.cl\/centro-de-desarrollo-educacional\/files\/2025\/04\/mauricio-toro-1-62x62.jpg\" class=\"person-modal__image wp-post-image lazyload\" alt=\"\" decoding=\"async\" loading=\"lazy\" sizes=\"auto, (max-width: 478px) 100vw, 478px\" data-src=\"https:\/\/medicina.udd.cl\/centro-de-desarrollo-educacional\/files\/2025\/04\/mauricio-toro-1.jpg\" data-srcset=\"https:\/\/medicina.udd.cl\/centro-de-desarrollo-educacional\/files\/2025\/04\/mauricio-toro-1.jpg 478w, https:\/\/medicina.udd.cl\/centro-de-desarrollo-educacional\/files\/2025\/04\/mauricio-toro-1-300x289.jpg 300w\" \/>\t\t\t<\/div>\n\t\t\t\t\t\t<div class=\"person-modal__data\">\n\t\t\t\t<h1 class=\"person-modal__name\">Dr. Mauricio Toro<\/h1>\n\t\t\t\t\t\t\t\t\t\t\t\t\t\t\t<\/div>\n\t\t<\/div>\n\t<\/header>\n\t<div class=\"modal-container\">\n\t\t\t<div class=\"person-modal__content text\">\n\t\t\t\t\t\t\t\t\t\t<ul>\n<li class=\"MsoNormal\"><span>M\u00e9dico Cirujano, Pontificia Universidad Cat\u00f3lica de Chile,1985<\/span><\/li>\n<li class=\"MsoNormal\"><span>M\u00e9dico Internista, Pontificia Universidad Cat\u00f3lica de Chile,1988<\/span><\/li>\n<li class=\"MsoNormal\"><span>Mag\u00edster en Bio\u00e9tica, Pontificia Universidad Cat\u00f3lica de Chile.<\/span><\/li>\n<li class=\"MsoNormal\"><span>Mag\u00edster en Filosof\u00eda Aplicada<\/span><\/li>\n<\/ul>\n\t\t<\/div>\n\t<\/div>\n<\/div>\n"},"identifier":"e9999ed13df27017dc59428b1b40feea2ef11303","has_credential":[],"given_name":"Dr. Mauricio","family_name":"Toro","name":"Dr. Mauricio Toro","job_title":"","telephone":"","note":"","im":"","_self_schedule":null,"_links":{"self":[{"href":"https:\/\/medicina.udd.cl\/centro-de-desarrollo-educacional\/wp-json\/wp\/v2\/people\/51353","targetHints":{"allow":["GET"]}}],"collection":[{"href":"https:\/\/medicina.udd.cl\/centro-de-desarrollo-educacional\/wp-json\/wp\/v2\/people"}],"about":[{"href":"https:\/\/medicina.udd.cl\/centro-de-desarrollo-educacional\/wp-json\/wp\/v2\/types\/person"}],"wp:featuredmedia":[{"embeddable":true,"href":"https:\/\/medicina.udd.cl\/centro-de-desarrollo-educacional\/wp-json\/wp\/v2\/media\/51364"}],"wp:attachment":[{"href":"https:\/\/medicina.udd.cl\/centro-de-desarrollo-educacional\/wp-json\/wp\/v2\/media?parent=51353"}],"wp:term":[{"taxonomy":"people_tax","embeddable":true,"href":"https:\/\/medicina.udd.cl\/centro-de-desarrollo-educacional\/wp-json\/wp\/v2\/people_tax?post=51353"},{"taxonomy":"people_areas","embeddable":true,"href":"https:\/\/medicina.udd.cl\/centro-de-desarrollo-educacional\/wp-json\/wp\/v2\/people_areas?post=51353"},{"taxonomy":"people_levels","embeddable":true,"href":"https:\/\/medicina.udd.cl\/centro-de-desarrollo-educacional\/wp-json\/wp\/v2\/people_levels?post=51353"}],"curies":[{"name":"wp","href":"https:\/\/api.w.org\/{rel}","templated":true}]}}

<!-- This site is optimized with the Yoast SEO plugin v26.9 - https://yoast.com/product/yoast-seo-wordpress/ -->
<title>Dr. Mauricio Toro - Centro de Desarrollo Educacional</title>
<meta name="robots" content="index, follow, max-snippet:-1, max-image-preview:large, max-video-preview:-1" />
<link rel="canonical" href="https://medicina.udd.cl/centro-de-desarrollo-educacional/persona/dr-mauricio-toro/" />
<meta property="og:locale" content="es_ES" />
<meta property="og:type" content="article" />
<meta property="og:title" content="Dr. Mauricio Toro - Centro de Desarrollo Educacional" />
<meta property="og:url" content="https://medicina.udd.cl/centro-de-desarrollo-educacional/persona/dr-mauricio-toro/" />
<meta property="og:site_name" content="Centro de Desarrollo Educacional" />
<meta property="article:modified_time" content="2025-04-11T23:50:16+00:00" />
<meta property="og:image" content="https://medicina.udd.cl/centro-de-desarrollo-educacional/files/2025/04/mauricio-toro-1.jpg" />
	<meta property="og:image:width" content="478" />
	<meta property="og:image:height" content="460" />
	<meta property="og:image:type" content="image/jpeg" />
<meta name="twitter:card" content="summary_large_image" />
<meta name="twitter:label1" content="Tiempo de lectura" />
	<meta name="twitter:data1" content="1 minuto" />
<script type="application/ld+json" class="yoast-schema-graph">{"@context":"https://schema.org","@graph":[{"@type":"WebPage","@id":"https://medicina.udd.cl/centro-de-desarrollo-educacional/persona/dr-mauricio-toro/","url":"https://medicina.udd.cl/centro-de-desarrollo-educacional/persona/dr-mauricio-toro/","name":"Dr. Mauricio Toro - Centro de Desarrollo Educacional","isPartOf":{"@id":"https://medicina.udd.cl/centro-de-desarrollo-educacional/#website"},"primaryImageOfPage":{"@id":"https://medicina.udd.cl/centro-de-desarrollo-educacional/persona/dr-mauricio-toro/#primaryimage"},"image":{"@id":"https://medicina.udd.cl/centro-de-desarrollo-educacional/persona/dr-mauricio-toro/#primaryimage"},"thumbnailUrl":"https://medicina.udd.cl/centro-de-desarrollo-educacional/files/2025/04/mauricio-toro-1.jpg","datePublished":"2025-04-11T19:40:43+00:00","dateModified":"2025-04-11T23:50:16+00:00","breadcrumb":{"@id":"https://medicina.udd.cl/centro-de-desarrollo-educacional/persona/dr-mauricio-toro/#breadcrumb"},"inLanguage":"es","potentialAction":[{"@type":"ReadAction","target":["https://medicina.udd.cl/centro-de-desarrollo-educacional/persona/dr-mauricio-toro/"]}]},{"@type":"ImageObject","inLanguage":"es","@id":"https://medicina.udd.cl/centro-de-desarrollo-educacional/persona/dr-mauricio-toro/#primaryimage","url":"https://medicina.udd.cl/centro-de-desarrollo-educacional/files/2025/04/mauricio-toro-1.jpg","contentUrl":"https://medicina.udd.cl/centro-de-desarrollo-educacional/files/2025/04/mauricio-toro-1.jpg","width":478,"height":460},{"@type":"BreadcrumbList","@id":"https://medicina.udd.cl/centro-de-desarrollo-educacional/persona/dr-mauricio-toro/#breadcrumb","itemListElement":[{"@type":"ListItem","position":1,"name":"Portada","item":"https://medicina.udd.cl/centro-de-desarrollo-educacional/"},{"@type":"ListItem","position":2,"name":"Personas","item":"https://medicina.udd.cl/centro-de-desarrollo-educacional/persona/"},{"@type":"ListItem","position":3,"name":"Dr. Mauricio Toro"}]},{"@type":"WebSite","@id":"https://medicina.udd.cl/centro-de-desarrollo-educacional/#website","url":"https://medicina.udd.cl/centro-de-desarrollo-educacional/","name":"Centro de Desarrollo Educacional","description":"Docencia, apoyo y capacitación en Medicina","inLanguage":"es"}]}</script>
<!-- / Yoast SEO plugin. -->

Docencia, apoyo y capacitación en Medicina

<div class="person-modal person-modal--scl">
	<header class="person-modal__header">
		<div class="person-modal__bg"></div>
		<div class="modal-container">
						<div class="person-modal__media">
				<img width="478" height="460" src="https://medicina.udd.cl/centro-de-desarrollo-educacional/files/2025/04/mauricio-toro-1-62x62.jpg" class="person-modal__image wp-post-image lazyload" alt="" decoding="async" loading="lazy" sizes="auto, (max-width: 478px) 100vw, 478px" data-src="https://medicina.udd.cl/centro-de-desarrollo-educacional/files/2025/04/mauricio-toro-1.jpg" data-srcset="https://medicina.udd.cl/centro-de-desarrollo-educacional/files/2025/04/mauricio-toro-1.jpg 478w, https://medicina.udd.cl/centro-de-desarrollo-educacional/files/2025/04/mauricio-toro-1-300x289.jpg 300w" />			</div>
						<div class="person-modal__data">
				<h1 class="person-modal__name">Dr. Mauricio Toro</h1>
															</div>
		</div>
	</header>
	<div class="modal-container">
			<div class="person-modal__content text">
										<ul>
<li class="MsoNormal"><span>Médico Cirujano, Pontificia Universidad Católica de Chile,1985</span></li>
<li class="MsoNormal"><span>Médico Internista, Pontificia Universidad Católica de Chile,1988</span></li>
<li class="MsoNormal"><span>Magíster en Bioética, Pontificia Universidad Católica de Chile.</span></li>
<li class="MsoNormal"><span>Magíster en Filosofía Aplicada</span></li>
</ul>
		</div>
	</div>
</div>
