{"id":605,"date":"2013-07-27T16:40:11","date_gmt":"2013-07-27T20:40:11","guid":{"rendered":"http:\/\/medicina.udd.cl\/centro-epidemiologia-politicas-salud\/calendario\/dia-mundial-del-paludismo-malaria\/"},"modified":"2013-07-27T16:40:11","modified_gmt":"2013-07-27T20:40:11","slug":"dia-mundial-del-paludismo-malaria","status":"publish","type":"event","link":"https:\/\/medicina.udd.cl\/centro-epidemiologia-politicas-salud\/eventos\/dia-mundial-del-paludismo-malaria\/","title":{"rendered":"D\u00eda Mundial del Paludismo (malaria)"},"content":{"rendered":"<p><span>La malaria sigue amenazando al 40% de la poblaci&oacute;n mundial. Su par&aacute;sito infecta a m&aacute;s de 500 millones de personas cada a&ntilde;o y causa la muerte de m&aacute;s de 1 mill&oacute;n. El &Aacute;frica subsahariana soporta la mayor carga de paludismo, pero la enfermedad tambi&eacute;n afecta a Asia, Am&eacute;rica Latina, el Oriente Medio e incluso a partes de Europa. <\/span><\/p>\n","protected":false},"author":1,"featured_media":0,"template":"","locations":[4021,4020],"events-tax":[4032],"class_list":["post-605","event","type-event","status-publish","hentry","locations-concepcion","locations-santiago","events_tax-academico"],"yoast_head":"<!-- This site is optimized with the Yoast SEO plugin v26.9 - https:\/\/yoast.com\/product\/yoast-seo-wordpress\/ -->\n<title>D\u00eda Mundial del Paludismo (malaria) - Centro de Epidemiolog\u00eda y Pol\u00edticas de Salud<\/title>\n<meta name=\"robots\" content=\"index, follow, max-snippet:-1, max-image-preview:large, max-video-preview:-1\" \/>\n<link rel=\"canonical\" href=\"https:\/\/medicina.udd.cl\/centro-epidemiologia-politicas-salud\/eventos\/dia-mundial-del-paludismo-malaria\/\" \/>\n<meta property=\"og:locale\" content=\"es_ES\" \/>\n<meta property=\"og:type\" content=\"article\" \/>\n<meta property=\"og:title\" content=\"D\u00eda Mundial del Paludismo (malaria) - Centro de Epidemiolog\u00eda y Pol\u00edticas de Salud\" \/>\n<meta property=\"og:description\" content=\"Organizaci\u00f3n Mundial de la Salud\" \/>\n<meta property=\"og:url\" content=\"https:\/\/medicina.udd.cl\/centro-epidemiologia-politicas-salud\/eventos\/dia-mundial-del-paludismo-malaria\/\" \/>\n<meta property=\"og:site_name\" content=\"Centro de Epidemiolog\u00eda y Pol\u00edticas de Salud\" \/>\n<script type=\"application\/ld+json\" class=\"yoast-schema-graph\">{\"@context\":\"https:\/\/schema.org\",\"@graph\":[{\"@type\":\"WebPage\",\"@id\":\"https:\/\/medicina.udd.cl\/centro-epidemiologia-politicas-salud\/eventos\/dia-mundial-del-paludismo-malaria\/\",\"url\":\"https:\/\/medicina.udd.cl\/centro-epidemiologia-politicas-salud\/eventos\/dia-mundial-del-paludismo-malaria\/\",\"name\":\"D\u00eda Mundial del Paludismo (malaria) - Centro de Epidemiolog\u00eda y Pol\u00edticas de Salud\",\"isPartOf\":{\"@id\":\"https:\/\/medicina.udd.cl\/centro-epidemiologia-politicas-salud\/#website\"},\"datePublished\":\"2013-07-27T20:40:11+00:00\",\"breadcrumb\":{\"@id\":\"https:\/\/medicina.udd.cl\/centro-epidemiologia-politicas-salud\/eventos\/dia-mundial-del-paludismo-malaria\/#breadcrumb\"},\"inLanguage\":\"es\",\"potentialAction\":[{\"@type\":\"ReadAction\",\"target\":[\"https:\/\/medicina.udd.cl\/centro-epidemiologia-politicas-salud\/eventos\/dia-mundial-del-paludismo-malaria\/\"]}]},{\"@type\":\"BreadcrumbList\",\"@id\":\"https:\/\/medicina.udd.cl\/centro-epidemiologia-politicas-salud\/eventos\/dia-mundial-del-paludismo-malaria\/#breadcrumb\",\"itemListElement\":[{\"@type\":\"ListItem\",\"position\":1,\"name\":\"Inicio\",\"item\":\"https:\/\/medicina.udd.cl\/centro-epidemiologia-politicas-salud\/\"},{\"@type\":\"ListItem\",\"position\":2,\"name\":\"Eventos\",\"item\":\"https:\/\/medicina.udd.cl\/centro-epidemiologia-politicas-salud\/eventos\/\"},{\"@type\":\"ListItem\",\"position\":3,\"name\":\"D\u00eda Mundial del Paludismo (malaria)\"}]},{\"@type\":\"WebSite\",\"@id\":\"https:\/\/medicina.udd.cl\/centro-epidemiologia-politicas-salud\/#website\",\"url\":\"https:\/\/medicina.udd.cl\/centro-epidemiologia-politicas-salud\/\",\"name\":\"Centro de Epidemiolog\u00eda y Pol\u00edticas de Salud\",\"description\":\"Otro blog m\u00e1s de Medicina\",\"inLanguage\":\"es\"}]}<\/script>\n<!-- \/ Yoast SEO plugin. -->","yoast_head_json":{"title":"D\u00eda Mundial del Paludismo (malaria) - Centro de Epidemiolog\u00eda y Pol\u00edticas de Salud","robots":{"index":"index","follow":"follow","max-snippet":"max-snippet:-1","max-image-preview":"max-image-preview:large","max-video-preview":"max-video-preview:-1"},"canonical":"https:\/\/medicina.udd.cl\/centro-epidemiologia-politicas-salud\/eventos\/dia-mundial-del-paludismo-malaria\/","og_locale":"es_ES","og_type":"article","og_title":"D\u00eda Mundial del Paludismo (malaria) - Centro de Epidemiolog\u00eda y Pol\u00edticas de Salud","og_description":"Organizaci\u00f3n Mundial de la Salud","og_url":"https:\/\/medicina.udd.cl\/centro-epidemiologia-politicas-salud\/eventos\/dia-mundial-del-paludismo-malaria\/","og_site_name":"Centro de Epidemiolog\u00eda y Pol\u00edticas de Salud","schema":{"@context":"https:\/\/schema.org","@graph":[{"@type":"WebPage","@id":"https:\/\/medicina.udd.cl\/centro-epidemiologia-politicas-salud\/eventos\/dia-mundial-del-paludismo-malaria\/","url":"https:\/\/medicina.udd.cl\/centro-epidemiologia-politicas-salud\/eventos\/dia-mundial-del-paludismo-malaria\/","name":"D\u00eda Mundial del Paludismo (malaria) - Centro de Epidemiolog\u00eda y Pol\u00edticas de Salud","isPartOf":{"@id":"https:\/\/medicina.udd.cl\/centro-epidemiologia-politicas-salud\/#website"},"datePublished":"2013-07-27T20:40:11+00:00","breadcrumb":{"@id":"https:\/\/medicina.udd.cl\/centro-epidemiologia-politicas-salud\/eventos\/dia-mundial-del-paludismo-malaria\/#breadcrumb"},"inLanguage":"es","potentialAction":[{"@type":"ReadAction","target":["https:\/\/medicina.udd.cl\/centro-epidemiologia-politicas-salud\/eventos\/dia-mundial-del-paludismo-malaria\/"]}]},{"@type":"BreadcrumbList","@id":"https:\/\/medicina.udd.cl\/centro-epidemiologia-politicas-salud\/eventos\/dia-mundial-del-paludismo-malaria\/#breadcrumb","itemListElement":[{"@type":"ListItem","position":1,"name":"Inicio","item":"https:\/\/medicina.udd.cl\/centro-epidemiologia-politicas-salud\/"},{"@type":"ListItem","position":2,"name":"Eventos","item":"https:\/\/medicina.udd.cl\/centro-epidemiologia-politicas-salud\/eventos\/"},{"@type":"ListItem","position":3,"name":"D\u00eda Mundial del Paludismo (malaria)"}]},{"@type":"WebSite","@id":"https:\/\/medicina.udd.cl\/centro-epidemiologia-politicas-salud\/#website","url":"https:\/\/medicina.udd.cl\/centro-epidemiologia-politicas-salud\/","name":"Centro de Epidemiolog\u00eda y Pol\u00edticas de Salud","description":"Otro blog m\u00e1s de Medicina","inLanguage":"es"}]}},"dtstart":"2012-04-25T00:00:00-03:00","dtend":"2012-04-25T00:00:00-03:00","full_day":false,"attendance_mode":"","_links":{"self":[{"href":"https:\/\/medicina.udd.cl\/centro-epidemiologia-politicas-salud\/wp-json\/wp\/v2\/events\/605","targetHints":{"allow":["GET"]}}],"collection":[{"href":"https:\/\/medicina.udd.cl\/centro-epidemiologia-politicas-salud\/wp-json\/wp\/v2\/events"}],"about":[{"href":"https:\/\/medicina.udd.cl\/centro-epidemiologia-politicas-salud\/wp-json\/wp\/v2\/types\/event"}],"author":[{"embeddable":true,"href":"https:\/\/medicina.udd.cl\/centro-epidemiologia-politicas-salud\/wp-json\/wp\/v2\/users\/1"}],"version-history":[{"count":0,"href":"https:\/\/medicina.udd.cl\/centro-epidemiologia-politicas-salud\/wp-json\/wp\/v2\/events\/605\/revisions"}],"wp:attachment":[{"href":"https:\/\/medicina.udd.cl\/centro-epidemiologia-politicas-salud\/wp-json\/wp\/v2\/media?parent=605"}],"wp:term":[{"taxonomy":"locations","embeddable":true,"href":"https:\/\/medicina.udd.cl\/centro-epidemiologia-politicas-salud\/wp-json\/wp\/v2\/locations?post=605"},{"taxonomy":"events_tax","embeddable":true,"href":"https:\/\/medicina.udd.cl\/centro-epidemiologia-politicas-salud\/wp-json\/wp\/v2\/events-tax?post=605"}],"curies":[{"name":"wp","href":"https:\/\/api.w.org\/{rel}","templated":true}]}}

Día Mundial del Paludismo (malaria)

<!-- This site is optimized with the Yoast SEO plugin v26.9 - https://yoast.com/product/yoast-seo-wordpress/ -->
<title>Día Mundial del Paludismo (malaria) - Centro de Epidemiología y Políticas de Salud</title>
<meta name="robots" content="index, follow, max-snippet:-1, max-image-preview:large, max-video-preview:-1" />
<link rel="canonical" href="https://medicina.udd.cl/centro-epidemiologia-politicas-salud/eventos/dia-mundial-del-paludismo-malaria/" />
<meta property="og:locale" content="es_ES" />
<meta property="og:type" content="article" />
<meta property="og:title" content="Día Mundial del Paludismo (malaria) - Centro de Epidemiología y Políticas de Salud" />
<meta property="og:description" content="Organización Mundial de la Salud" />
<meta property="og:url" content="https://medicina.udd.cl/centro-epidemiologia-politicas-salud/eventos/dia-mundial-del-paludismo-malaria/" />
<meta property="og:site_name" content="Centro de Epidemiología y Políticas de Salud" />
<script type="application/ld+json" class="yoast-schema-graph">{"@context":"https://schema.org","@graph":[{"@type":"WebPage","@id":"https://medicina.udd.cl/centro-epidemiologia-politicas-salud/eventos/dia-mundial-del-paludismo-malaria/","url":"https://medicina.udd.cl/centro-epidemiologia-politicas-salud/eventos/dia-mundial-del-paludismo-malaria/","name":"Día Mundial del Paludismo (malaria) - Centro de Epidemiología y Políticas de Salud","isPartOf":{"@id":"https://medicina.udd.cl/centro-epidemiologia-politicas-salud/#website"},"datePublished":"2013-07-27T20:40:11+00:00","breadcrumb":{"@id":"https://medicina.udd.cl/centro-epidemiologia-politicas-salud/eventos/dia-mundial-del-paludismo-malaria/#breadcrumb"},"inLanguage":"es","potentialAction":[{"@type":"ReadAction","target":["https://medicina.udd.cl/centro-epidemiologia-politicas-salud/eventos/dia-mundial-del-paludismo-malaria/"]}]},{"@type":"BreadcrumbList","@id":"https://medicina.udd.cl/centro-epidemiologia-politicas-salud/eventos/dia-mundial-del-paludismo-malaria/#breadcrumb","itemListElement":[{"@type":"ListItem","position":1,"name":"Inicio","item":"https://medicina.udd.cl/centro-epidemiologia-politicas-salud/"},{"@type":"ListItem","position":2,"name":"Eventos","item":"https://medicina.udd.cl/centro-epidemiologia-politicas-salud/eventos/"},{"@type":"ListItem","position":3,"name":"Día Mundial del Paludismo (malaria)"}]},{"@type":"WebSite","@id":"https://medicina.udd.cl/centro-epidemiologia-politicas-salud/#website","url":"https://medicina.udd.cl/centro-epidemiologia-politicas-salud/","name":"Centro de Epidemiología y Políticas de Salud","description":"Otro blog más de Medicina","inLanguage":"es"}]}</script>
<!-- / Yoast SEO plugin. -->

Día Mundial del Paludismo (malaria) - Centro de Epidemiología y Políticas de Salud

Organización Mundial de la Salud

Centro de Epidemiología y Políticas de Salud

Otro blog más de Medicina
