{"id":606,"date":"2013-07-27T16:40:11","date_gmt":"2013-07-27T20:40:11","guid":{"rendered":"http:\/\/medicina.udd.cl\/centro-epidemiologia-politicas-salud\/calendario\/dia-mundial-de-la-asistencia-humanitaria\/"},"modified":"2013-07-27T16:40:11","modified_gmt":"2013-07-27T20:40:11","slug":"dia-mundial-de-la-asistencia-humanitaria","status":"publish","type":"event","link":"https:\/\/medicina.udd.cl\/centro-epidemiologia-politicas-salud\/eventos\/dia-mundial-de-la-asistencia-humanitaria\/","title":{"rendered":"D\u00eda Mundial de la Asistencia Humanitaria"},"content":{"rendered":"<p><span>Los desastres naturales, los conflictos y otras emergencias ponen en peligro la vida y la salud de millones de personas cada a&ntilde;o. En medio de esas crisis, miles de trabajadores humanitarios dedicados luchan para cuidar a los afectados y ayudar a las autoridades locales a prestarles asistencia. En el D&iacute;a Mundial de la Asistencia Humanitaria, la OMS y otros organismos internacionales ponen en destaque la labor de los trabajadores humanitarios y rinden homenaje a aquellos que han muerto o recibido heridas mientras cumpl&iacute;an su funci&oacute;n esencial. El tema de este a&ntilde;o es \u00abSomos personal de asistencia humanitaria\u00bb. Para celebrar el D&iacute;a habr&aacute; eventos en la Sede de las Naciones Unidas en Nueva York, en el centro de Ginebra y en otros lugares.<\/span><\/p>\n","protected":false},"author":1,"featured_media":0,"template":"","locations":[4021,4020],"events-tax":[4032],"class_list":["post-606","event","type-event","status-publish","hentry","locations-concepcion","locations-santiago","events_tax-academico"],"yoast_head":"<!-- This site is optimized with the Yoast SEO plugin v26.9 - https:\/\/yoast.com\/product\/yoast-seo-wordpress\/ -->\n<title>D\u00eda Mundial de la Asistencia Humanitaria - Centro de Epidemiolog\u00eda y Pol\u00edticas de Salud<\/title>\n<meta name=\"robots\" content=\"index, follow, max-snippet:-1, max-image-preview:large, max-video-preview:-1\" \/>\n<link rel=\"canonical\" href=\"https:\/\/medicina.udd.cl\/centro-epidemiologia-politicas-salud\/eventos\/dia-mundial-de-la-asistencia-humanitaria\/\" \/>\n<meta property=\"og:locale\" content=\"es_ES\" \/>\n<meta property=\"og:type\" content=\"article\" \/>\n<meta property=\"og:title\" content=\"D\u00eda Mundial de la Asistencia Humanitaria - Centro de Epidemiolog\u00eda y Pol\u00edticas de Salud\" \/>\n<meta property=\"og:description\" content=\"Organizaci\u00f3n Mundial de la Salud\" \/>\n<meta property=\"og:url\" content=\"https:\/\/medicina.udd.cl\/centro-epidemiologia-politicas-salud\/eventos\/dia-mundial-de-la-asistencia-humanitaria\/\" \/>\n<meta property=\"og:site_name\" content=\"Centro de Epidemiolog\u00eda y Pol\u00edticas de Salud\" \/>\n<meta name=\"twitter:label1\" content=\"Tiempo de lectura\" \/>\n\t<meta name=\"twitter:data1\" content=\"1 minuto\" \/>\n<script type=\"application\/ld+json\" class=\"yoast-schema-graph\">{\"@context\":\"https:\/\/schema.org\",\"@graph\":[{\"@type\":\"WebPage\",\"@id\":\"https:\/\/medicina.udd.cl\/centro-epidemiologia-politicas-salud\/eventos\/dia-mundial-de-la-asistencia-humanitaria\/\",\"url\":\"https:\/\/medicina.udd.cl\/centro-epidemiologia-politicas-salud\/eventos\/dia-mundial-de-la-asistencia-humanitaria\/\",\"name\":\"D\u00eda Mundial de la Asistencia Humanitaria - Centro de Epidemiolog\u00eda y Pol\u00edticas de Salud\",\"isPartOf\":{\"@id\":\"https:\/\/medicina.udd.cl\/centro-epidemiologia-politicas-salud\/#website\"},\"datePublished\":\"2013-07-27T20:40:11+00:00\",\"breadcrumb\":{\"@id\":\"https:\/\/medicina.udd.cl\/centro-epidemiologia-politicas-salud\/eventos\/dia-mundial-de-la-asistencia-humanitaria\/#breadcrumb\"},\"inLanguage\":\"es\",\"potentialAction\":[{\"@type\":\"ReadAction\",\"target\":[\"https:\/\/medicina.udd.cl\/centro-epidemiologia-politicas-salud\/eventos\/dia-mundial-de-la-asistencia-humanitaria\/\"]}]},{\"@type\":\"BreadcrumbList\",\"@id\":\"https:\/\/medicina.udd.cl\/centro-epidemiologia-politicas-salud\/eventos\/dia-mundial-de-la-asistencia-humanitaria\/#breadcrumb\",\"itemListElement\":[{\"@type\":\"ListItem\",\"position\":1,\"name\":\"Inicio\",\"item\":\"https:\/\/medicina.udd.cl\/centro-epidemiologia-politicas-salud\/\"},{\"@type\":\"ListItem\",\"position\":2,\"name\":\"Eventos\",\"item\":\"https:\/\/medicina.udd.cl\/centro-epidemiologia-politicas-salud\/eventos\/\"},{\"@type\":\"ListItem\",\"position\":3,\"name\":\"D\u00eda Mundial de la Asistencia Humanitaria\"}]},{\"@type\":\"WebSite\",\"@id\":\"https:\/\/medicina.udd.cl\/centro-epidemiologia-politicas-salud\/#website\",\"url\":\"https:\/\/medicina.udd.cl\/centro-epidemiologia-politicas-salud\/\",\"name\":\"Centro de Epidemiolog\u00eda y Pol\u00edticas de Salud\",\"description\":\"Otro blog m\u00e1s de Medicina\",\"inLanguage\":\"es\"}]}<\/script>\n<!-- \/ Yoast SEO plugin. -->","yoast_head_json":{"title":"D\u00eda Mundial de la Asistencia Humanitaria - Centro de Epidemiolog\u00eda y Pol\u00edticas de Salud","robots":{"index":"index","follow":"follow","max-snippet":"max-snippet:-1","max-image-preview":"max-image-preview:large","max-video-preview":"max-video-preview:-1"},"canonical":"https:\/\/medicina.udd.cl\/centro-epidemiologia-politicas-salud\/eventos\/dia-mundial-de-la-asistencia-humanitaria\/","og_locale":"es_ES","og_type":"article","og_title":"D\u00eda Mundial de la Asistencia Humanitaria - Centro de Epidemiolog\u00eda y Pol\u00edticas de Salud","og_description":"Organizaci\u00f3n Mundial de la Salud","og_url":"https:\/\/medicina.udd.cl\/centro-epidemiologia-politicas-salud\/eventos\/dia-mundial-de-la-asistencia-humanitaria\/","og_site_name":"Centro de Epidemiolog\u00eda y Pol\u00edticas de Salud","twitter_misc":{"Tiempo de lectura":"1 minuto"},"schema":{"@context":"https:\/\/schema.org","@graph":[{"@type":"WebPage","@id":"https:\/\/medicina.udd.cl\/centro-epidemiologia-politicas-salud\/eventos\/dia-mundial-de-la-asistencia-humanitaria\/","url":"https:\/\/medicina.udd.cl\/centro-epidemiologia-politicas-salud\/eventos\/dia-mundial-de-la-asistencia-humanitaria\/","name":"D\u00eda Mundial de la Asistencia Humanitaria - Centro de Epidemiolog\u00eda y Pol\u00edticas de Salud","isPartOf":{"@id":"https:\/\/medicina.udd.cl\/centro-epidemiologia-politicas-salud\/#website"},"datePublished":"2013-07-27T20:40:11+00:00","breadcrumb":{"@id":"https:\/\/medicina.udd.cl\/centro-epidemiologia-politicas-salud\/eventos\/dia-mundial-de-la-asistencia-humanitaria\/#breadcrumb"},"inLanguage":"es","potentialAction":[{"@type":"ReadAction","target":["https:\/\/medicina.udd.cl\/centro-epidemiologia-politicas-salud\/eventos\/dia-mundial-de-la-asistencia-humanitaria\/"]}]},{"@type":"BreadcrumbList","@id":"https:\/\/medicina.udd.cl\/centro-epidemiologia-politicas-salud\/eventos\/dia-mundial-de-la-asistencia-humanitaria\/#breadcrumb","itemListElement":[{"@type":"ListItem","position":1,"name":"Inicio","item":"https:\/\/medicina.udd.cl\/centro-epidemiologia-politicas-salud\/"},{"@type":"ListItem","position":2,"name":"Eventos","item":"https:\/\/medicina.udd.cl\/centro-epidemiologia-politicas-salud\/eventos\/"},{"@type":"ListItem","position":3,"name":"D\u00eda Mundial de la Asistencia Humanitaria"}]},{"@type":"WebSite","@id":"https:\/\/medicina.udd.cl\/centro-epidemiologia-politicas-salud\/#website","url":"https:\/\/medicina.udd.cl\/centro-epidemiologia-politicas-salud\/","name":"Centro de Epidemiolog\u00eda y Pol\u00edticas de Salud","description":"Otro blog m\u00e1s de Medicina","inLanguage":"es"}]}},"dtstart":"2012-08-19T00:00:00-04:00","dtend":"2012-08-19T00:00:00-04:00","full_day":false,"attendance_mode":"","_links":{"self":[{"href":"https:\/\/medicina.udd.cl\/centro-epidemiologia-politicas-salud\/wp-json\/wp\/v2\/events\/606","targetHints":{"allow":["GET"]}}],"collection":[{"href":"https:\/\/medicina.udd.cl\/centro-epidemiologia-politicas-salud\/wp-json\/wp\/v2\/events"}],"about":[{"href":"https:\/\/medicina.udd.cl\/centro-epidemiologia-politicas-salud\/wp-json\/wp\/v2\/types\/event"}],"author":[{"embeddable":true,"href":"https:\/\/medicina.udd.cl\/centro-epidemiologia-politicas-salud\/wp-json\/wp\/v2\/users\/1"}],"version-history":[{"count":0,"href":"https:\/\/medicina.udd.cl\/centro-epidemiologia-politicas-salud\/wp-json\/wp\/v2\/events\/606\/revisions"}],"wp:attachment":[{"href":"https:\/\/medicina.udd.cl\/centro-epidemiologia-politicas-salud\/wp-json\/wp\/v2\/media?parent=606"}],"wp:term":[{"taxonomy":"locations","embeddable":true,"href":"https:\/\/medicina.udd.cl\/centro-epidemiologia-politicas-salud\/wp-json\/wp\/v2\/locations?post=606"},{"taxonomy":"events_tax","embeddable":true,"href":"https:\/\/medicina.udd.cl\/centro-epidemiologia-politicas-salud\/wp-json\/wp\/v2\/events-tax?post=606"}],"curies":[{"name":"wp","href":"https:\/\/api.w.org\/{rel}","templated":true}]}}

Día Mundial de la Asistencia Humanitaria

<!-- This site is optimized with the Yoast SEO plugin v26.9 - https://yoast.com/product/yoast-seo-wordpress/ -->
<title>Día Mundial de la Asistencia Humanitaria - Centro de Epidemiología y Políticas de Salud</title>
<meta name="robots" content="index, follow, max-snippet:-1, max-image-preview:large, max-video-preview:-1" />
<link rel="canonical" href="https://medicina.udd.cl/centro-epidemiologia-politicas-salud/eventos/dia-mundial-de-la-asistencia-humanitaria/" />
<meta property="og:locale" content="es_ES" />
<meta property="og:type" content="article" />
<meta property="og:title" content="Día Mundial de la Asistencia Humanitaria - Centro de Epidemiología y Políticas de Salud" />
<meta property="og:description" content="Organización Mundial de la Salud" />
<meta property="og:url" content="https://medicina.udd.cl/centro-epidemiologia-politicas-salud/eventos/dia-mundial-de-la-asistencia-humanitaria/" />
<meta property="og:site_name" content="Centro de Epidemiología y Políticas de Salud" />
<meta name="twitter:label1" content="Tiempo de lectura" />
	<meta name="twitter:data1" content="1 minuto" />
<script type="application/ld+json" class="yoast-schema-graph">{"@context":"https://schema.org","@graph":[{"@type":"WebPage","@id":"https://medicina.udd.cl/centro-epidemiologia-politicas-salud/eventos/dia-mundial-de-la-asistencia-humanitaria/","url":"https://medicina.udd.cl/centro-epidemiologia-politicas-salud/eventos/dia-mundial-de-la-asistencia-humanitaria/","name":"Día Mundial de la Asistencia Humanitaria - Centro de Epidemiología y Políticas de Salud","isPartOf":{"@id":"https://medicina.udd.cl/centro-epidemiologia-politicas-salud/#website"},"datePublished":"2013-07-27T20:40:11+00:00","breadcrumb":{"@id":"https://medicina.udd.cl/centro-epidemiologia-politicas-salud/eventos/dia-mundial-de-la-asistencia-humanitaria/#breadcrumb"},"inLanguage":"es","potentialAction":[{"@type":"ReadAction","target":["https://medicina.udd.cl/centro-epidemiologia-politicas-salud/eventos/dia-mundial-de-la-asistencia-humanitaria/"]}]},{"@type":"BreadcrumbList","@id":"https://medicina.udd.cl/centro-epidemiologia-politicas-salud/eventos/dia-mundial-de-la-asistencia-humanitaria/#breadcrumb","itemListElement":[{"@type":"ListItem","position":1,"name":"Inicio","item":"https://medicina.udd.cl/centro-epidemiologia-politicas-salud/"},{"@type":"ListItem","position":2,"name":"Eventos","item":"https://medicina.udd.cl/centro-epidemiologia-politicas-salud/eventos/"},{"@type":"ListItem","position":3,"name":"Día Mundial de la Asistencia Humanitaria"}]},{"@type":"WebSite","@id":"https://medicina.udd.cl/centro-epidemiologia-politicas-salud/#website","url":"https://medicina.udd.cl/centro-epidemiologia-politicas-salud/","name":"Centro de Epidemiología y Políticas de Salud","description":"Otro blog más de Medicina","inLanguage":"es"}]}</script>
<!-- / Yoast SEO plugin. -->

Día Mundial de la Asistencia Humanitaria - Centro de Epidemiología y Políticas de Salud

Organización Mundial de la Salud

Centro de Epidemiología y Políticas de Salud

Otro blog más de Medicina
