{"id":1487,"date":"2016-11-29T15:43:47","date_gmt":"2016-11-29T18:43:47","guid":{"rendered":"http:\/\/medicina.udd.cl\/centro-epidemiologia-politicas-salud\/files\/2016\/11\/Ges-ortesis-3.jpg"},"modified":"2016-11-29T15:43:47","modified_gmt":"2016-11-29T18:43:47","slug":"ges-ortesis-3","status":"inherit","type":"attachment","link":"https:\/\/medicina.udd.cl\/centro-epidemiologia-politicas-salud\/noticias\/2016\/11\/29\/finaliza-proyecto-que-evaluo-el-impacto-del-ges-ortesis-en-pacientes-del-hospital-padre-hurtado\/ges-ortesis-3\/","title":{"rendered":"Ges ortesis (3)"},"author":42,"featured_media":0,"comment_status":"open","ping_status":"closed","template":"","meta":[],"class_list":["post-1487","attachment","type-attachment","status-inherit","hentry"],"yoast_head":"<!-- This site is optimized with the Yoast SEO plugin v26.9 - https:\/\/yoast.com\/product\/yoast-seo-wordpress\/ -->\n<title>Ges ortesis (3) - Centro de Epidemiolog\u00eda y Pol\u00edticas de Salud<\/title>\n<meta name=\"robots\" content=\"index, follow, max-snippet:-1, max-image-preview:large, max-video-preview:-1\" \/>\n<link rel=\"canonical\" href=\"https:\/\/medicina.udd.cl\/centro-epidemiologia-politicas-salud\/files\/2016\/11\/Ges-ortesis-3.jpg\" \/>\n<meta property=\"og:locale\" content=\"es_ES\" \/>\n<meta property=\"og:type\" content=\"article\" \/>\n<meta property=\"og:title\" content=\"Ges ortesis (3) - Centro de Epidemiolog\u00eda y Pol\u00edticas de Salud\" \/>\n<meta property=\"og:url\" content=\"https:\/\/medicina.udd.cl\/centro-epidemiologia-politicas-salud\/files\/2016\/11\/Ges-ortesis-3.jpg\" \/>\n<meta property=\"og:site_name\" content=\"Centro de Epidemiolog\u00eda y Pol\u00edticas de Salud\" \/>\n<meta property=\"og:image\" content=\"https:\/\/medicina.udd.cl\/centro-epidemiologia-politicas-salud\/files\/2016\/11\/Ges-ortesis-3.jpg\" \/>\n\t<meta property=\"og:image:width\" content=\"623\" \/>\n\t<meta property=\"og:image:height\" content=\"450\" \/>\n\t<meta property=\"og:image:type\" content=\"image\/jpeg\" \/>\n<script type=\"application\/ld+json\" class=\"yoast-schema-graph\">{\"@context\":\"https:\/\/schema.org\",\"@graph\":[{\"@type\":\"WebPage\",\"@id\":\"https:\/\/medicina.udd.cl\/centro-epidemiologia-politicas-salud\/files\/2016\/11\/Ges-ortesis-3.jpg\",\"url\":\"https:\/\/medicina.udd.cl\/centro-epidemiologia-politicas-salud\/files\/2016\/11\/Ges-ortesis-3.jpg\",\"name\":\"Ges ortesis (3) - Centro de Epidemiolog\u00eda y Pol\u00edticas de Salud\",\"isPartOf\":{\"@id\":\"https:\/\/medicina.udd.cl\/centro-epidemiologia-politicas-salud\/#website\"},\"datePublished\":\"2016-11-29T18:43:47+00:00\",\"breadcrumb\":{\"@id\":\"https:\/\/medicina.udd.cl\/centro-epidemiologia-politicas-salud\/files\/2016\/11\/Ges-ortesis-3.jpg#breadcrumb\"},\"inLanguage\":\"es\",\"potentialAction\":[{\"@type\":\"ReadAction\",\"target\":[\"https:\/\/medicina.udd.cl\/centro-epidemiologia-politicas-salud\/files\/2016\/11\/Ges-ortesis-3.jpg\"]}]},{\"@type\":\"BreadcrumbList\",\"@id\":\"https:\/\/medicina.udd.cl\/centro-epidemiologia-politicas-salud\/files\/2016\/11\/Ges-ortesis-3.jpg#breadcrumb\",\"itemListElement\":[{\"@type\":\"ListItem\",\"position\":1,\"name\":\"Inicio\",\"item\":\"https:\/\/medicina.udd.cl\/centro-epidemiologia-politicas-salud\/\"},{\"@type\":\"ListItem\",\"position\":2,\"name\":\"Finaliza proyecto que evalu\u00f3 el impacto del GES \u00f3rtesis en pacientes del Hospital Padre Hurtado\",\"item\":\"https:\/\/medicina.udd.cl\/centro-epidemiologia-politicas-salud\/noticias\/2016\/11\/29\/finaliza-proyecto-que-evaluo-el-impacto-del-ges-ortesis-en-pacientes-del-hospital-padre-hurtado\/\"},{\"@type\":\"ListItem\",\"position\":3,\"name\":\"Ges ortesis (3)\"}]},{\"@type\":\"WebSite\",\"@id\":\"https:\/\/medicina.udd.cl\/centro-epidemiologia-politicas-salud\/#website\",\"url\":\"https:\/\/medicina.udd.cl\/centro-epidemiologia-politicas-salud\/\",\"name\":\"Centro de Epidemiolog\u00eda y Pol\u00edticas de Salud\",\"description\":\"Otro blog m\u00e1s de Medicina\",\"inLanguage\":\"es\"}]}<\/script>\n<!-- \/ Yoast SEO plugin. -->","yoast_head_json":{"title":"Ges ortesis (3) - Centro de Epidemiolog\u00eda y Pol\u00edticas de Salud","robots":{"index":"index","follow":"follow","max-snippet":"max-snippet:-1","max-image-preview":"max-image-preview:large","max-video-preview":"max-video-preview:-1"},"canonical":"https:\/\/medicina.udd.cl\/centro-epidemiologia-politicas-salud\/files\/2016\/11\/Ges-ortesis-3.jpg","og_locale":"es_ES","og_type":"article","og_title":"Ges ortesis (3) - Centro de Epidemiolog\u00eda y Pol\u00edticas de Salud","og_url":"https:\/\/medicina.udd.cl\/centro-epidemiologia-politicas-salud\/files\/2016\/11\/Ges-ortesis-3.jpg","og_site_name":"Centro de Epidemiolog\u00eda y Pol\u00edticas de Salud","og_image":[{"width":623,"height":450,"url":"https:\/\/medicina.udd.cl\/centro-epidemiologia-politicas-salud\/files\/2016\/11\/Ges-ortesis-3.jpg","type":"image\/jpeg"}],"schema":{"@context":"https:\/\/schema.org","@graph":[{"@type":"WebPage","@id":"https:\/\/medicina.udd.cl\/centro-epidemiologia-politicas-salud\/files\/2016\/11\/Ges-ortesis-3.jpg","url":"https:\/\/medicina.udd.cl\/centro-epidemiologia-politicas-salud\/files\/2016\/11\/Ges-ortesis-3.jpg","name":"Ges ortesis (3) - Centro de Epidemiolog\u00eda y Pol\u00edticas de Salud","isPartOf":{"@id":"https:\/\/medicina.udd.cl\/centro-epidemiologia-politicas-salud\/#website"},"datePublished":"2016-11-29T18:43:47+00:00","breadcrumb":{"@id":"https:\/\/medicina.udd.cl\/centro-epidemiologia-politicas-salud\/files\/2016\/11\/Ges-ortesis-3.jpg#breadcrumb"},"inLanguage":"es","potentialAction":[{"@type":"ReadAction","target":["https:\/\/medicina.udd.cl\/centro-epidemiologia-politicas-salud\/files\/2016\/11\/Ges-ortesis-3.jpg"]}]},{"@type":"BreadcrumbList","@id":"https:\/\/medicina.udd.cl\/centro-epidemiologia-politicas-salud\/files\/2016\/11\/Ges-ortesis-3.jpg#breadcrumb","itemListElement":[{"@type":"ListItem","position":1,"name":"Inicio","item":"https:\/\/medicina.udd.cl\/centro-epidemiologia-politicas-salud\/"},{"@type":"ListItem","position":2,"name":"Finaliza proyecto que evalu\u00f3 el impacto del GES \u00f3rtesis en pacientes del Hospital Padre Hurtado","item":"https:\/\/medicina.udd.cl\/centro-epidemiologia-politicas-salud\/noticias\/2016\/11\/29\/finaliza-proyecto-que-evaluo-el-impacto-del-ges-ortesis-en-pacientes-del-hospital-padre-hurtado\/"},{"@type":"ListItem","position":3,"name":"Ges ortesis (3)"}]},{"@type":"WebSite","@id":"https:\/\/medicina.udd.cl\/centro-epidemiologia-politicas-salud\/#website","url":"https:\/\/medicina.udd.cl\/centro-epidemiologia-politicas-salud\/","name":"Centro de Epidemiolog\u00eda y Pol\u00edticas de Salud","description":"Otro blog m\u00e1s de Medicina","inLanguage":"es"}]}},"description":{"rendered":"<p class=\"attachment\"><a href='https:\/\/medicina.udd.cl\/centro-epidemiologia-politicas-salud\/files\/2016\/11\/Ges-ortesis-3.jpg'><img loading=\"lazy\" decoding=\"async\" width=\"300\" height=\"217\" src=\"https:\/\/medicina.udd.cl\/centro-epidemiologia-politicas-salud\/wp-content\/plugins\/wp-async-img-load\/blank.png\" class=\"attachment-medium size-medium lazyload\" alt=\"\" sizes=\"auto, (max-width: 300px) 100vw, 300px\" data-src=\"https:\/\/medicina.udd.cl\/centro-epidemiologia-politicas-salud\/files\/2016\/11\/Ges-ortesis-3-300x217.jpg\" data-srcset=\"https:\/\/medicina.udd.cl\/centro-epidemiologia-politicas-salud\/files\/2016\/11\/Ges-ortesis-3-300x217.jpg 300w, https:\/\/medicina.udd.cl\/centro-epidemiologia-politicas-salud\/files\/2016\/11\/Ges-ortesis-3-87x62.jpg 87w, https:\/\/medicina.udd.cl\/centro-epidemiologia-politicas-salud\/files\/2016\/11\/Ges-ortesis-3.jpg 623w\" \/><\/a><\/p>\n"},"caption":{"rendered":""},"alt_text":"","media_type":"image","mime_type":"image\/jpeg","media_details":{"width":623,"height":450,"file":"2016\/11\/Ges-ortesis-3.jpg","sizes":{"thumbnail":{"file":"Ges-ortesis-3-150x150.jpg","width":150,"height":150,"mime_type":"image\/jpeg","source_url":"https:\/\/medicina.udd.cl\/centro-epidemiologia-politicas-salud\/files\/2016\/11\/Ges-ortesis-3-150x150.jpg"},"medium":{"file":"Ges-ortesis-3-300x217.jpg","width":300,"height":217,"mime_type":"image\/jpeg","source_url":"https:\/\/medicina.udd.cl\/centro-epidemiologia-politicas-salud\/files\/2016\/11\/Ges-ortesis-3-300x217.jpg"},"newsletter_featured":{"file":"Ges-ortesis-3-316x224.jpg","width":316,"height":224,"mime_type":"image\/jpeg","source_url":"https:\/\/medicina.udd.cl\/centro-epidemiologia-politicas-salud\/files\/2016\/11\/Ges-ortesis-3-316x224.jpg"},"newsletter_first":{"file":"Ges-ortesis-3-286x205.jpg","width":286,"height":205,"mime_type":"image\/jpeg","source_url":"https:\/\/medicina.udd.cl\/centro-epidemiologia-politicas-salud\/files\/2016\/11\/Ges-ortesis-3-286x205.jpg"},"newsletter_thumb":{"file":"Ges-ortesis-3-288x150.jpg","width":288,"height":150,"mime_type":"image\/jpeg","source_url":"https:\/\/medicina.udd.cl\/centro-epidemiologia-politicas-salud\/files\/2016\/11\/Ges-ortesis-3-288x150.jpg"},"newsletter_column":{"file":"Ges-ortesis-3-182x140.jpg","width":182,"height":140,"mime_type":"image\/jpeg","source_url":"https:\/\/medicina.udd.cl\/centro-epidemiologia-politicas-salud\/files\/2016\/11\/Ges-ortesis-3-182x140.jpg"},"newsletter_square":{"file":"Ges-ortesis-3-62x62.jpg","width":62,"height":62,"mime_type":"image\/jpeg","source_url":"https:\/\/medicina.udd.cl\/centro-epidemiologia-politicas-salud\/files\/2016\/11\/Ges-ortesis-3-62x62.jpg"},"newsletter_square_large":{"file":"Ges-ortesis-3-87x62.jpg","width":87,"height":62,"mime_type":"image\/jpeg","source_url":"https:\/\/medicina.udd.cl\/centro-epidemiologia-politicas-salud\/files\/2016\/11\/Ges-ortesis-3-87x62.jpg"},"featured-home":{"file":"Ges-ortesis-3-623x450.jpg","width":623,"height":450,"mime_type":"image\/jpeg","source_url":"https:\/\/medicina.udd.cl\/centro-epidemiologia-politicas-salud\/files\/2016\/11\/Ges-ortesis-3-623x450.jpg"},"featured-career":{"file":"Ges-ortesis-3-623x430.jpg","width":623,"height":430,"mime_type":"image\/jpeg","source_url":"https:\/\/medicina.udd.cl\/centro-epidemiologia-politicas-salud\/files\/2016\/11\/Ges-ortesis-3-623x430.jpg"},"squared":{"file":"Ges-ortesis-3-300x300.jpg","width":300,"height":300,"mime_type":"image\/jpeg","source_url":"https:\/\/medicina.udd.cl\/centro-epidemiologia-politicas-salud\/files\/2016\/11\/Ges-ortesis-3-300x300.jpg"},"stretch":{"file":"Ges-ortesis-3-623x450.jpg","width":623,"height":450,"mime_type":"image\/jpeg","source_url":"https:\/\/medicina.udd.cl\/centro-epidemiologia-politicas-salud\/files\/2016\/11\/Ges-ortesis-3-623x450.jpg"},"portrait-medium":{"file":"Ges-ortesis-3-220x260.jpg","width":220,"height":260,"mime_type":"image\/jpeg","source_url":"https:\/\/medicina.udd.cl\/centro-epidemiologia-politicas-salud\/files\/2016\/11\/Ges-ortesis-3-220x260.jpg"},"landscape-small":{"file":"Ges-ortesis-3-125x80.jpg","width":125,"height":80,"mime_type":"image\/jpeg","source_url":"https:\/\/medicina.udd.cl\/centro-epidemiologia-politicas-salud\/files\/2016\/11\/Ges-ortesis-3-125x80.jpg"},"landscape-medium":{"file":"Ges-ortesis-3-340x220.jpg","width":340,"height":220,"mime_type":"image\/jpeg","source_url":"https:\/\/medicina.udd.cl\/centro-epidemiologia-politicas-salud\/files\/2016\/11\/Ges-ortesis-3-340x220.jpg"},"landscape-large":{"file":"Ges-ortesis-3-365x255.jpg","width":365,"height":255,"mime_type":"image\/jpeg","source_url":"https:\/\/medicina.udd.cl\/centro-epidemiologia-politicas-salud\/files\/2016\/11\/Ges-ortesis-3-365x255.jpg"},"landscape-xlarge":{"file":"Ges-ortesis-3-623x430.jpg","width":623,"height":430,"mime_type":"image\/jpeg","source_url":"https:\/\/medicina.udd.cl\/centro-epidemiologia-politicas-salud\/files\/2016\/11\/Ges-ortesis-3-623x430.jpg"},"panoramic":{"file":"Ges-ortesis-3-623x345.jpg","width":623,"height":345,"mime_type":"image\/jpeg","source_url":"https:\/\/medicina.udd.cl\/centro-epidemiologia-politicas-salud\/files\/2016\/11\/Ges-ortesis-3-623x345.jpg"},"stretch-large":{"file":"Ges-ortesis-3-623x450.jpg","width":623,"height":450,"mime_type":"image\/jpeg","source_url":"https:\/\/medicina.udd.cl\/centro-epidemiologia-politicas-salud\/files\/2016\/11\/Ges-ortesis-3-623x450.jpg"},"custom_content":{"file":"Ges-ortesis-3-126x126.jpg","width":126,"height":126,"mime_type":"image\/jpeg","source_url":"https:\/\/medicina.udd.cl\/centro-epidemiologia-politicas-salud\/files\/2016\/11\/Ges-ortesis-3-126x126.jpg"},"full":{"file":"Ges-ortesis-3.jpg","width":623,"height":450,"mime_type":"image\/jpeg","source_url":"https:\/\/medicina.udd.cl\/centro-epidemiologia-politicas-salud\/files\/2016\/11\/Ges-ortesis-3.jpg"}},"image_meta":{"aperture":"5.6","credit":"","camera":"Canon EOS REBEL T5","caption":"","created_timestamp":"1480422712","copyright":"","focal_length":"49","iso":"800","shutter_speed":"0.016666666666667","title":"","orientation":"1","keywords":[]}},"post":1484,"source_url":"https:\/\/medicina.udd.cl\/centro-epidemiologia-politicas-salud\/files\/2016\/11\/Ges-ortesis-3.jpg","_links":{"self":[{"href":"https:\/\/medicina.udd.cl\/centro-epidemiologia-politicas-salud\/wp-json\/wp\/v2\/media\/1487","targetHints":{"allow":["GET"]}}],"collection":[{"href":"https:\/\/medicina.udd.cl\/centro-epidemiologia-politicas-salud\/wp-json\/wp\/v2\/media"}],"about":[{"href":"https:\/\/medicina.udd.cl\/centro-epidemiologia-politicas-salud\/wp-json\/wp\/v2\/types\/attachment"}],"author":[{"embeddable":true,"href":"https:\/\/medicina.udd.cl\/centro-epidemiologia-politicas-salud\/wp-json\/wp\/v2\/users\/42"}],"replies":[{"embeddable":true,"href":"https:\/\/medicina.udd.cl\/centro-epidemiologia-politicas-salud\/wp-json\/wp\/v2\/comments?post=1487"}],"wp:attached-to":[{"embeddable":true,"post_type":"post","id":1484,"href":"https:\/\/medicina.udd.cl\/centro-epidemiologia-politicas-salud\/wp-json\/wp\/v2\/posts\/1484"}],"curies":[{"name":"wp","href":"https:\/\/api.w.org\/{rel}","templated":true}]}}

<!-- This site is optimized with the Yoast SEO plugin v26.9 - https://yoast.com/product/yoast-seo-wordpress/ -->
<title>Ges ortesis (3) - Centro de Epidemiología y Políticas de Salud</title>
<meta name="robots" content="index, follow, max-snippet:-1, max-image-preview:large, max-video-preview:-1" />
<link rel="canonical" href="https://medicina.udd.cl/centro-epidemiologia-politicas-salud/files/2016/11/Ges-ortesis-3.jpg" />
<meta property="og:locale" content="es_ES" />
<meta property="og:type" content="article" />
<meta property="og:title" content="Ges ortesis (3) - Centro de Epidemiología y Políticas de Salud" />
<meta property="og:url" content="https://medicina.udd.cl/centro-epidemiologia-politicas-salud/files/2016/11/Ges-ortesis-3.jpg" />
<meta property="og:site_name" content="Centro de Epidemiología y Políticas de Salud" />
<meta property="og:image" content="https://medicina.udd.cl/centro-epidemiologia-politicas-salud/files/2016/11/Ges-ortesis-3.jpg" />
	<meta property="og:image:width" content="623" />
	<meta property="og:image:height" content="450" />
	<meta property="og:image:type" content="image/jpeg" />
<script type="application/ld+json" class="yoast-schema-graph">{"@context":"https://schema.org","@graph":[{"@type":"WebPage","@id":"https://medicina.udd.cl/centro-epidemiologia-politicas-salud/files/2016/11/Ges-ortesis-3.jpg","url":"https://medicina.udd.cl/centro-epidemiologia-politicas-salud/files/2016/11/Ges-ortesis-3.jpg","name":"Ges ortesis (3) - Centro de Epidemiología y Políticas de Salud","isPartOf":{"@id":"https://medicina.udd.cl/centro-epidemiologia-politicas-salud/#website"},"datePublished":"2016-11-29T18:43:47+00:00","breadcrumb":{"@id":"https://medicina.udd.cl/centro-epidemiologia-politicas-salud/files/2016/11/Ges-ortesis-3.jpg#breadcrumb"},"inLanguage":"es","potentialAction":[{"@type":"ReadAction","target":["https://medicina.udd.cl/centro-epidemiologia-politicas-salud/files/2016/11/Ges-ortesis-3.jpg"]}]},{"@type":"BreadcrumbList","@id":"https://medicina.udd.cl/centro-epidemiologia-politicas-salud/files/2016/11/Ges-ortesis-3.jpg#breadcrumb","itemListElement":[{"@type":"ListItem","position":1,"name":"Inicio","item":"https://medicina.udd.cl/centro-epidemiologia-politicas-salud/"},{"@type":"ListItem","position":2,"name":"Finaliza proyecto que evaluó el impacto del GES órtesis en pacientes del Hospital Padre Hurtado","item":"https://medicina.udd.cl/centro-epidemiologia-politicas-salud/noticias/2016/11/29/finaliza-proyecto-que-evaluo-el-impacto-del-ges-ortesis-en-pacientes-del-hospital-padre-hurtado/"},{"@type":"ListItem","position":3,"name":"Ges ortesis (3)"}]},{"@type":"WebSite","@id":"https://medicina.udd.cl/centro-epidemiologia-politicas-salud/#website","url":"https://medicina.udd.cl/centro-epidemiologia-politicas-salud/","name":"Centro de Epidemiología y Políticas de Salud","description":"Otro blog más de Medicina","inLanguage":"es"}]}</script>
<!-- / Yoast SEO plugin. -->

Ges ortesis (3) - Centro de Epidemiología y Políticas de Salud

Centro de Epidemiología y Políticas de Salud

Finaliza proyecto que evaluó el impacto del GES órtesis en pacientes del Hospital Padre Hurtado

Otro blog más de Medicina
