{"id":182,"date":"2011-08-30T13:01:32","date_gmt":"2011-08-30T16:01:32","guid":{"rendered":"http:\/\/medicina.udd.cl\/centro-epidemiologia-politicas-salud\/files\/2011\/06\/Presentaci\u00f3n.pdf"},"modified":"2011-08-30T13:01:32","modified_gmt":"2011-08-30T16:01:32","slug":"presentacion","status":"inherit","type":"attachment","link":"https:\/\/medicina.udd.cl\/centro-epidemiologia-politicas-salud\/noticias\/2011\/06\/15\/equipo-participo-en-encuentro-de-clinica-alemana\/presentacion\/","title":{"rendered":"Descargar Presentaci\u00f3n"},"author":1,"featured_media":0,"comment_status":"open","ping_status":"open","template":"","meta":[],"class_list":["post-182","attachment","type-attachment","status-inherit","hentry"],"yoast_head":"<!-- This site is optimized with the Yoast SEO plugin v26.9 - https:\/\/yoast.com\/product\/yoast-seo-wordpress\/ -->\n<title>Descargar Presentaci\u00f3n - Centro de Epidemiolog\u00eda y Pol\u00edticas de Salud<\/title>\n<meta name=\"robots\" content=\"index, follow, max-snippet:-1, max-image-preview:large, max-video-preview:-1\" \/>\n<link rel=\"canonical\" href=\"https:\/\/medicina.udd.cl\/centro-epidemiologia-politicas-salud\/files\/2011\/06\/Presentaci\u00f3n.pdf\" \/>\n<meta property=\"og:locale\" content=\"es_ES\" \/>\n<meta property=\"og:type\" content=\"article\" \/>\n<meta property=\"og:title\" content=\"Descargar Presentaci\u00f3n - Centro de Epidemiolog\u00eda y Pol\u00edticas de Salud\" \/>\n<meta property=\"og:description\" content=\"Descargar Presentaci\u00f3n\" \/>\n<meta property=\"og:url\" content=\"https:\/\/medicina.udd.cl\/centro-epidemiologia-politicas-salud\/files\/2011\/06\/Presentaci\u00f3n.pdf\" \/>\n<meta property=\"og:site_name\" content=\"Centro de Epidemiolog\u00eda y Pol\u00edticas de Salud\" \/>\n<script type=\"application\/ld+json\" class=\"yoast-schema-graph\">{\"@context\":\"https:\/\/schema.org\",\"@graph\":[{\"@type\":\"WebPage\",\"@id\":\"https:\/\/medicina.udd.cl\/centro-epidemiologia-politicas-salud\/files\/2011\/06\/Presentaci\u00f3n.pdf\",\"url\":\"https:\/\/medicina.udd.cl\/centro-epidemiologia-politicas-salud\/files\/2011\/06\/Presentaci\u00f3n.pdf\",\"name\":\"Descargar Presentaci\u00f3n - Centro de Epidemiolog\u00eda y Pol\u00edticas de Salud\",\"isPartOf\":{\"@id\":\"https:\/\/medicina.udd.cl\/centro-epidemiologia-politicas-salud\/#website\"},\"datePublished\":\"2011-08-30T16:01:32+00:00\",\"breadcrumb\":{\"@id\":\"https:\/\/medicina.udd.cl\/centro-epidemiologia-politicas-salud\/files\/2011\/06\/Presentaci\u00f3n.pdf#breadcrumb\"},\"inLanguage\":\"es\",\"potentialAction\":[{\"@type\":\"ReadAction\",\"target\":[\"https:\/\/medicina.udd.cl\/centro-epidemiologia-politicas-salud\/files\/2011\/06\/Presentaci\u00f3n.pdf\"]}]},{\"@type\":\"BreadcrumbList\",\"@id\":\"https:\/\/medicina.udd.cl\/centro-epidemiologia-politicas-salud\/files\/2011\/06\/Presentaci\u00f3n.pdf#breadcrumb\",\"itemListElement\":[{\"@type\":\"ListItem\",\"position\":1,\"name\":\"Inicio\",\"item\":\"https:\/\/medicina.udd.cl\/centro-epidemiologia-politicas-salud\/\"},{\"@type\":\"ListItem\",\"position\":2,\"name\":\"Equipo particip\u00f3 en encuentro de Cl\u00ednica Alemana\",\"item\":\"https:\/\/medicina.udd.cl\/centro-epidemiologia-politicas-salud\/noticias\/2011\/06\/15\/equipo-participo-en-encuentro-de-clinica-alemana\/\"},{\"@type\":\"ListItem\",\"position\":3,\"name\":\"Descargar Presentaci\u00f3n\"}]},{\"@type\":\"WebSite\",\"@id\":\"https:\/\/medicina.udd.cl\/centro-epidemiologia-politicas-salud\/#website\",\"url\":\"https:\/\/medicina.udd.cl\/centro-epidemiologia-politicas-salud\/\",\"name\":\"Centro de Epidemiolog\u00eda y Pol\u00edticas de Salud\",\"description\":\"Otro blog m\u00e1s de Medicina\",\"inLanguage\":\"es\"}]}<\/script>\n<!-- \/ Yoast SEO plugin. -->","yoast_head_json":{"title":"Descargar Presentaci\u00f3n - Centro de Epidemiolog\u00eda y Pol\u00edticas de Salud","robots":{"index":"index","follow":"follow","max-snippet":"max-snippet:-1","max-image-preview":"max-image-preview:large","max-video-preview":"max-video-preview:-1"},"canonical":"https:\/\/medicina.udd.cl\/centro-epidemiologia-politicas-salud\/files\/2011\/06\/Presentaci\u00f3n.pdf","og_locale":"es_ES","og_type":"article","og_title":"Descargar Presentaci\u00f3n - Centro de Epidemiolog\u00eda y Pol\u00edticas de Salud","og_description":"Descargar Presentaci\u00f3n","og_url":"https:\/\/medicina.udd.cl\/centro-epidemiologia-politicas-salud\/files\/2011\/06\/Presentaci\u00f3n.pdf","og_site_name":"Centro de Epidemiolog\u00eda y Pol\u00edticas de Salud","schema":{"@context":"https:\/\/schema.org","@graph":[{"@type":"WebPage","@id":"https:\/\/medicina.udd.cl\/centro-epidemiologia-politicas-salud\/files\/2011\/06\/Presentaci\u00f3n.pdf","url":"https:\/\/medicina.udd.cl\/centro-epidemiologia-politicas-salud\/files\/2011\/06\/Presentaci\u00f3n.pdf","name":"Descargar Presentaci\u00f3n - Centro de Epidemiolog\u00eda y Pol\u00edticas de Salud","isPartOf":{"@id":"https:\/\/medicina.udd.cl\/centro-epidemiologia-politicas-salud\/#website"},"datePublished":"2011-08-30T16:01:32+00:00","breadcrumb":{"@id":"https:\/\/medicina.udd.cl\/centro-epidemiologia-politicas-salud\/files\/2011\/06\/Presentaci\u00f3n.pdf#breadcrumb"},"inLanguage":"es","potentialAction":[{"@type":"ReadAction","target":["https:\/\/medicina.udd.cl\/centro-epidemiologia-politicas-salud\/files\/2011\/06\/Presentaci\u00f3n.pdf"]}]},{"@type":"BreadcrumbList","@id":"https:\/\/medicina.udd.cl\/centro-epidemiologia-politicas-salud\/files\/2011\/06\/Presentaci\u00f3n.pdf#breadcrumb","itemListElement":[{"@type":"ListItem","position":1,"name":"Inicio","item":"https:\/\/medicina.udd.cl\/centro-epidemiologia-politicas-salud\/"},{"@type":"ListItem","position":2,"name":"Equipo particip\u00f3 en encuentro de Cl\u00ednica Alemana","item":"https:\/\/medicina.udd.cl\/centro-epidemiologia-politicas-salud\/noticias\/2011\/06\/15\/equipo-participo-en-encuentro-de-clinica-alemana\/"},{"@type":"ListItem","position":3,"name":"Descargar Presentaci\u00f3n"}]},{"@type":"WebSite","@id":"https:\/\/medicina.udd.cl\/centro-epidemiologia-politicas-salud\/#website","url":"https:\/\/medicina.udd.cl\/centro-epidemiologia-politicas-salud\/","name":"Centro de Epidemiolog\u00eda y Pol\u00edticas de Salud","description":"Otro blog m\u00e1s de Medicina","inLanguage":"es"}]}},"description":{"rendered":"<p class=\"attachment\"><a href='https:\/\/medicina.udd.cl\/centro-epidemiologia-politicas-salud\/files\/2011\/06\/Presentaci\u00f3n.pdf'>Descargar Presentaci\u00f3n<\/a><\/p>\n"},"caption":{"rendered":"<p>Descargar Presentaci\u00f3n<\/p>\n"},"alt_text":"","media_type":"file","mime_type":"application\/pdf","media_details":{},"post":157,"source_url":"https:\/\/medicina.udd.cl\/centro-epidemiologia-politicas-salud\/files\/2011\/06\/Presentaci\u00f3n.pdf","_links":{"self":[{"href":"https:\/\/medicina.udd.cl\/centro-epidemiologia-politicas-salud\/wp-json\/wp\/v2\/media\/182","targetHints":{"allow":["GET"]}}],"collection":[{"href":"https:\/\/medicina.udd.cl\/centro-epidemiologia-politicas-salud\/wp-json\/wp\/v2\/media"}],"about":[{"href":"https:\/\/medicina.udd.cl\/centro-epidemiologia-politicas-salud\/wp-json\/wp\/v2\/types\/attachment"}],"author":[{"embeddable":true,"href":"https:\/\/medicina.udd.cl\/centro-epidemiologia-politicas-salud\/wp-json\/wp\/v2\/users\/1"}],"replies":[{"embeddable":true,"href":"https:\/\/medicina.udd.cl\/centro-epidemiologia-politicas-salud\/wp-json\/wp\/v2\/comments?post=182"}],"wp:attached-to":[{"embeddable":true,"post_type":"post","id":157,"href":"https:\/\/medicina.udd.cl\/centro-epidemiologia-politicas-salud\/wp-json\/wp\/v2\/posts\/157"}],"curies":[{"name":"wp","href":"https:\/\/api.w.org\/{rel}","templated":true}]}}

http://medicina.udd.cl/centro-epidemiologia-politicas-salud/files/2011/06/Presentación.pdf

Descargar Presentación

<!-- This site is optimized with the Yoast SEO plugin v26.9 - https://yoast.com/product/yoast-seo-wordpress/ -->
<title>Descargar Presentación - Centro de Epidemiología y Políticas de Salud</title>
<meta name="robots" content="index, follow, max-snippet:-1, max-image-preview:large, max-video-preview:-1" />
<link rel="canonical" href="https://medicina.udd.cl/centro-epidemiologia-politicas-salud/files/2011/06/Presentación.pdf" />
<meta property="og:locale" content="es_ES" />
<meta property="og:type" content="article" />
<meta property="og:title" content="Descargar Presentación - Centro de Epidemiología y Políticas de Salud" />
<meta property="og:description" content="Descargar Presentación" />
<meta property="og:url" content="https://medicina.udd.cl/centro-epidemiologia-politicas-salud/files/2011/06/Presentación.pdf" />
<meta property="og:site_name" content="Centro de Epidemiología y Políticas de Salud" />
<script type="application/ld+json" class="yoast-schema-graph">{"@context":"https://schema.org","@graph":[{"@type":"WebPage","@id":"https://medicina.udd.cl/centro-epidemiologia-politicas-salud/files/2011/06/Presentación.pdf","url":"https://medicina.udd.cl/centro-epidemiologia-politicas-salud/files/2011/06/Presentación.pdf","name":"Descargar Presentación - Centro de Epidemiología y Políticas de Salud","isPartOf":{"@id":"https://medicina.udd.cl/centro-epidemiologia-politicas-salud/#website"},"datePublished":"2011-08-30T16:01:32+00:00","breadcrumb":{"@id":"https://medicina.udd.cl/centro-epidemiologia-politicas-salud/files/2011/06/Presentación.pdf#breadcrumb"},"inLanguage":"es","potentialAction":[{"@type":"ReadAction","target":["https://medicina.udd.cl/centro-epidemiologia-politicas-salud/files/2011/06/Presentación.pdf"]}]},{"@type":"BreadcrumbList","@id":"https://medicina.udd.cl/centro-epidemiologia-politicas-salud/files/2011/06/Presentación.pdf#breadcrumb","itemListElement":[{"@type":"ListItem","position":1,"name":"Inicio","item":"https://medicina.udd.cl/centro-epidemiologia-politicas-salud/"},{"@type":"ListItem","position":2,"name":"Equipo participó en encuentro de Clínica Alemana","item":"https://medicina.udd.cl/centro-epidemiologia-politicas-salud/noticias/2011/06/15/equipo-participo-en-encuentro-de-clinica-alemana/"},{"@type":"ListItem","position":3,"name":"Descargar Presentación"}]},{"@type":"WebSite","@id":"https://medicina.udd.cl/centro-epidemiologia-politicas-salud/#website","url":"https://medicina.udd.cl/centro-epidemiologia-politicas-salud/","name":"Centro de Epidemiología y Políticas de Salud","description":"Otro blog más de Medicina","inLanguage":"es"}]}</script>
<!-- / Yoast SEO plugin. -->

Descargar Presentación - Centro de Epidemiología y Políticas de Salud

https://medicina.udd.cl/centro-epidemiologia-politicas-salud/files/2011/06/Presentación.pdf

Centro de Epidemiología y Políticas de Salud

https://medicina.udd.cl/centro-epidemiologia-politicas-salud/files/2011/06/Presentación.pdf#breadcrumb

Equipo participó en encuentro de Clínica Alemana

Otro blog más de Medicina

<p class="attachment"><a href='https://medicina.udd.cl/centro-epidemiologia-politicas-salud/files/2011/06/Presentación.pdf'>Descargar Presentación</a></p>

<p>Descargar Presentación</p>
