{"id":220,"date":"2012-06-19T13:01:25","date_gmt":"2012-06-19T17:01:25","guid":{"rendered":"http:\/\/medicina.udd.cl\/centro-epidemiologia-politicas-salud\/files\/2012\/06\/Exposici\u00f3n-Dra.-Ximena-Aguilera.jpg"},"modified":"2012-06-19T13:01:25","modified_gmt":"2012-06-19T17:01:25","slug":"exposicion-dra-ximena-aguilera","status":"inherit","type":"attachment","link":"https:\/\/medicina.udd.cl\/centro-epidemiologia-politicas-salud\/noticias\/2012\/06\/18\/directora-del-ceps-hablo-sobre-el-aporte-de-los-medicos-veterinarios-a-la-salud-publica\/exposicion-dra-ximena-aguilera\/","title":{"rendered":"Exposici\u00f3n Dra. Ximena Aguilera"},"author":1,"featured_media":0,"comment_status":"open","ping_status":"open","template":"","meta":[],"class_list":["post-220","attachment","type-attachment","status-inherit","hentry"],"yoast_head":"<!-- This site is optimized with the Yoast SEO plugin v26.9 - https:\/\/yoast.com\/product\/yoast-seo-wordpress\/ -->\n<title>Exposici\u00f3n Dra. Ximena Aguilera - Centro de Epidemiolog\u00eda y Pol\u00edticas de Salud<\/title>\n<meta name=\"robots\" content=\"index, follow, max-snippet:-1, max-image-preview:large, max-video-preview:-1\" \/>\n<link rel=\"canonical\" href=\"https:\/\/medicina.udd.cl\/centro-epidemiologia-politicas-salud\/files\/2012\/06\/Exposici\u00f3n-Dra.-Ximena-Aguilera.jpg\" \/>\n<meta property=\"og:locale\" content=\"es_ES\" \/>\n<meta property=\"og:type\" content=\"article\" \/>\n<meta property=\"og:title\" content=\"Exposici\u00f3n Dra. Ximena Aguilera - Centro de Epidemiolog\u00eda y Pol\u00edticas de Salud\" \/>\n<meta property=\"og:url\" content=\"https:\/\/medicina.udd.cl\/centro-epidemiologia-politicas-salud\/files\/2012\/06\/Exposici\u00f3n-Dra.-Ximena-Aguilera.jpg\" \/>\n<meta property=\"og:site_name\" content=\"Centro de Epidemiolog\u00eda y Pol\u00edticas de Salud\" \/>\n<meta property=\"og:image\" content=\"https:\/\/medicina.udd.cl\/centro-epidemiologia-politicas-salud\/files\/2012\/06\/Exposici\u00f3n-Dra.-Ximena-Aguilera.jpg\" \/>\n\t<meta property=\"og:image:width\" content=\"200\" \/>\n\t<meta property=\"og:image:height\" content=\"150\" \/>\n\t<meta property=\"og:image:type\" content=\"image\/jpeg\" \/>\n<script type=\"application\/ld+json\" class=\"yoast-schema-graph\">{\"@context\":\"https:\/\/schema.org\",\"@graph\":[{\"@type\":\"WebPage\",\"@id\":\"https:\/\/medicina.udd.cl\/centro-epidemiologia-politicas-salud\/files\/2012\/06\/Exposici\u00f3n-Dra.-Ximena-Aguilera.jpg\",\"url\":\"https:\/\/medicina.udd.cl\/centro-epidemiologia-politicas-salud\/files\/2012\/06\/Exposici\u00f3n-Dra.-Ximena-Aguilera.jpg\",\"name\":\"Exposici\u00f3n Dra. Ximena Aguilera - Centro de Epidemiolog\u00eda y Pol\u00edticas de Salud\",\"isPartOf\":{\"@id\":\"https:\/\/medicina.udd.cl\/centro-epidemiologia-politicas-salud\/#website\"},\"datePublished\":\"2012-06-19T17:01:25+00:00\",\"breadcrumb\":{\"@id\":\"https:\/\/medicina.udd.cl\/centro-epidemiologia-politicas-salud\/files\/2012\/06\/Exposici\u00f3n-Dra.-Ximena-Aguilera.jpg#breadcrumb\"},\"inLanguage\":\"es\",\"potentialAction\":[{\"@type\":\"ReadAction\",\"target\":[\"https:\/\/medicina.udd.cl\/centro-epidemiologia-politicas-salud\/files\/2012\/06\/Exposici\u00f3n-Dra.-Ximena-Aguilera.jpg\"]}]},{\"@type\":\"BreadcrumbList\",\"@id\":\"https:\/\/medicina.udd.cl\/centro-epidemiologia-politicas-salud\/files\/2012\/06\/Exposici\u00f3n-Dra.-Ximena-Aguilera.jpg#breadcrumb\",\"itemListElement\":[{\"@type\":\"ListItem\",\"position\":1,\"name\":\"Inicio\",\"item\":\"https:\/\/medicina.udd.cl\/centro-epidemiologia-politicas-salud\/\"},{\"@type\":\"ListItem\",\"position\":2,\"name\":\"Directora del CEPS habl\u00f3 sobre el aporte de los m\u00e9dicos veterinarios a la salud p\u00fablica\",\"item\":\"https:\/\/medicina.udd.cl\/centro-epidemiologia-politicas-salud\/noticias\/2012\/06\/18\/directora-del-ceps-hablo-sobre-el-aporte-de-los-medicos-veterinarios-a-la-salud-publica\/\"},{\"@type\":\"ListItem\",\"position\":3,\"name\":\"Exposici\u00f3n Dra. Ximena Aguilera\"}]},{\"@type\":\"WebSite\",\"@id\":\"https:\/\/medicina.udd.cl\/centro-epidemiologia-politicas-salud\/#website\",\"url\":\"https:\/\/medicina.udd.cl\/centro-epidemiologia-politicas-salud\/\",\"name\":\"Centro de Epidemiolog\u00eda y Pol\u00edticas de Salud\",\"description\":\"Otro blog m\u00e1s de Medicina\",\"inLanguage\":\"es\"}]}<\/script>\n<!-- \/ Yoast SEO plugin. -->","yoast_head_json":{"title":"Exposici\u00f3n Dra. Ximena Aguilera - Centro de Epidemiolog\u00eda y Pol\u00edticas de Salud","robots":{"index":"index","follow":"follow","max-snippet":"max-snippet:-1","max-image-preview":"max-image-preview:large","max-video-preview":"max-video-preview:-1"},"canonical":"https:\/\/medicina.udd.cl\/centro-epidemiologia-politicas-salud\/files\/2012\/06\/Exposici\u00f3n-Dra.-Ximena-Aguilera.jpg","og_locale":"es_ES","og_type":"article","og_title":"Exposici\u00f3n Dra. Ximena Aguilera - Centro de Epidemiolog\u00eda y Pol\u00edticas de Salud","og_url":"https:\/\/medicina.udd.cl\/centro-epidemiologia-politicas-salud\/files\/2012\/06\/Exposici\u00f3n-Dra.-Ximena-Aguilera.jpg","og_site_name":"Centro de Epidemiolog\u00eda y Pol\u00edticas de Salud","og_image":[{"width":200,"height":150,"url":"https:\/\/medicina.udd.cl\/centro-epidemiologia-politicas-salud\/files\/2012\/06\/Exposici\u00f3n-Dra.-Ximena-Aguilera.jpg","type":"image\/jpeg"}],"schema":{"@context":"https:\/\/schema.org","@graph":[{"@type":"WebPage","@id":"https:\/\/medicina.udd.cl\/centro-epidemiologia-politicas-salud\/files\/2012\/06\/Exposici\u00f3n-Dra.-Ximena-Aguilera.jpg","url":"https:\/\/medicina.udd.cl\/centro-epidemiologia-politicas-salud\/files\/2012\/06\/Exposici\u00f3n-Dra.-Ximena-Aguilera.jpg","name":"Exposici\u00f3n Dra. Ximena Aguilera - Centro de Epidemiolog\u00eda y Pol\u00edticas de Salud","isPartOf":{"@id":"https:\/\/medicina.udd.cl\/centro-epidemiologia-politicas-salud\/#website"},"datePublished":"2012-06-19T17:01:25+00:00","breadcrumb":{"@id":"https:\/\/medicina.udd.cl\/centro-epidemiologia-politicas-salud\/files\/2012\/06\/Exposici\u00f3n-Dra.-Ximena-Aguilera.jpg#breadcrumb"},"inLanguage":"es","potentialAction":[{"@type":"ReadAction","target":["https:\/\/medicina.udd.cl\/centro-epidemiologia-politicas-salud\/files\/2012\/06\/Exposici\u00f3n-Dra.-Ximena-Aguilera.jpg"]}]},{"@type":"BreadcrumbList","@id":"https:\/\/medicina.udd.cl\/centro-epidemiologia-politicas-salud\/files\/2012\/06\/Exposici\u00f3n-Dra.-Ximena-Aguilera.jpg#breadcrumb","itemListElement":[{"@type":"ListItem","position":1,"name":"Inicio","item":"https:\/\/medicina.udd.cl\/centro-epidemiologia-politicas-salud\/"},{"@type":"ListItem","position":2,"name":"Directora del CEPS habl\u00f3 sobre el aporte de los m\u00e9dicos veterinarios a la salud p\u00fablica","item":"https:\/\/medicina.udd.cl\/centro-epidemiologia-politicas-salud\/noticias\/2012\/06\/18\/directora-del-ceps-hablo-sobre-el-aporte-de-los-medicos-veterinarios-a-la-salud-publica\/"},{"@type":"ListItem","position":3,"name":"Exposici\u00f3n Dra. Ximena Aguilera"}]},{"@type":"WebSite","@id":"https:\/\/medicina.udd.cl\/centro-epidemiologia-politicas-salud\/#website","url":"https:\/\/medicina.udd.cl\/centro-epidemiologia-politicas-salud\/","name":"Centro de Epidemiolog\u00eda y Pol\u00edticas de Salud","description":"Otro blog m\u00e1s de Medicina","inLanguage":"es"}]}},"description":{"rendered":"<p class=\"attachment\"><a href='https:\/\/medicina.udd.cl\/centro-epidemiologia-politicas-salud\/files\/2012\/06\/Exposici\u00f3n-Dra.-Ximena-Aguilera.jpg'><img loading=\"lazy\" decoding=\"async\" width=\"200\" height=\"150\" src=\"https:\/\/medicina.udd.cl\/centro-epidemiologia-politicas-salud\/wp-content\/plugins\/wp-async-img-load\/blank.png\" class=\"attachment-medium size-medium lazyload\" alt=\"\" data-src=\"https:\/\/medicina.udd.cl\/centro-epidemiologia-politicas-salud\/files\/2012\/06\/Exposici\u00f3n-Dra.-Ximena-Aguilera.jpg\" \/><\/a><\/p>\n"},"caption":{"rendered":""},"alt_text":"","media_type":"image","mime_type":"image\/jpeg","media_details":{"width":200,"height":150,"file":"2012\/06\/Exposici\u00f3n-Dra.-Ximena-Aguilera.jpg","sizes":{"thumbnail":{"file":"Exposici\u00f3n-Dra.-Ximena-Aguilera-150x150.jpg","width":150,"height":150,"mime_type":"image\/jpeg","source_url":"https:\/\/medicina.udd.cl\/centro-epidemiologia-politicas-salud\/files\/2012\/06\/Exposici\u00f3n-Dra.-Ximena-Aguilera-150x150.jpg"},"newsletter_thumb":{"file":"Exposici\u00f3n-Dra.-Ximena-Aguilera-200x150.jpg","width":200,"height":150,"mime_type":"image\/jpeg","source_url":"https:\/\/medicina.udd.cl\/centro-epidemiologia-politicas-salud\/files\/2012\/06\/Exposici\u00f3n-Dra.-Ximena-Aguilera-200x150.jpg"},"newsletter_column":{"file":"Exposici\u00f3n-Dra.-Ximena-Aguilera-182x140.jpg","width":182,"height":140,"mime_type":"image\/jpeg","source_url":"https:\/\/medicina.udd.cl\/centro-epidemiologia-politicas-salud\/files\/2012\/06\/Exposici\u00f3n-Dra.-Ximena-Aguilera-182x140.jpg"},"newsletter_square":{"file":"Exposici\u00f3n-Dra.-Ximena-Aguilera-62x62.jpg","width":62,"height":62,"mime_type":"image\/jpeg","source_url":"https:\/\/medicina.udd.cl\/centro-epidemiologia-politicas-salud\/files\/2012\/06\/Exposici\u00f3n-Dra.-Ximena-Aguilera-62x62.jpg"},"newsletter_square_large":{"file":"Exposici\u00f3n-Dra.-Ximena-Aguilera-87x62.jpg","width":87,"height":62,"mime_type":"image\/jpeg","source_url":"https:\/\/medicina.udd.cl\/centro-epidemiologia-politicas-salud\/files\/2012\/06\/Exposici\u00f3n-Dra.-Ximena-Aguilera-87x62.jpg"},"landscape-small":{"file":"Exposici\u00f3n-Dra.-Ximena-Aguilera-125x80.jpg","width":125,"height":80,"mime_type":"image\/jpeg","source_url":"https:\/\/medicina.udd.cl\/centro-epidemiologia-politicas-salud\/files\/2012\/06\/Exposici\u00f3n-Dra.-Ximena-Aguilera-125x80.jpg"},"custom_content":{"file":"Exposici\u00f3n-Dra.-Ximena-Aguilera-126x126.jpg","width":126,"height":126,"mime_type":"image\/jpeg","source_url":"https:\/\/medicina.udd.cl\/centro-epidemiologia-politicas-salud\/files\/2012\/06\/Exposici\u00f3n-Dra.-Ximena-Aguilera-126x126.jpg"},"full":{"file":"Exposici\u00f3n-Dra.-Ximena-Aguilera.jpg","width":200,"height":150,"mime_type":"image\/jpeg","source_url":"https:\/\/medicina.udd.cl\/centro-epidemiologia-politicas-salud\/files\/2012\/06\/Exposici\u00f3n-Dra.-Ximena-Aguilera.jpg"}},"image_meta":{"aperture":"3.5","credit":"","camera":"DSC-H1","caption":"","created_timestamp":"1338817307","copyright":"","focal_length":"6","iso":"200","shutter_speed":"0.033333333333333","title":"","orientation":"1","keywords":[]}},"post":219,"source_url":"https:\/\/medicina.udd.cl\/centro-epidemiologia-politicas-salud\/files\/2012\/06\/Exposici\u00f3n-Dra.-Ximena-Aguilera.jpg","_links":{"self":[{"href":"https:\/\/medicina.udd.cl\/centro-epidemiologia-politicas-salud\/wp-json\/wp\/v2\/media\/220","targetHints":{"allow":["GET"]}}],"collection":[{"href":"https:\/\/medicina.udd.cl\/centro-epidemiologia-politicas-salud\/wp-json\/wp\/v2\/media"}],"about":[{"href":"https:\/\/medicina.udd.cl\/centro-epidemiologia-politicas-salud\/wp-json\/wp\/v2\/types\/attachment"}],"author":[{"embeddable":true,"href":"https:\/\/medicina.udd.cl\/centro-epidemiologia-politicas-salud\/wp-json\/wp\/v2\/users\/1"}],"replies":[{"embeddable":true,"href":"https:\/\/medicina.udd.cl\/centro-epidemiologia-politicas-salud\/wp-json\/wp\/v2\/comments?post=220"}],"wp:attached-to":[{"embeddable":true,"post_type":"post","id":219,"href":"https:\/\/medicina.udd.cl\/centro-epidemiologia-politicas-salud\/wp-json\/wp\/v2\/posts\/219"}],"curies":[{"name":"wp","href":"https:\/\/api.w.org\/{rel}","templated":true}]}}

http://medicina.udd.cl/centro-epidemiologia-politicas-salud/files/2012/06/Exposición-Dra.-Ximena-Aguilera.jpg

Exposición Dra. Ximena Aguilera

<!-- This site is optimized with the Yoast SEO plugin v26.9 - https://yoast.com/product/yoast-seo-wordpress/ -->
<title>Exposición Dra. Ximena Aguilera - Centro de Epidemiología y Políticas de Salud</title>
<meta name="robots" content="index, follow, max-snippet:-1, max-image-preview:large, max-video-preview:-1" />
<link rel="canonical" href="https://medicina.udd.cl/centro-epidemiologia-politicas-salud/files/2012/06/Exposición-Dra.-Ximena-Aguilera.jpg" />
<meta property="og:locale" content="es_ES" />
<meta property="og:type" content="article" />
<meta property="og:title" content="Exposición Dra. Ximena Aguilera - Centro de Epidemiología y Políticas de Salud" />
<meta property="og:url" content="https://medicina.udd.cl/centro-epidemiologia-politicas-salud/files/2012/06/Exposición-Dra.-Ximena-Aguilera.jpg" />
<meta property="og:site_name" content="Centro de Epidemiología y Políticas de Salud" />
<meta property="og:image" content="https://medicina.udd.cl/centro-epidemiologia-politicas-salud/files/2012/06/Exposición-Dra.-Ximena-Aguilera.jpg" />
	<meta property="og:image:width" content="200" />
	<meta property="og:image:height" content="150" />
	<meta property="og:image:type" content="image/jpeg" />
<script type="application/ld+json" class="yoast-schema-graph">{"@context":"https://schema.org","@graph":[{"@type":"WebPage","@id":"https://medicina.udd.cl/centro-epidemiologia-politicas-salud/files/2012/06/Exposición-Dra.-Ximena-Aguilera.jpg","url":"https://medicina.udd.cl/centro-epidemiologia-politicas-salud/files/2012/06/Exposición-Dra.-Ximena-Aguilera.jpg","name":"Exposición Dra. Ximena Aguilera - Centro de Epidemiología y Políticas de Salud","isPartOf":{"@id":"https://medicina.udd.cl/centro-epidemiologia-politicas-salud/#website"},"datePublished":"2012-06-19T17:01:25+00:00","breadcrumb":{"@id":"https://medicina.udd.cl/centro-epidemiologia-politicas-salud/files/2012/06/Exposición-Dra.-Ximena-Aguilera.jpg#breadcrumb"},"inLanguage":"es","potentialAction":[{"@type":"ReadAction","target":["https://medicina.udd.cl/centro-epidemiologia-politicas-salud/files/2012/06/Exposición-Dra.-Ximena-Aguilera.jpg"]}]},{"@type":"BreadcrumbList","@id":"https://medicina.udd.cl/centro-epidemiologia-politicas-salud/files/2012/06/Exposición-Dra.-Ximena-Aguilera.jpg#breadcrumb","itemListElement":[{"@type":"ListItem","position":1,"name":"Inicio","item":"https://medicina.udd.cl/centro-epidemiologia-politicas-salud/"},{"@type":"ListItem","position":2,"name":"Directora del CEPS habló sobre el aporte de los médicos veterinarios a la salud pública","item":"https://medicina.udd.cl/centro-epidemiologia-politicas-salud/noticias/2012/06/18/directora-del-ceps-hablo-sobre-el-aporte-de-los-medicos-veterinarios-a-la-salud-publica/"},{"@type":"ListItem","position":3,"name":"Exposición Dra. Ximena Aguilera"}]},{"@type":"WebSite","@id":"https://medicina.udd.cl/centro-epidemiologia-politicas-salud/#website","url":"https://medicina.udd.cl/centro-epidemiologia-politicas-salud/","name":"Centro de Epidemiología y Políticas de Salud","description":"Otro blog más de Medicina","inLanguage":"es"}]}</script>
<!-- / Yoast SEO plugin. -->

Exposición Dra. Ximena Aguilera - Centro de Epidemiología y Políticas de Salud

https://medicina.udd.cl/centro-epidemiologia-politicas-salud/files/2012/06/Exposición-Dra.-Ximena-Aguilera.jpg

Centro de Epidemiología y Políticas de Salud

https://medicina.udd.cl/centro-epidemiologia-politicas-salud/files/2012/06/Exposición-Dra.-Ximena-Aguilera.jpg#breadcrumb

Directora del CEPS habló sobre el aporte de los médicos veterinarios a la salud pública

Otro blog más de Medicina

<p class="attachment"><a href='https://medicina.udd.cl/centro-epidemiologia-politicas-salud/files/2012/06/Exposición-Dra.-Ximena-Aguilera.jpg'><img loading="lazy" decoding="async" width="200" height="150" src="https://medicina.udd.cl/centro-epidemiologia-politicas-salud/wp-content/plugins/wp-async-img-load/blank.png" class="attachment-medium size-medium lazyload" alt="" data-src="https://medicina.udd.cl/centro-epidemiologia-politicas-salud/files/2012/06/Exposición-Dra.-Ximena-Aguilera.jpg" /></a></p>

2012/06/Exposición-Dra.-Ximena-Aguilera.jpg

Exposición-Dra.-Ximena-Aguilera-150x150.jpg

https://medicina.udd.cl/centro-epidemiologia-politicas-salud/files/2012/06/Exposición-Dra.-Ximena-Aguilera-150x150.jpg

Exposición-Dra.-Ximena-Aguilera-200x150.jpg

https://medicina.udd.cl/centro-epidemiologia-politicas-salud/files/2012/06/Exposición-Dra.-Ximena-Aguilera-200x150.jpg

Exposición-Dra.-Ximena-Aguilera-182x140.jpg

https://medicina.udd.cl/centro-epidemiologia-politicas-salud/files/2012/06/Exposición-Dra.-Ximena-Aguilera-182x140.jpg

Exposición-Dra.-Ximena-Aguilera-62x62.jpg

https://medicina.udd.cl/centro-epidemiologia-politicas-salud/files/2012/06/Exposición-Dra.-Ximena-Aguilera-62x62.jpg

Exposición-Dra.-Ximena-Aguilera-87x62.jpg

https://medicina.udd.cl/centro-epidemiologia-politicas-salud/files/2012/06/Exposición-Dra.-Ximena-Aguilera-87x62.jpg

Exposición-Dra.-Ximena-Aguilera-125x80.jpg

https://medicina.udd.cl/centro-epidemiologia-politicas-salud/files/2012/06/Exposición-Dra.-Ximena-Aguilera-125x80.jpg

Exposición-Dra.-Ximena-Aguilera-126x126.jpg

https://medicina.udd.cl/centro-epidemiologia-politicas-salud/files/2012/06/Exposición-Dra.-Ximena-Aguilera-126x126.jpg

Exposición-Dra.-Ximena-Aguilera.jpg
