{"id":2782,"date":"2025-08-07T16:24:37","date_gmt":"2025-08-07T20:24:37","guid":{"rendered":"https:\/\/medicina.udd.cl\/centro-epidemiologia-politicas-salud\/files\/2025\/08\/foto-panel-paola-rubilar_portada.jpeg"},"modified":"2025-08-07T16:24:37","modified_gmt":"2025-08-07T20:24:37","slug":"foto-panel-paola-rubilar_portada","status":"inherit","type":"attachment","link":"https:\/\/medicina.udd.cl\/centro-epidemiologia-politicas-salud\/noticias\/2025\/08\/07\/investigadora-del-ceps-participo-como-expositora-en-panel-del-magister-en-derecho-ambiental-udd\/foto-panel-paola-rubilar_portada\/","title":{"rendered":"Foto panel Paola Rubilar_portada"},"author":9192219,"featured_media":0,"comment_status":"","ping_status":"closed","template":"","meta":[],"class_list":["post-2782","attachment","type-attachment","status-inherit","hentry"],"yoast_head":"<!-- This site is optimized with the Yoast SEO plugin v26.9 - https:\/\/yoast.com\/product\/yoast-seo-wordpress\/ -->\n<title>Foto panel Paola Rubilar_portada - Centro de Epidemiolog\u00eda y Pol\u00edticas de Salud<\/title>\n<meta name=\"robots\" content=\"index, follow, max-snippet:-1, max-image-preview:large, max-video-preview:-1\" \/>\n<link rel=\"canonical\" href=\"https:\/\/medicina.udd.cl\/centro-epidemiologia-politicas-salud\/files\/2025\/08\/foto-panel-paola-rubilar_portada.jpeg\" \/>\n<meta property=\"og:locale\" content=\"es_ES\" \/>\n<meta property=\"og:type\" content=\"article\" \/>\n<meta property=\"og:title\" content=\"Foto panel Paola Rubilar_portada - Centro de Epidemiolog\u00eda y Pol\u00edticas de Salud\" \/>\n<meta property=\"og:url\" content=\"https:\/\/medicina.udd.cl\/centro-epidemiologia-politicas-salud\/files\/2025\/08\/foto-panel-paola-rubilar_portada.jpeg\" \/>\n<meta property=\"og:site_name\" content=\"Centro de Epidemiolog\u00eda y Pol\u00edticas de Salud\" \/>\n<meta property=\"og:image\" content=\"https:\/\/medicina.udd.cl\/centro-epidemiologia-politicas-salud\/files\/2025\/08\/foto-panel-paola-rubilar_portada.jpeg\" \/>\n\t<meta property=\"og:image:width\" content=\"1\" \/>\n\t<meta property=\"og:image:height\" content=\"1\" \/>\n\t<meta property=\"og:image:type\" content=\"image\/jpeg\" \/>\n<script type=\"application\/ld+json\" class=\"yoast-schema-graph\">{\"@context\":\"https:\/\/schema.org\",\"@graph\":[{\"@type\":\"WebPage\",\"@id\":\"https:\/\/medicina.udd.cl\/centro-epidemiologia-politicas-salud\/files\/2025\/08\/foto-panel-paola-rubilar_portada.jpeg\",\"url\":\"https:\/\/medicina.udd.cl\/centro-epidemiologia-politicas-salud\/files\/2025\/08\/foto-panel-paola-rubilar_portada.jpeg\",\"name\":\"Foto panel Paola Rubilar_portada - Centro de Epidemiolog\u00eda y Pol\u00edticas de Salud\",\"isPartOf\":{\"@id\":\"https:\/\/medicina.udd.cl\/centro-epidemiologia-politicas-salud\/#website\"},\"datePublished\":\"2025-08-07T20:24:37+00:00\",\"breadcrumb\":{\"@id\":\"https:\/\/medicina.udd.cl\/centro-epidemiologia-politicas-salud\/files\/2025\/08\/foto-panel-paola-rubilar_portada.jpeg#breadcrumb\"},\"inLanguage\":\"es\",\"potentialAction\":[{\"@type\":\"ReadAction\",\"target\":[\"https:\/\/medicina.udd.cl\/centro-epidemiologia-politicas-salud\/files\/2025\/08\/foto-panel-paola-rubilar_portada.jpeg\"]}]},{\"@type\":\"BreadcrumbList\",\"@id\":\"https:\/\/medicina.udd.cl\/centro-epidemiologia-politicas-salud\/files\/2025\/08\/foto-panel-paola-rubilar_portada.jpeg#breadcrumb\",\"itemListElement\":[{\"@type\":\"ListItem\",\"position\":1,\"name\":\"Inicio\",\"item\":\"https:\/\/medicina.udd.cl\/centro-epidemiologia-politicas-salud\/\"},{\"@type\":\"ListItem\",\"position\":2,\"name\":\"Investigadora del CEPS particip\u00f3 como expositora en panel del Mag\u00edster en Derecho Ambiental UDD\",\"item\":\"https:\/\/medicina.udd.cl\/centro-epidemiologia-politicas-salud\/noticias\/2025\/08\/07\/investigadora-del-ceps-participo-como-expositora-en-panel-del-magister-en-derecho-ambiental-udd\/\"},{\"@type\":\"ListItem\",\"position\":3,\"name\":\"Foto panel Paola Rubilar_portada\"}]},{\"@type\":\"WebSite\",\"@id\":\"https:\/\/medicina.udd.cl\/centro-epidemiologia-politicas-salud\/#website\",\"url\":\"https:\/\/medicina.udd.cl\/centro-epidemiologia-politicas-salud\/\",\"name\":\"Centro de Epidemiolog\u00eda y Pol\u00edticas de Salud\",\"description\":\"Otro blog m\u00e1s de Medicina\",\"inLanguage\":\"es\"}]}<\/script>\n<!-- \/ Yoast SEO plugin. -->","yoast_head_json":{"title":"Foto panel Paola Rubilar_portada - Centro de Epidemiolog\u00eda y Pol\u00edticas de Salud","robots":{"index":"index","follow":"follow","max-snippet":"max-snippet:-1","max-image-preview":"max-image-preview:large","max-video-preview":"max-video-preview:-1"},"canonical":"https:\/\/medicina.udd.cl\/centro-epidemiologia-politicas-salud\/files\/2025\/08\/foto-panel-paola-rubilar_portada.jpeg","og_locale":"es_ES","og_type":"article","og_title":"Foto panel Paola Rubilar_portada - Centro de Epidemiolog\u00eda y Pol\u00edticas de Salud","og_url":"https:\/\/medicina.udd.cl\/centro-epidemiologia-politicas-salud\/files\/2025\/08\/foto-panel-paola-rubilar_portada.jpeg","og_site_name":"Centro de Epidemiolog\u00eda y Pol\u00edticas de Salud","og_image":[{"url":"https:\/\/medicina.udd.cl\/centro-epidemiologia-politicas-salud\/files\/2025\/08\/foto-panel-paola-rubilar_portada.jpeg","width":1,"height":1,"type":"image\/jpeg"}],"schema":{"@context":"https:\/\/schema.org","@graph":[{"@type":"WebPage","@id":"https:\/\/medicina.udd.cl\/centro-epidemiologia-politicas-salud\/files\/2025\/08\/foto-panel-paola-rubilar_portada.jpeg","url":"https:\/\/medicina.udd.cl\/centro-epidemiologia-politicas-salud\/files\/2025\/08\/foto-panel-paola-rubilar_portada.jpeg","name":"Foto panel Paola Rubilar_portada - Centro de Epidemiolog\u00eda y Pol\u00edticas de Salud","isPartOf":{"@id":"https:\/\/medicina.udd.cl\/centro-epidemiologia-politicas-salud\/#website"},"datePublished":"2025-08-07T20:24:37+00:00","breadcrumb":{"@id":"https:\/\/medicina.udd.cl\/centro-epidemiologia-politicas-salud\/files\/2025\/08\/foto-panel-paola-rubilar_portada.jpeg#breadcrumb"},"inLanguage":"es","potentialAction":[{"@type":"ReadAction","target":["https:\/\/medicina.udd.cl\/centro-epidemiologia-politicas-salud\/files\/2025\/08\/foto-panel-paola-rubilar_portada.jpeg"]}]},{"@type":"BreadcrumbList","@id":"https:\/\/medicina.udd.cl\/centro-epidemiologia-politicas-salud\/files\/2025\/08\/foto-panel-paola-rubilar_portada.jpeg#breadcrumb","itemListElement":[{"@type":"ListItem","position":1,"name":"Inicio","item":"https:\/\/medicina.udd.cl\/centro-epidemiologia-politicas-salud\/"},{"@type":"ListItem","position":2,"name":"Investigadora del CEPS particip\u00f3 como expositora en panel del Mag\u00edster en Derecho Ambiental UDD","item":"https:\/\/medicina.udd.cl\/centro-epidemiologia-politicas-salud\/noticias\/2025\/08\/07\/investigadora-del-ceps-participo-como-expositora-en-panel-del-magister-en-derecho-ambiental-udd\/"},{"@type":"ListItem","position":3,"name":"Foto panel Paola Rubilar_portada"}]},{"@type":"WebSite","@id":"https:\/\/medicina.udd.cl\/centro-epidemiologia-politicas-salud\/#website","url":"https:\/\/medicina.udd.cl\/centro-epidemiologia-politicas-salud\/","name":"Centro de Epidemiolog\u00eda y Pol\u00edticas de Salud","description":"Otro blog m\u00e1s de Medicina","inLanguage":"es"}]}},"description":{"rendered":"<p class=\"attachment\"><a href='https:\/\/medicina.udd.cl\/centro-epidemiologia-politicas-salud\/files\/2025\/08\/foto-panel-paola-rubilar_portada.jpeg'><img loading=\"lazy\" decoding=\"async\" width=\"300\" height=\"169\" src=\"https:\/\/medicina.udd.cl\/centro-epidemiologia-politicas-salud\/wp-content\/plugins\/wp-async-img-load\/blank.png\" class=\"attachment-medium size-medium lazyload\" alt=\"\" sizes=\"auto, (max-width: 300px) 100vw, 300px\" data-src=\"https:\/\/medicina.udd.cl\/centro-epidemiologia-politicas-salud\/files\/2025\/08\/foto-panel-paola-rubilar_portada-300x169.jpeg\" data-srcset=\"https:\/\/medicina.udd.cl\/centro-epidemiologia-politicas-salud\/files\/2025\/08\/foto-panel-paola-rubilar_portada-300x169.jpeg 300w, https:\/\/medicina.udd.cl\/centro-epidemiologia-politicas-salud\/files\/2025\/08\/foto-panel-paola-rubilar_portada-768x432.jpeg 768w, https:\/\/medicina.udd.cl\/centro-epidemiologia-politicas-salud\/files\/2025\/08\/foto-panel-paola-rubilar_portada-680x382.jpeg 680w, https:\/\/medicina.udd.cl\/centro-epidemiologia-politicas-salud\/files\/2025\/08\/foto-panel-paola-rubilar_portada.jpeg 880w\" \/><\/a><\/p>\n"},"caption":{"rendered":""},"alt_text":"","media_type":"image","mime_type":"image\/jpeg","media_details":{"width":880,"height":495,"file":"2025\/08\/foto-panel-paola-rubilar_portada.jpeg","filesize":107701,"sizes":{"medium":{"file":"foto-panel-paola-rubilar_portada-300x169.jpeg","width":300,"height":169,"filesize":11013,"mime_type":"image\/jpeg","source_url":"https:\/\/medicina.udd.cl\/centro-epidemiologia-politicas-salud\/files\/2025\/08\/foto-panel-paola-rubilar_portada-300x169.jpeg"},"thumbnail":{"file":"foto-panel-paola-rubilar_portada-150x150.jpeg","width":150,"height":150,"filesize":5741,"mime_type":"image\/jpeg","source_url":"https:\/\/medicina.udd.cl\/centro-epidemiologia-politicas-salud\/files\/2025\/08\/foto-panel-paola-rubilar_portada-150x150.jpeg"},"medium_large":{"file":"foto-panel-paola-rubilar_portada-768x432.jpeg","width":768,"height":432,"filesize":54245,"mime_type":"image\/jpeg","source_url":"https:\/\/medicina.udd.cl\/centro-epidemiologia-politicas-salud\/files\/2025\/08\/foto-panel-paola-rubilar_portada-768x432.jpeg"},"newsletter_featured":{"file":"foto-panel-paola-rubilar_portada-316x224.jpeg","width":316,"height":224,"filesize":14152,"mime_type":"image\/jpeg","source_url":"https:\/\/medicina.udd.cl\/centro-epidemiologia-politicas-salud\/files\/2025\/08\/foto-panel-paola-rubilar_portada-316x224.jpeg"},"newsletter_first":{"file":"foto-panel-paola-rubilar_portada-286x205.jpeg","width":286,"height":205,"filesize":12256,"mime_type":"image\/jpeg","source_url":"https:\/\/medicina.udd.cl\/centro-epidemiologia-politicas-salud\/files\/2025\/08\/foto-panel-paola-rubilar_portada-286x205.jpeg"},"newsletter_thumb":{"file":"foto-panel-paola-rubilar_portada-288x150.jpeg","width":288,"height":150,"filesize":9527,"mime_type":"image\/jpeg","source_url":"https:\/\/medicina.udd.cl\/centro-epidemiologia-politicas-salud\/files\/2025\/08\/foto-panel-paola-rubilar_portada-288x150.jpeg"},"newsletter_column":{"file":"foto-panel-paola-rubilar_portada-182x140.jpeg","width":182,"height":140,"filesize":6448,"mime_type":"image\/jpeg","source_url":"https:\/\/medicina.udd.cl\/centro-epidemiologia-politicas-salud\/files\/2025\/08\/foto-panel-paola-rubilar_portada-182x140.jpeg"},"newsletter_square":{"file":"foto-panel-paola-rubilar_portada-62x62.jpeg","width":62,"height":62,"filesize":1644,"mime_type":"image\/jpeg","source_url":"https:\/\/medicina.udd.cl\/centro-epidemiologia-politicas-salud\/files\/2025\/08\/foto-panel-paola-rubilar_portada-62x62.jpeg"},"newsletter_square_large":{"file":"foto-panel-paola-rubilar_portada-87x62.jpeg","width":87,"height":62,"filesize":2065,"mime_type":"image\/jpeg","source_url":"https:\/\/medicina.udd.cl\/centro-epidemiologia-politicas-salud\/files\/2025\/08\/foto-panel-paola-rubilar_portada-87x62.jpeg"},"landscape_680":{"file":"foto-panel-paola-rubilar_portada-680x382.jpeg","width":680,"height":382,"filesize":43491,"mime_type":"image\/jpeg","source_url":"https:\/\/medicina.udd.cl\/centro-epidemiologia-politicas-salud\/files\/2025\/08\/foto-panel-paola-rubilar_portada-680x382.jpeg"},"square_750":{"file":"foto-panel-paola-rubilar_portada-750x495.jpeg","width":750,"height":495,"filesize":71012,"mime_type":"image\/jpeg","source_url":"https:\/\/medicina.udd.cl\/centro-epidemiologia-politicas-salud\/files\/2025\/08\/foto-panel-paola-rubilar_portada-750x495.jpeg"},"square_500":{"file":"foto-panel-paola-rubilar_portada-500x495.jpeg","width":500,"height":495,"filesize":48243,"mime_type":"image\/jpeg","source_url":"https:\/\/medicina.udd.cl\/centro-epidemiologia-politicas-salud\/files\/2025\/08\/foto-panel-paola-rubilar_portada-500x495.jpeg"},"square_200":{"file":"foto-panel-paola-rubilar_portada-250x250.jpeg","width":250,"height":250,"filesize":12792,"mime_type":"image\/jpeg","source_url":"https:\/\/medicina.udd.cl\/centro-epidemiologia-politicas-salud\/files\/2025\/08\/foto-panel-paola-rubilar_portada-250x250.jpeg"},"custom_content":{"file":"foto-panel-paola-rubilar_portada-126x126.jpeg","width":126,"height":126,"filesize":4343,"mime_type":"image\/jpeg","source_url":"https:\/\/medicina.udd.cl\/centro-epidemiologia-politicas-salud\/files\/2025\/08\/foto-panel-paola-rubilar_portada-126x126.jpeg"},"full":{"file":"foto-panel-paola-rubilar_portada.jpeg","width":880,"height":495,"mime_type":"image\/jpeg","source_url":"https:\/\/medicina.udd.cl\/centro-epidemiologia-politicas-salud\/files\/2025\/08\/foto-panel-paola-rubilar_portada.jpeg"}},"image_meta":{"aperture":"0","credit":"","camera":"","caption":"","created_timestamp":"0","copyright":"","focal_length":"0","iso":"0","shutter_speed":"0","title":"","orientation":"0","keywords":[]}},"post":2779,"source_url":"https:\/\/medicina.udd.cl\/centro-epidemiologia-politicas-salud\/files\/2025\/08\/foto-panel-paola-rubilar_portada.jpeg","_links":{"self":[{"href":"https:\/\/medicina.udd.cl\/centro-epidemiologia-politicas-salud\/wp-json\/wp\/v2\/media\/2782","targetHints":{"allow":["GET"]}}],"collection":[{"href":"https:\/\/medicina.udd.cl\/centro-epidemiologia-politicas-salud\/wp-json\/wp\/v2\/media"}],"about":[{"href":"https:\/\/medicina.udd.cl\/centro-epidemiologia-politicas-salud\/wp-json\/wp\/v2\/types\/attachment"}],"author":[{"embeddable":true,"href":"https:\/\/medicina.udd.cl\/centro-epidemiologia-politicas-salud\/wp-json\/wp\/v2\/users\/9192219"}],"replies":[{"embeddable":true,"href":"https:\/\/medicina.udd.cl\/centro-epidemiologia-politicas-salud\/wp-json\/wp\/v2\/comments?post=2782"}],"wp:attached-to":[{"embeddable":true,"post_type":"post","id":2779,"href":"https:\/\/medicina.udd.cl\/centro-epidemiologia-politicas-salud\/wp-json\/wp\/v2\/posts\/2779"}],"curies":[{"name":"wp","href":"https:\/\/api.w.org\/{rel}","templated":true}]}}

<!-- This site is optimized with the Yoast SEO plugin v26.9 - https://yoast.com/product/yoast-seo-wordpress/ -->
<title>Foto panel Paola Rubilar_portada - Centro de Epidemiología y Políticas de Salud</title>
<meta name="robots" content="index, follow, max-snippet:-1, max-image-preview:large, max-video-preview:-1" />
<link rel="canonical" href="https://medicina.udd.cl/centro-epidemiologia-politicas-salud/files/2025/08/foto-panel-paola-rubilar_portada.jpeg" />
<meta property="og:locale" content="es_ES" />
<meta property="og:type" content="article" />
<meta property="og:title" content="Foto panel Paola Rubilar_portada - Centro de Epidemiología y Políticas de Salud" />
<meta property="og:url" content="https://medicina.udd.cl/centro-epidemiologia-politicas-salud/files/2025/08/foto-panel-paola-rubilar_portada.jpeg" />
<meta property="og:site_name" content="Centro de Epidemiología y Políticas de Salud" />
<meta property="og:image" content="https://medicina.udd.cl/centro-epidemiologia-politicas-salud/files/2025/08/foto-panel-paola-rubilar_portada.jpeg" />
	<meta property="og:image:width" content="1" />
	<meta property="og:image:height" content="1" />
	<meta property="og:image:type" content="image/jpeg" />
<script type="application/ld+json" class="yoast-schema-graph">{"@context":"https://schema.org","@graph":[{"@type":"WebPage","@id":"https://medicina.udd.cl/centro-epidemiologia-politicas-salud/files/2025/08/foto-panel-paola-rubilar_portada.jpeg","url":"https://medicina.udd.cl/centro-epidemiologia-politicas-salud/files/2025/08/foto-panel-paola-rubilar_portada.jpeg","name":"Foto panel Paola Rubilar_portada - Centro de Epidemiología y Políticas de Salud","isPartOf":{"@id":"https://medicina.udd.cl/centro-epidemiologia-politicas-salud/#website"},"datePublished":"2025-08-07T20:24:37+00:00","breadcrumb":{"@id":"https://medicina.udd.cl/centro-epidemiologia-politicas-salud/files/2025/08/foto-panel-paola-rubilar_portada.jpeg#breadcrumb"},"inLanguage":"es","potentialAction":[{"@type":"ReadAction","target":["https://medicina.udd.cl/centro-epidemiologia-politicas-salud/files/2025/08/foto-panel-paola-rubilar_portada.jpeg"]}]},{"@type":"BreadcrumbList","@id":"https://medicina.udd.cl/centro-epidemiologia-politicas-salud/files/2025/08/foto-panel-paola-rubilar_portada.jpeg#breadcrumb","itemListElement":[{"@type":"ListItem","position":1,"name":"Inicio","item":"https://medicina.udd.cl/centro-epidemiologia-politicas-salud/"},{"@type":"ListItem","position":2,"name":"Investigadora del CEPS participó como expositora en panel del Magíster en Derecho Ambiental UDD","item":"https://medicina.udd.cl/centro-epidemiologia-politicas-salud/noticias/2025/08/07/investigadora-del-ceps-participo-como-expositora-en-panel-del-magister-en-derecho-ambiental-udd/"},{"@type":"ListItem","position":3,"name":"Foto panel Paola Rubilar_portada"}]},{"@type":"WebSite","@id":"https://medicina.udd.cl/centro-epidemiologia-politicas-salud/#website","url":"https://medicina.udd.cl/centro-epidemiologia-politicas-salud/","name":"Centro de Epidemiología y Políticas de Salud","description":"Otro blog más de Medicina","inLanguage":"es"}]}</script>
<!-- / Yoast SEO plugin. -->

Foto panel Paola Rubilar_portada - Centro de Epidemiología y Políticas de Salud

Centro de Epidemiología y Políticas de Salud

Investigadora del CEPS participó como expositora en panel del Magíster en Derecho Ambiental UDD

Otro blog más de Medicina
