{"id":2814,"date":"2025-11-25T13:13:46","date_gmt":"2025-11-25T16:13:46","guid":{"rendered":"https:\/\/medicina.udd.cl\/centro-epidemiologia-politicas-salud\/files\/2025\/11\/presentacion-macarena.jpeg"},"modified":"2025-11-25T13:13:46","modified_gmt":"2025-11-25T16:13:46","slug":"presentacion-macarena","status":"inherit","type":"attachment","link":"https:\/\/medicina.udd.cl\/centro-epidemiologia-politicas-salud\/noticias\/2025\/11\/25\/equipo-del-ceps-udd-destaca-en-el-viii-congreso-chileno-de-salud-publica-y-x-congreso-de-epidemiologia\/presentacion-macarena\/","title":{"rendered":"Presentaci\u00f3n Macarena"},"author":9192219,"featured_media":0,"comment_status":"","ping_status":"closed","template":"","meta":[],"class_list":["post-2814","attachment","type-attachment","status-inherit","hentry"],"yoast_head":"<!-- This site is optimized with the Yoast SEO plugin v26.9 - https:\/\/yoast.com\/product\/yoast-seo-wordpress\/ -->\n<title>Presentaci\u00f3n Macarena - Centro de Epidemiolog\u00eda y Pol\u00edticas de Salud<\/title>\n<meta name=\"robots\" content=\"index, follow, max-snippet:-1, max-image-preview:large, max-video-preview:-1\" \/>\n<link rel=\"canonical\" href=\"https:\/\/medicina.udd.cl\/centro-epidemiologia-politicas-salud\/files\/2025\/11\/presentacion-macarena.jpeg\" \/>\n<meta property=\"og:locale\" content=\"es_ES\" \/>\n<meta property=\"og:type\" content=\"article\" \/>\n<meta property=\"og:title\" content=\"Presentaci\u00f3n Macarena - Centro de Epidemiolog\u00eda y Pol\u00edticas de Salud\" \/>\n<meta property=\"og:url\" content=\"https:\/\/medicina.udd.cl\/centro-epidemiologia-politicas-salud\/files\/2025\/11\/presentacion-macarena.jpeg\" \/>\n<meta property=\"og:site_name\" content=\"Centro de Epidemiolog\u00eda y Pol\u00edticas de Salud\" \/>\n<meta property=\"og:image\" content=\"https:\/\/medicina.udd.cl\/centro-epidemiologia-politicas-salud\/files\/2025\/11\/presentacion-macarena.jpeg\" \/>\n\t<meta property=\"og:image:width\" content=\"1\" \/>\n\t<meta property=\"og:image:height\" content=\"1\" \/>\n\t<meta property=\"og:image:type\" content=\"image\/jpeg\" \/>\n<script type=\"application\/ld+json\" class=\"yoast-schema-graph\">{\"@context\":\"https:\/\/schema.org\",\"@graph\":[{\"@type\":\"WebPage\",\"@id\":\"https:\/\/medicina.udd.cl\/centro-epidemiologia-politicas-salud\/files\/2025\/11\/presentacion-macarena.jpeg\",\"url\":\"https:\/\/medicina.udd.cl\/centro-epidemiologia-politicas-salud\/files\/2025\/11\/presentacion-macarena.jpeg\",\"name\":\"Presentaci\u00f3n Macarena - Centro de Epidemiolog\u00eda y Pol\u00edticas de Salud\",\"isPartOf\":{\"@id\":\"https:\/\/medicina.udd.cl\/centro-epidemiologia-politicas-salud\/#website\"},\"datePublished\":\"2025-11-25T16:13:46+00:00\",\"breadcrumb\":{\"@id\":\"https:\/\/medicina.udd.cl\/centro-epidemiologia-politicas-salud\/files\/2025\/11\/presentacion-macarena.jpeg#breadcrumb\"},\"inLanguage\":\"es\",\"potentialAction\":[{\"@type\":\"ReadAction\",\"target\":[\"https:\/\/medicina.udd.cl\/centro-epidemiologia-politicas-salud\/files\/2025\/11\/presentacion-macarena.jpeg\"]}]},{\"@type\":\"BreadcrumbList\",\"@id\":\"https:\/\/medicina.udd.cl\/centro-epidemiologia-politicas-salud\/files\/2025\/11\/presentacion-macarena.jpeg#breadcrumb\",\"itemListElement\":[{\"@type\":\"ListItem\",\"position\":1,\"name\":\"Inicio\",\"item\":\"https:\/\/medicina.udd.cl\/centro-epidemiologia-politicas-salud\/\"},{\"@type\":\"ListItem\",\"position\":2,\"name\":\"Equipo del CEPS UDD destaca en el VIII Congreso Chileno de Salud P\u00fablica y X Congreso de Epidemiolog\u00eda\",\"item\":\"https:\/\/medicina.udd.cl\/centro-epidemiologia-politicas-salud\/noticias\/2025\/11\/25\/equipo-del-ceps-udd-destaca-en-el-viii-congreso-chileno-de-salud-publica-y-x-congreso-de-epidemiologia\/\"},{\"@type\":\"ListItem\",\"position\":3,\"name\":\"Presentaci\u00f3n Macarena\"}]},{\"@type\":\"WebSite\",\"@id\":\"https:\/\/medicina.udd.cl\/centro-epidemiologia-politicas-salud\/#website\",\"url\":\"https:\/\/medicina.udd.cl\/centro-epidemiologia-politicas-salud\/\",\"name\":\"Centro de Epidemiolog\u00eda y Pol\u00edticas de Salud\",\"description\":\"Otro blog m\u00e1s de Medicina\",\"inLanguage\":\"es\"}]}<\/script>\n<!-- \/ Yoast SEO plugin. -->","yoast_head_json":{"title":"Presentaci\u00f3n Macarena - Centro de Epidemiolog\u00eda y Pol\u00edticas de Salud","robots":{"index":"index","follow":"follow","max-snippet":"max-snippet:-1","max-image-preview":"max-image-preview:large","max-video-preview":"max-video-preview:-1"},"canonical":"https:\/\/medicina.udd.cl\/centro-epidemiologia-politicas-salud\/files\/2025\/11\/presentacion-macarena.jpeg","og_locale":"es_ES","og_type":"article","og_title":"Presentaci\u00f3n Macarena - Centro de Epidemiolog\u00eda y Pol\u00edticas de Salud","og_url":"https:\/\/medicina.udd.cl\/centro-epidemiologia-politicas-salud\/files\/2025\/11\/presentacion-macarena.jpeg","og_site_name":"Centro de Epidemiolog\u00eda y Pol\u00edticas de Salud","og_image":[{"url":"https:\/\/medicina.udd.cl\/centro-epidemiologia-politicas-salud\/files\/2025\/11\/presentacion-macarena.jpeg","width":1,"height":1,"type":"image\/jpeg"}],"schema":{"@context":"https:\/\/schema.org","@graph":[{"@type":"WebPage","@id":"https:\/\/medicina.udd.cl\/centro-epidemiologia-politicas-salud\/files\/2025\/11\/presentacion-macarena.jpeg","url":"https:\/\/medicina.udd.cl\/centro-epidemiologia-politicas-salud\/files\/2025\/11\/presentacion-macarena.jpeg","name":"Presentaci\u00f3n Macarena - Centro de Epidemiolog\u00eda y Pol\u00edticas de Salud","isPartOf":{"@id":"https:\/\/medicina.udd.cl\/centro-epidemiologia-politicas-salud\/#website"},"datePublished":"2025-11-25T16:13:46+00:00","breadcrumb":{"@id":"https:\/\/medicina.udd.cl\/centro-epidemiologia-politicas-salud\/files\/2025\/11\/presentacion-macarena.jpeg#breadcrumb"},"inLanguage":"es","potentialAction":[{"@type":"ReadAction","target":["https:\/\/medicina.udd.cl\/centro-epidemiologia-politicas-salud\/files\/2025\/11\/presentacion-macarena.jpeg"]}]},{"@type":"BreadcrumbList","@id":"https:\/\/medicina.udd.cl\/centro-epidemiologia-politicas-salud\/files\/2025\/11\/presentacion-macarena.jpeg#breadcrumb","itemListElement":[{"@type":"ListItem","position":1,"name":"Inicio","item":"https:\/\/medicina.udd.cl\/centro-epidemiologia-politicas-salud\/"},{"@type":"ListItem","position":2,"name":"Equipo del CEPS UDD destaca en el VIII Congreso Chileno de Salud P\u00fablica y X Congreso de Epidemiolog\u00eda","item":"https:\/\/medicina.udd.cl\/centro-epidemiologia-politicas-salud\/noticias\/2025\/11\/25\/equipo-del-ceps-udd-destaca-en-el-viii-congreso-chileno-de-salud-publica-y-x-congreso-de-epidemiologia\/"},{"@type":"ListItem","position":3,"name":"Presentaci\u00f3n Macarena"}]},{"@type":"WebSite","@id":"https:\/\/medicina.udd.cl\/centro-epidemiologia-politicas-salud\/#website","url":"https:\/\/medicina.udd.cl\/centro-epidemiologia-politicas-salud\/","name":"Centro de Epidemiolog\u00eda y Pol\u00edticas de Salud","description":"Otro blog m\u00e1s de Medicina","inLanguage":"es"}]}},"description":{"rendered":"<p class=\"attachment\"><a href='https:\/\/medicina.udd.cl\/centro-epidemiologia-politicas-salud\/files\/2025\/11\/presentacion-macarena.jpeg'><img loading=\"lazy\" decoding=\"async\" width=\"300\" height=\"225\" src=\"https:\/\/medicina.udd.cl\/centro-epidemiologia-politicas-salud\/wp-content\/plugins\/wp-async-img-load\/blank.png\" class=\"attachment-medium size-medium lazyload\" alt=\"\" sizes=\"auto, (max-width: 300px) 100vw, 300px\" data-src=\"https:\/\/medicina.udd.cl\/centro-epidemiologia-politicas-salud\/files\/2025\/11\/presentacion-macarena-300x225.jpeg\" data-srcset=\"https:\/\/medicina.udd.cl\/centro-epidemiologia-politicas-salud\/files\/2025\/11\/presentacion-macarena-300x225.jpeg 300w, https:\/\/medicina.udd.cl\/centro-epidemiologia-politicas-salud\/files\/2025\/11\/presentacion-macarena-1024x768.jpeg 1024w, https:\/\/medicina.udd.cl\/centro-epidemiologia-politicas-salud\/files\/2025\/11\/presentacion-macarena-768x576.jpeg 768w, https:\/\/medicina.udd.cl\/centro-epidemiologia-politicas-salud\/files\/2025\/11\/presentacion-macarena.jpeg 1280w\" \/><\/a><\/p>\n"},"caption":{"rendered":""},"alt_text":"","media_type":"image","mime_type":"image\/jpeg","media_details":{"width":1280,"height":960,"file":"2025\/11\/presentacion-macarena.jpeg","filesize":97178,"sizes":{"medium":{"file":"presentacion-macarena-300x225.jpeg","width":300,"height":225,"filesize":10954,"mime_type":"image\/jpeg","source_url":"https:\/\/medicina.udd.cl\/centro-epidemiologia-politicas-salud\/files\/2025\/11\/presentacion-macarena-300x225.jpeg"},"large":{"file":"presentacion-macarena-1024x768.jpeg","width":1024,"height":768,"filesize":77668,"mime_type":"image\/jpeg","source_url":"https:\/\/medicina.udd.cl\/centro-epidemiologia-politicas-salud\/files\/2025\/11\/presentacion-macarena-1024x768.jpeg"},"thumbnail":{"file":"presentacion-macarena-150x150.jpeg","width":150,"height":150,"filesize":4808,"mime_type":"image\/jpeg","source_url":"https:\/\/medicina.udd.cl\/centro-epidemiologia-politicas-salud\/files\/2025\/11\/presentacion-macarena-150x150.jpeg"},"medium_large":{"file":"presentacion-macarena-768x576.jpeg","width":768,"height":576,"filesize":48676,"mime_type":"image\/jpeg","source_url":"https:\/\/medicina.udd.cl\/centro-epidemiologia-politicas-salud\/files\/2025\/11\/presentacion-macarena-768x576.jpeg"},"newsletter_featured":{"file":"presentacion-macarena-316x224.jpeg","width":316,"height":224,"filesize":11121,"mime_type":"image\/jpeg","source_url":"https:\/\/medicina.udd.cl\/centro-epidemiologia-politicas-salud\/files\/2025\/11\/presentacion-macarena-316x224.jpeg"},"newsletter_first":{"file":"presentacion-macarena-286x205.jpeg","width":286,"height":205,"filesize":9655,"mime_type":"image\/jpeg","source_url":"https:\/\/medicina.udd.cl\/centro-epidemiologia-politicas-salud\/files\/2025\/11\/presentacion-macarena-286x205.jpeg"},"newsletter_thumb":{"file":"presentacion-macarena-288x150.jpeg","width":288,"height":150,"filesize":6662,"mime_type":"image\/jpeg","source_url":"https:\/\/medicina.udd.cl\/centro-epidemiologia-politicas-salud\/files\/2025\/11\/presentacion-macarena-288x150.jpeg"},"newsletter_column":{"file":"presentacion-macarena-182x140.jpeg","width":182,"height":140,"filesize":5318,"mime_type":"image\/jpeg","source_url":"https:\/\/medicina.udd.cl\/centro-epidemiologia-politicas-salud\/files\/2025\/11\/presentacion-macarena-182x140.jpeg"},"newsletter_square":{"file":"presentacion-macarena-62x62.jpeg","width":62,"height":62,"filesize":1407,"mime_type":"image\/jpeg","source_url":"https:\/\/medicina.udd.cl\/centro-epidemiologia-politicas-salud\/files\/2025\/11\/presentacion-macarena-62x62.jpeg"},"newsletter_square_large":{"file":"presentacion-macarena-87x62.jpeg","width":87,"height":62,"filesize":1816,"mime_type":"image\/jpeg","source_url":"https:\/\/medicina.udd.cl\/centro-epidemiologia-politicas-salud\/files\/2025\/11\/presentacion-macarena-87x62.jpeg"},"landscape_1366":{"file":"presentacion-macarena-1280x768.jpeg","width":1280,"height":768,"filesize":79543,"mime_type":"image\/jpeg","source_url":"https:\/\/medicina.udd.cl\/centro-epidemiologia-politicas-salud\/files\/2025\/11\/presentacion-macarena-1280x768.jpeg"},"landscape_952":{"file":"presentacion-macarena-952x534.jpeg","width":952,"height":534,"filesize":47967,"mime_type":"image\/jpeg","source_url":"https:\/\/medicina.udd.cl\/centro-epidemiologia-politicas-salud\/files\/2025\/11\/presentacion-macarena-952x534.jpeg"},"landscape_680":{"file":"presentacion-macarena-680x382.jpeg","width":680,"height":382,"filesize":27976,"mime_type":"image\/jpeg","source_url":"https:\/\/medicina.udd.cl\/centro-epidemiologia-politicas-salud\/files\/2025\/11\/presentacion-macarena-680x382.jpeg"},"square_750":{"file":"presentacion-macarena-750x750.jpeg","width":750,"height":750,"filesize":60292,"mime_type":"image\/jpeg","source_url":"https:\/\/medicina.udd.cl\/centro-epidemiologia-politicas-salud\/files\/2025\/11\/presentacion-macarena-750x750.jpeg"},"square_500":{"file":"presentacion-macarena-500x500.jpeg","width":500,"height":500,"filesize":31426,"mime_type":"image\/jpeg","source_url":"https:\/\/medicina.udd.cl\/centro-epidemiologia-politicas-salud\/files\/2025\/11\/presentacion-macarena-500x500.jpeg"},"square_200":{"file":"presentacion-macarena-250x250.jpeg","width":250,"height":250,"filesize":10370,"mime_type":"image\/jpeg","source_url":"https:\/\/medicina.udd.cl\/centro-epidemiologia-politicas-salud\/files\/2025\/11\/presentacion-macarena-250x250.jpeg"},"post-thumbnail":{"file":"presentacion-macarena-952x534.jpeg","width":952,"height":534,"filesize":47967,"mime_type":"image\/jpeg","source_url":"https:\/\/medicina.udd.cl\/centro-epidemiologia-politicas-salud\/files\/2025\/11\/presentacion-macarena-952x534.jpeg"},"custom_content":{"file":"presentacion-macarena-126x126.jpeg","width":126,"height":126,"filesize":3724,"mime_type":"image\/jpeg","source_url":"https:\/\/medicina.udd.cl\/centro-epidemiologia-politicas-salud\/files\/2025\/11\/presentacion-macarena-126x126.jpeg"},"full":{"file":"presentacion-macarena.jpeg","width":1280,"height":960,"mime_type":"image\/jpeg","source_url":"https:\/\/medicina.udd.cl\/centro-epidemiologia-politicas-salud\/files\/2025\/11\/presentacion-macarena.jpeg"}},"image_meta":{"aperture":"0","credit":"","camera":"","caption":"","created_timestamp":"0","copyright":"","focal_length":"0","iso":"0","shutter_speed":"0","title":"","orientation":"0","keywords":[]}},"post":2813,"source_url":"https:\/\/medicina.udd.cl\/centro-epidemiologia-politicas-salud\/files\/2025\/11\/presentacion-macarena.jpeg","_links":{"self":[{"href":"https:\/\/medicina.udd.cl\/centro-epidemiologia-politicas-salud\/wp-json\/wp\/v2\/media\/2814","targetHints":{"allow":["GET"]}}],"collection":[{"href":"https:\/\/medicina.udd.cl\/centro-epidemiologia-politicas-salud\/wp-json\/wp\/v2\/media"}],"about":[{"href":"https:\/\/medicina.udd.cl\/centro-epidemiologia-politicas-salud\/wp-json\/wp\/v2\/types\/attachment"}],"author":[{"embeddable":true,"href":"https:\/\/medicina.udd.cl\/centro-epidemiologia-politicas-salud\/wp-json\/wp\/v2\/users\/9192219"}],"replies":[{"embeddable":true,"href":"https:\/\/medicina.udd.cl\/centro-epidemiologia-politicas-salud\/wp-json\/wp\/v2\/comments?post=2814"}],"wp:attached-to":[{"embeddable":true,"post_type":"post","id":2813,"href":"https:\/\/medicina.udd.cl\/centro-epidemiologia-politicas-salud\/wp-json\/wp\/v2\/posts\/2813"}],"curies":[{"name":"wp","href":"https:\/\/api.w.org\/{rel}","templated":true}]}}

Presentación Macarena

<!-- This site is optimized with the Yoast SEO plugin v26.9 - https://yoast.com/product/yoast-seo-wordpress/ -->
<title>Presentación Macarena - Centro de Epidemiología y Políticas de Salud</title>
<meta name="robots" content="index, follow, max-snippet:-1, max-image-preview:large, max-video-preview:-1" />
<link rel="canonical" href="https://medicina.udd.cl/centro-epidemiologia-politicas-salud/files/2025/11/presentacion-macarena.jpeg" />
<meta property="og:locale" content="es_ES" />
<meta property="og:type" content="article" />
<meta property="og:title" content="Presentación Macarena - Centro de Epidemiología y Políticas de Salud" />
<meta property="og:url" content="https://medicina.udd.cl/centro-epidemiologia-politicas-salud/files/2025/11/presentacion-macarena.jpeg" />
<meta property="og:site_name" content="Centro de Epidemiología y Políticas de Salud" />
<meta property="og:image" content="https://medicina.udd.cl/centro-epidemiologia-politicas-salud/files/2025/11/presentacion-macarena.jpeg" />
	<meta property="og:image:width" content="1" />
	<meta property="og:image:height" content="1" />
	<meta property="og:image:type" content="image/jpeg" />
<script type="application/ld+json" class="yoast-schema-graph">{"@context":"https://schema.org","@graph":[{"@type":"WebPage","@id":"https://medicina.udd.cl/centro-epidemiologia-politicas-salud/files/2025/11/presentacion-macarena.jpeg","url":"https://medicina.udd.cl/centro-epidemiologia-politicas-salud/files/2025/11/presentacion-macarena.jpeg","name":"Presentación Macarena - Centro de Epidemiología y Políticas de Salud","isPartOf":{"@id":"https://medicina.udd.cl/centro-epidemiologia-politicas-salud/#website"},"datePublished":"2025-11-25T16:13:46+00:00","breadcrumb":{"@id":"https://medicina.udd.cl/centro-epidemiologia-politicas-salud/files/2025/11/presentacion-macarena.jpeg#breadcrumb"},"inLanguage":"es","potentialAction":[{"@type":"ReadAction","target":["https://medicina.udd.cl/centro-epidemiologia-politicas-salud/files/2025/11/presentacion-macarena.jpeg"]}]},{"@type":"BreadcrumbList","@id":"https://medicina.udd.cl/centro-epidemiologia-politicas-salud/files/2025/11/presentacion-macarena.jpeg#breadcrumb","itemListElement":[{"@type":"ListItem","position":1,"name":"Inicio","item":"https://medicina.udd.cl/centro-epidemiologia-politicas-salud/"},{"@type":"ListItem","position":2,"name":"Equipo del CEPS UDD destaca en el VIII Congreso Chileno de Salud Pública y X Congreso de Epidemiología","item":"https://medicina.udd.cl/centro-epidemiologia-politicas-salud/noticias/2025/11/25/equipo-del-ceps-udd-destaca-en-el-viii-congreso-chileno-de-salud-publica-y-x-congreso-de-epidemiologia/"},{"@type":"ListItem","position":3,"name":"Presentación Macarena"}]},{"@type":"WebSite","@id":"https://medicina.udd.cl/centro-epidemiologia-politicas-salud/#website","url":"https://medicina.udd.cl/centro-epidemiologia-politicas-salud/","name":"Centro de Epidemiología y Políticas de Salud","description":"Otro blog más de Medicina","inLanguage":"es"}]}</script>
<!-- / Yoast SEO plugin. -->

Presentación Macarena - Centro de Epidemiología y Políticas de Salud

Centro de Epidemiología y Políticas de Salud

Equipo del CEPS UDD destaca en el VIII Congreso Chileno de Salud Pública y X Congreso de Epidemiología

Otro blog más de Medicina
