{"id":2823,"date":"2025-12-02T17:23:29","date_gmt":"2025-12-02T20:23:29","guid":{"rendered":"https:\/\/medicina.udd.cl\/centro-epidemiologia-politicas-salud\/files\/2025\/12\/pacientes-hospitalizados-por.jpg"},"modified":"2025-12-02T17:23:29","modified_gmt":"2025-12-02T20:23:29","slug":"pacientes-hospitalizados-por","status":"inherit","type":"attachment","link":"https:\/\/medicina.udd.cl\/centro-epidemiologia-politicas-salud\/noticias\/2025\/12\/01\/estudio-liderado-por-academicos-udd-revela-que-casi-la-mitad-de-pacientes-hospitalizados-por-cancer-en-chile-presentan-dos-o-mas-enfermedades-cronicas\/pacientes-hospitalizados-por\/","title":{"rendered":"pacientes hospitalizados por &#8230;"},"author":9192219,"featured_media":0,"comment_status":"","ping_status":"closed","template":"","meta":[],"class_list":["post-2823","attachment","type-attachment","status-inherit","hentry"],"yoast_head":"<!-- This site is optimized with the Yoast SEO plugin v26.9 - https:\/\/yoast.com\/product\/yoast-seo-wordpress\/ -->\n<title>pacientes hospitalizados por ... - Centro de Epidemiolog\u00eda y Pol\u00edticas de Salud<\/title>\n<meta name=\"robots\" content=\"index, follow, max-snippet:-1, max-image-preview:large, max-video-preview:-1\" \/>\n<link rel=\"canonical\" href=\"https:\/\/medicina.udd.cl\/centro-epidemiologia-politicas-salud\/files\/2025\/12\/pacientes-hospitalizados-por.jpg\" \/>\n<meta property=\"og:locale\" content=\"es_ES\" \/>\n<meta property=\"og:type\" content=\"article\" \/>\n<meta property=\"og:title\" content=\"pacientes hospitalizados por ... - Centro de Epidemiolog\u00eda y Pol\u00edticas de Salud\" \/>\n<meta property=\"og:url\" content=\"https:\/\/medicina.udd.cl\/centro-epidemiologia-politicas-salud\/files\/2025\/12\/pacientes-hospitalizados-por.jpg\" \/>\n<meta property=\"og:site_name\" content=\"Centro de Epidemiolog\u00eda y Pol\u00edticas de Salud\" \/>\n<meta property=\"og:image\" content=\"https:\/\/medicina.udd.cl\/centro-epidemiologia-politicas-salud\/files\/2025\/12\/pacientes-hospitalizados-por.jpg\" \/>\n\t<meta property=\"og:image:width\" content=\"980\" \/>\n\t<meta property=\"og:image:height\" content=\"528\" \/>\n\t<meta property=\"og:image:type\" content=\"image\/jpeg\" \/>\n<script type=\"application\/ld+json\" class=\"yoast-schema-graph\">{\"@context\":\"https:\/\/schema.org\",\"@graph\":[{\"@type\":\"WebPage\",\"@id\":\"https:\/\/medicina.udd.cl\/centro-epidemiologia-politicas-salud\/files\/2025\/12\/pacientes-hospitalizados-por.jpg\",\"url\":\"https:\/\/medicina.udd.cl\/centro-epidemiologia-politicas-salud\/files\/2025\/12\/pacientes-hospitalizados-por.jpg\",\"name\":\"pacientes hospitalizados por ... - Centro de Epidemiolog\u00eda y Pol\u00edticas de Salud\",\"isPartOf\":{\"@id\":\"https:\/\/medicina.udd.cl\/centro-epidemiologia-politicas-salud\/#website\"},\"datePublished\":\"2025-12-02T20:23:29+00:00\",\"breadcrumb\":{\"@id\":\"https:\/\/medicina.udd.cl\/centro-epidemiologia-politicas-salud\/files\/2025\/12\/pacientes-hospitalizados-por.jpg#breadcrumb\"},\"inLanguage\":\"es\",\"potentialAction\":[{\"@type\":\"ReadAction\",\"target\":[\"https:\/\/medicina.udd.cl\/centro-epidemiologia-politicas-salud\/files\/2025\/12\/pacientes-hospitalizados-por.jpg\"]}]},{\"@type\":\"BreadcrumbList\",\"@id\":\"https:\/\/medicina.udd.cl\/centro-epidemiologia-politicas-salud\/files\/2025\/12\/pacientes-hospitalizados-por.jpg#breadcrumb\",\"itemListElement\":[{\"@type\":\"ListItem\",\"position\":1,\"name\":\"Inicio\",\"item\":\"https:\/\/medicina.udd.cl\/centro-epidemiologia-politicas-salud\/\"},{\"@type\":\"ListItem\",\"position\":2,\"name\":\"Estudio liderado por acad\u00e9micos UDD revela que casi la mitad de pacientes hospitalizados por c\u00e1ncer en Chile presentan\u00a0dos\u00a0o m\u00e1s\u00a0enfermedades\u00a0cr\u00f3nicas\u00a0\u00a0\",\"item\":\"https:\/\/medicina.udd.cl\/centro-epidemiologia-politicas-salud\/noticias\/2025\/12\/01\/estudio-liderado-por-academicos-udd-revela-que-casi-la-mitad-de-pacientes-hospitalizados-por-cancer-en-chile-presentan-dos-o-mas-enfermedades-cronicas\/\"},{\"@type\":\"ListItem\",\"position\":3,\"name\":\"pacientes hospitalizados por &#8230;\"}]},{\"@type\":\"WebSite\",\"@id\":\"https:\/\/medicina.udd.cl\/centro-epidemiologia-politicas-salud\/#website\",\"url\":\"https:\/\/medicina.udd.cl\/centro-epidemiologia-politicas-salud\/\",\"name\":\"Centro de Epidemiolog\u00eda y Pol\u00edticas de Salud\",\"description\":\"Otro blog m\u00e1s de Medicina\",\"inLanguage\":\"es\"}]}<\/script>\n<!-- \/ Yoast SEO plugin. -->","yoast_head_json":{"title":"pacientes hospitalizados por ... - Centro de Epidemiolog\u00eda y Pol\u00edticas de Salud","robots":{"index":"index","follow":"follow","max-snippet":"max-snippet:-1","max-image-preview":"max-image-preview:large","max-video-preview":"max-video-preview:-1"},"canonical":"https:\/\/medicina.udd.cl\/centro-epidemiologia-politicas-salud\/files\/2025\/12\/pacientes-hospitalizados-por.jpg","og_locale":"es_ES","og_type":"article","og_title":"pacientes hospitalizados por ... - Centro de Epidemiolog\u00eda y Pol\u00edticas de Salud","og_url":"https:\/\/medicina.udd.cl\/centro-epidemiologia-politicas-salud\/files\/2025\/12\/pacientes-hospitalizados-por.jpg","og_site_name":"Centro de Epidemiolog\u00eda y Pol\u00edticas de Salud","og_image":[{"width":980,"height":528,"url":"https:\/\/medicina.udd.cl\/centro-epidemiologia-politicas-salud\/files\/2025\/12\/pacientes-hospitalizados-por.jpg","type":"image\/jpeg"}],"schema":{"@context":"https:\/\/schema.org","@graph":[{"@type":"WebPage","@id":"https:\/\/medicina.udd.cl\/centro-epidemiologia-politicas-salud\/files\/2025\/12\/pacientes-hospitalizados-por.jpg","url":"https:\/\/medicina.udd.cl\/centro-epidemiologia-politicas-salud\/files\/2025\/12\/pacientes-hospitalizados-por.jpg","name":"pacientes hospitalizados por ... - Centro de Epidemiolog\u00eda y Pol\u00edticas de Salud","isPartOf":{"@id":"https:\/\/medicina.udd.cl\/centro-epidemiologia-politicas-salud\/#website"},"datePublished":"2025-12-02T20:23:29+00:00","breadcrumb":{"@id":"https:\/\/medicina.udd.cl\/centro-epidemiologia-politicas-salud\/files\/2025\/12\/pacientes-hospitalizados-por.jpg#breadcrumb"},"inLanguage":"es","potentialAction":[{"@type":"ReadAction","target":["https:\/\/medicina.udd.cl\/centro-epidemiologia-politicas-salud\/files\/2025\/12\/pacientes-hospitalizados-por.jpg"]}]},{"@type":"BreadcrumbList","@id":"https:\/\/medicina.udd.cl\/centro-epidemiologia-politicas-salud\/files\/2025\/12\/pacientes-hospitalizados-por.jpg#breadcrumb","itemListElement":[{"@type":"ListItem","position":1,"name":"Inicio","item":"https:\/\/medicina.udd.cl\/centro-epidemiologia-politicas-salud\/"},{"@type":"ListItem","position":2,"name":"Estudio liderado por acad\u00e9micos UDD revela que casi la mitad de pacientes hospitalizados por c\u00e1ncer en Chile presentan\u00a0dos\u00a0o m\u00e1s\u00a0enfermedades\u00a0cr\u00f3nicas\u00a0\u00a0","item":"https:\/\/medicina.udd.cl\/centro-epidemiologia-politicas-salud\/noticias\/2025\/12\/01\/estudio-liderado-por-academicos-udd-revela-que-casi-la-mitad-de-pacientes-hospitalizados-por-cancer-en-chile-presentan-dos-o-mas-enfermedades-cronicas\/"},{"@type":"ListItem","position":3,"name":"pacientes hospitalizados por &#8230;"}]},{"@type":"WebSite","@id":"https:\/\/medicina.udd.cl\/centro-epidemiologia-politicas-salud\/#website","url":"https:\/\/medicina.udd.cl\/centro-epidemiologia-politicas-salud\/","name":"Centro de Epidemiolog\u00eda y Pol\u00edticas de Salud","description":"Otro blog m\u00e1s de Medicina","inLanguage":"es"}]}},"description":{"rendered":"<p class=\"attachment\"><a href='https:\/\/medicina.udd.cl\/centro-epidemiologia-politicas-salud\/files\/2025\/12\/pacientes-hospitalizados-por.jpg'><img loading=\"lazy\" decoding=\"async\" width=\"300\" height=\"162\" src=\"https:\/\/medicina.udd.cl\/centro-epidemiologia-politicas-salud\/wp-content\/plugins\/wp-async-img-load\/blank.png\" class=\"attachment-medium size-medium lazyload\" alt=\"\" sizes=\"auto, (max-width: 300px) 100vw, 300px\" data-src=\"https:\/\/medicina.udd.cl\/centro-epidemiologia-politicas-salud\/files\/2025\/12\/pacientes-hospitalizados-por-300x162.jpg\" data-srcset=\"https:\/\/medicina.udd.cl\/centro-epidemiologia-politicas-salud\/files\/2025\/12\/pacientes-hospitalizados-por-300x162.jpg 300w, https:\/\/medicina.udd.cl\/centro-epidemiologia-politicas-salud\/files\/2025\/12\/pacientes-hospitalizados-por-768x414.jpg 768w, https:\/\/medicina.udd.cl\/centro-epidemiologia-politicas-salud\/files\/2025\/12\/pacientes-hospitalizados-por.jpg 980w\" \/><\/a><\/p>\n"},"caption":{"rendered":""},"alt_text":"","media_type":"image","mime_type":"image\/jpeg","media_details":{"width":980,"height":528,"file":"2025\/12\/pacientes-hospitalizados-por.jpg","filesize":82969,"sizes":{"medium":{"file":"pacientes-hospitalizados-por-300x162.jpg","width":300,"height":162,"filesize":9313,"mime_type":"image\/jpeg","source_url":"https:\/\/medicina.udd.cl\/centro-epidemiologia-politicas-salud\/files\/2025\/12\/pacientes-hospitalizados-por-300x162.jpg"},"thumbnail":{"file":"pacientes-hospitalizados-por-150x150.jpg","width":150,"height":150,"filesize":4957,"mime_type":"image\/jpeg","source_url":"https:\/\/medicina.udd.cl\/centro-epidemiologia-politicas-salud\/files\/2025\/12\/pacientes-hospitalizados-por-150x150.jpg"},"medium_large":{"file":"pacientes-hospitalizados-por-768x414.jpg","width":768,"height":414,"filesize":45676,"mime_type":"image\/jpeg","source_url":"https:\/\/medicina.udd.cl\/centro-epidemiologia-politicas-salud\/files\/2025\/12\/pacientes-hospitalizados-por-768x414.jpg"},"newsletter_featured":{"file":"pacientes-hospitalizados-por-316x224.jpg","width":316,"height":224,"filesize":12477,"mime_type":"image\/jpeg","source_url":"https:\/\/medicina.udd.cl\/centro-epidemiologia-politicas-salud\/files\/2025\/12\/pacientes-hospitalizados-por-316x224.jpg"},"newsletter_first":{"file":"pacientes-hospitalizados-por-286x205.jpg","width":286,"height":205,"filesize":10755,"mime_type":"image\/jpeg","source_url":"https:\/\/medicina.udd.cl\/centro-epidemiologia-politicas-salud\/files\/2025\/12\/pacientes-hospitalizados-por-286x205.jpg"},"newsletter_thumb":{"file":"pacientes-hospitalizados-por-288x150.jpg","width":288,"height":150,"filesize":8271,"mime_type":"image\/jpeg","source_url":"https:\/\/medicina.udd.cl\/centro-epidemiologia-politicas-salud\/files\/2025\/12\/pacientes-hospitalizados-por-288x150.jpg"},"newsletter_column":{"file":"pacientes-hospitalizados-por-182x140.jpg","width":182,"height":140,"filesize":5660,"mime_type":"image\/jpeg","source_url":"https:\/\/medicina.udd.cl\/centro-epidemiologia-politicas-salud\/files\/2025\/12\/pacientes-hospitalizados-por-182x140.jpg"},"newsletter_square":{"file":"pacientes-hospitalizados-por-62x62.jpg","width":62,"height":62,"filesize":1345,"mime_type":"image\/jpeg","source_url":"https:\/\/medicina.udd.cl\/centro-epidemiologia-politicas-salud\/files\/2025\/12\/pacientes-hospitalizados-por-62x62.jpg"},"newsletter_square_large":{"file":"pacientes-hospitalizados-por-87x62.jpg","width":87,"height":62,"filesize":1703,"mime_type":"image\/jpeg","source_url":"https:\/\/medicina.udd.cl\/centro-epidemiologia-politicas-salud\/files\/2025\/12\/pacientes-hospitalizados-por-87x62.jpg"},"landscape_952":{"file":"pacientes-hospitalizados-por-952x528.jpg","width":952,"height":528,"filesize":91234,"mime_type":"image\/jpeg","source_url":"https:\/\/medicina.udd.cl\/centro-epidemiologia-politicas-salud\/files\/2025\/12\/pacientes-hospitalizados-por-952x528.jpg"},"landscape_680":{"file":"pacientes-hospitalizados-por-680x382.jpg","width":680,"height":382,"filesize":37817,"mime_type":"image\/jpeg","source_url":"https:\/\/medicina.udd.cl\/centro-epidemiologia-politicas-salud\/files\/2025\/12\/pacientes-hospitalizados-por-680x382.jpg"},"square_750":{"file":"pacientes-hospitalizados-por-750x528.jpg","width":750,"height":528,"filesize":74989,"mime_type":"image\/jpeg","source_url":"https:\/\/medicina.udd.cl\/centro-epidemiologia-politicas-salud\/files\/2025\/12\/pacientes-hospitalizados-por-750x528.jpg"},"square_500":{"file":"pacientes-hospitalizados-por-500x500.jpg","width":500,"height":500,"filesize":39154,"mime_type":"image\/jpeg","source_url":"https:\/\/medicina.udd.cl\/centro-epidemiologia-politicas-salud\/files\/2025\/12\/pacientes-hospitalizados-por-500x500.jpg"},"square_200":{"file":"pacientes-hospitalizados-por-250x250.jpg","width":250,"height":250,"filesize":11049,"mime_type":"image\/jpeg","source_url":"https:\/\/medicina.udd.cl\/centro-epidemiologia-politicas-salud\/files\/2025\/12\/pacientes-hospitalizados-por-250x250.jpg"},"post-thumbnail":{"file":"pacientes-hospitalizados-por-952x528.jpg","width":952,"height":528,"filesize":91234,"mime_type":"image\/jpeg","source_url":"https:\/\/medicina.udd.cl\/centro-epidemiologia-politicas-salud\/files\/2025\/12\/pacientes-hospitalizados-por-952x528.jpg"},"custom_content":{"file":"pacientes-hospitalizados-por-126x126.jpg","width":126,"height":126,"filesize":3814,"mime_type":"image\/jpeg","source_url":"https:\/\/medicina.udd.cl\/centro-epidemiologia-politicas-salud\/files\/2025\/12\/pacientes-hospitalizados-por-126x126.jpg"},"full":{"file":"pacientes-hospitalizados-por.jpg","width":980,"height":528,"mime_type":"image\/jpeg","source_url":"https:\/\/medicina.udd.cl\/centro-epidemiologia-politicas-salud\/files\/2025\/12\/pacientes-hospitalizados-por.jpg"}},"image_meta":{"aperture":"0","credit":"","camera":"","caption":"","created_timestamp":"0","copyright":"","focal_length":"0","iso":"0","shutter_speed":"0","title":"","orientation":"0","keywords":[]}},"post":2822,"source_url":"https:\/\/medicina.udd.cl\/centro-epidemiologia-politicas-salud\/files\/2025\/12\/pacientes-hospitalizados-por.jpg","_links":{"self":[{"href":"https:\/\/medicina.udd.cl\/centro-epidemiologia-politicas-salud\/wp-json\/wp\/v2\/media\/2823","targetHints":{"allow":["GET"]}}],"collection":[{"href":"https:\/\/medicina.udd.cl\/centro-epidemiologia-politicas-salud\/wp-json\/wp\/v2\/media"}],"about":[{"href":"https:\/\/medicina.udd.cl\/centro-epidemiologia-politicas-salud\/wp-json\/wp\/v2\/types\/attachment"}],"author":[{"embeddable":true,"href":"https:\/\/medicina.udd.cl\/centro-epidemiologia-politicas-salud\/wp-json\/wp\/v2\/users\/9192219"}],"replies":[{"embeddable":true,"href":"https:\/\/medicina.udd.cl\/centro-epidemiologia-politicas-salud\/wp-json\/wp\/v2\/comments?post=2823"}],"wp:attached-to":[{"embeddable":true,"post_type":"post","id":2822,"href":"https:\/\/medicina.udd.cl\/centro-epidemiologia-politicas-salud\/wp-json\/wp\/v2\/posts\/2822"}],"curies":[{"name":"wp","href":"https:\/\/api.w.org\/{rel}","templated":true}]}}

<!-- This site is optimized with the Yoast SEO plugin v26.9 - https://yoast.com/product/yoast-seo-wordpress/ -->
<title>pacientes hospitalizados por ... - Centro de Epidemiología y Políticas de Salud</title>
<meta name="robots" content="index, follow, max-snippet:-1, max-image-preview:large, max-video-preview:-1" />
<link rel="canonical" href="https://medicina.udd.cl/centro-epidemiologia-politicas-salud/files/2025/12/pacientes-hospitalizados-por.jpg" />
<meta property="og:locale" content="es_ES" />
<meta property="og:type" content="article" />
<meta property="og:title" content="pacientes hospitalizados por ... - Centro de Epidemiología y Políticas de Salud" />
<meta property="og:url" content="https://medicina.udd.cl/centro-epidemiologia-politicas-salud/files/2025/12/pacientes-hospitalizados-por.jpg" />
<meta property="og:site_name" content="Centro de Epidemiología y Políticas de Salud" />
<meta property="og:image" content="https://medicina.udd.cl/centro-epidemiologia-politicas-salud/files/2025/12/pacientes-hospitalizados-por.jpg" />
	<meta property="og:image:width" content="980" />
	<meta property="og:image:height" content="528" />
	<meta property="og:image:type" content="image/jpeg" />
<script type="application/ld+json" class="yoast-schema-graph">{"@context":"https://schema.org","@graph":[{"@type":"WebPage","@id":"https://medicina.udd.cl/centro-epidemiologia-politicas-salud/files/2025/12/pacientes-hospitalizados-por.jpg","url":"https://medicina.udd.cl/centro-epidemiologia-politicas-salud/files/2025/12/pacientes-hospitalizados-por.jpg","name":"pacientes hospitalizados por ... - Centro de Epidemiología y Políticas de Salud","isPartOf":{"@id":"https://medicina.udd.cl/centro-epidemiologia-politicas-salud/#website"},"datePublished":"2025-12-02T20:23:29+00:00","breadcrumb":{"@id":"https://medicina.udd.cl/centro-epidemiologia-politicas-salud/files/2025/12/pacientes-hospitalizados-por.jpg#breadcrumb"},"inLanguage":"es","potentialAction":[{"@type":"ReadAction","target":["https://medicina.udd.cl/centro-epidemiologia-politicas-salud/files/2025/12/pacientes-hospitalizados-por.jpg"]}]},{"@type":"BreadcrumbList","@id":"https://medicina.udd.cl/centro-epidemiologia-politicas-salud/files/2025/12/pacientes-hospitalizados-por.jpg#breadcrumb","itemListElement":[{"@type":"ListItem","position":1,"name":"Inicio","item":"https://medicina.udd.cl/centro-epidemiologia-politicas-salud/"},{"@type":"ListItem","position":2,"name":"Estudio liderado por académicos UDD revela que casi la mitad de pacientes hospitalizados por cáncer en Chile presentan dos o más enfermedades crónicas  ","item":"https://medicina.udd.cl/centro-epidemiologia-politicas-salud/noticias/2025/12/01/estudio-liderado-por-academicos-udd-revela-que-casi-la-mitad-de-pacientes-hospitalizados-por-cancer-en-chile-presentan-dos-o-mas-enfermedades-cronicas/"},{"@type":"ListItem","position":3,"name":"pacientes hospitalizados por &#8230;"}]},{"@type":"WebSite","@id":"https://medicina.udd.cl/centro-epidemiologia-politicas-salud/#website","url":"https://medicina.udd.cl/centro-epidemiologia-politicas-salud/","name":"Centro de Epidemiología y Políticas de Salud","description":"Otro blog más de Medicina","inLanguage":"es"}]}</script>
<!-- / Yoast SEO plugin. -->

pacientes hospitalizados por ... - Centro de Epidemiología y Políticas de Salud

Centro de Epidemiología y Políticas de Salud

Estudio liderado por académicos UDD revela que casi la mitad de pacientes hospitalizados por cáncer en Chile presentan dos o más enfermedades crónicas

Otro blog más de Medicina
