{"id":2824,"date":"2025-12-02T17:23:32","date_gmt":"2025-12-02T20:23:32","guid":{"rendered":"https:\/\/medicina.udd.cl\/centro-epidemiologia-politicas-salud\/files\/2025\/12\/estudio-multimorbilidad-chile.png"},"modified":"2025-12-02T17:23:32","modified_gmt":"2025-12-02T20:23:32","slug":"estudio-multimorbilidad-chile","status":"inherit","type":"attachment","link":"https:\/\/medicina.udd.cl\/centro-epidemiologia-politicas-salud\/noticias\/2025\/12\/01\/estudio-liderado-por-academicos-udd-revela-que-casi-la-mitad-de-pacientes-hospitalizados-por-cancer-en-chile-presentan-dos-o-mas-enfermedades-cronicas\/estudio-multimorbilidad-chile\/","title":{"rendered":"estudio-multimorbilidad-chile"},"author":9192219,"featured_media":0,"comment_status":"","ping_status":"closed","template":"","meta":[],"class_list":["post-2824","attachment","type-attachment","status-inherit","hentry"],"yoast_head":"<!-- This site is optimized with the Yoast SEO plugin v26.9 - https:\/\/yoast.com\/product\/yoast-seo-wordpress\/ -->\n<title>estudio-multimorbilidad-chile - Centro de Epidemiolog\u00eda y Pol\u00edticas de Salud<\/title>\n<meta name=\"robots\" content=\"index, follow, max-snippet:-1, max-image-preview:large, max-video-preview:-1\" \/>\n<link rel=\"canonical\" href=\"https:\/\/medicina.udd.cl\/centro-epidemiologia-politicas-salud\/files\/2025\/12\/estudio-multimorbilidad-chile.png\" \/>\n<meta property=\"og:locale\" content=\"es_ES\" \/>\n<meta property=\"og:type\" content=\"article\" \/>\n<meta property=\"og:title\" content=\"estudio-multimorbilidad-chile - Centro de Epidemiolog\u00eda y Pol\u00edticas de Salud\" \/>\n<meta property=\"og:url\" content=\"https:\/\/medicina.udd.cl\/centro-epidemiologia-politicas-salud\/files\/2025\/12\/estudio-multimorbilidad-chile.png\" \/>\n<meta property=\"og:site_name\" content=\"Centro de Epidemiolog\u00eda y Pol\u00edticas de Salud\" \/>\n<meta property=\"og:image\" content=\"https:\/\/medicina.udd.cl\/centro-epidemiologia-politicas-salud\/files\/2025\/12\/estudio-multimorbilidad-chile.png\" \/>\n\t<meta property=\"og:image:width\" content=\"918\" \/>\n\t<meta property=\"og:image:height\" content=\"512\" \/>\n\t<meta property=\"og:image:type\" content=\"image\/png\" \/>\n<script type=\"application\/ld+json\" class=\"yoast-schema-graph\">{\"@context\":\"https:\/\/schema.org\",\"@graph\":[{\"@type\":\"WebPage\",\"@id\":\"https:\/\/medicina.udd.cl\/centro-epidemiologia-politicas-salud\/files\/2025\/12\/estudio-multimorbilidad-chile.png\",\"url\":\"https:\/\/medicina.udd.cl\/centro-epidemiologia-politicas-salud\/files\/2025\/12\/estudio-multimorbilidad-chile.png\",\"name\":\"estudio-multimorbilidad-chile - Centro de Epidemiolog\u00eda y Pol\u00edticas de Salud\",\"isPartOf\":{\"@id\":\"https:\/\/medicina.udd.cl\/centro-epidemiologia-politicas-salud\/#website\"},\"datePublished\":\"2025-12-02T20:23:32+00:00\",\"breadcrumb\":{\"@id\":\"https:\/\/medicina.udd.cl\/centro-epidemiologia-politicas-salud\/files\/2025\/12\/estudio-multimorbilidad-chile.png#breadcrumb\"},\"inLanguage\":\"es\",\"potentialAction\":[{\"@type\":\"ReadAction\",\"target\":[\"https:\/\/medicina.udd.cl\/centro-epidemiologia-politicas-salud\/files\/2025\/12\/estudio-multimorbilidad-chile.png\"]}]},{\"@type\":\"BreadcrumbList\",\"@id\":\"https:\/\/medicina.udd.cl\/centro-epidemiologia-politicas-salud\/files\/2025\/12\/estudio-multimorbilidad-chile.png#breadcrumb\",\"itemListElement\":[{\"@type\":\"ListItem\",\"position\":1,\"name\":\"Inicio\",\"item\":\"https:\/\/medicina.udd.cl\/centro-epidemiologia-politicas-salud\/\"},{\"@type\":\"ListItem\",\"position\":2,\"name\":\"Estudio liderado por acad\u00e9micos UDD revela que casi la mitad de pacientes hospitalizados por c\u00e1ncer en Chile presentan\u00a0dos\u00a0o m\u00e1s\u00a0enfermedades\u00a0cr\u00f3nicas\u00a0\u00a0\",\"item\":\"https:\/\/medicina.udd.cl\/centro-epidemiologia-politicas-salud\/noticias\/2025\/12\/01\/estudio-liderado-por-academicos-udd-revela-que-casi-la-mitad-de-pacientes-hospitalizados-por-cancer-en-chile-presentan-dos-o-mas-enfermedades-cronicas\/\"},{\"@type\":\"ListItem\",\"position\":3,\"name\":\"estudio-multimorbilidad-chile\"}]},{\"@type\":\"WebSite\",\"@id\":\"https:\/\/medicina.udd.cl\/centro-epidemiologia-politicas-salud\/#website\",\"url\":\"https:\/\/medicina.udd.cl\/centro-epidemiologia-politicas-salud\/\",\"name\":\"Centro de Epidemiolog\u00eda y Pol\u00edticas de Salud\",\"description\":\"Otro blog m\u00e1s de Medicina\",\"inLanguage\":\"es\"}]}<\/script>\n<!-- \/ Yoast SEO plugin. -->","yoast_head_json":{"title":"estudio-multimorbilidad-chile - Centro de Epidemiolog\u00eda y Pol\u00edticas de Salud","robots":{"index":"index","follow":"follow","max-snippet":"max-snippet:-1","max-image-preview":"max-image-preview:large","max-video-preview":"max-video-preview:-1"},"canonical":"https:\/\/medicina.udd.cl\/centro-epidemiologia-politicas-salud\/files\/2025\/12\/estudio-multimorbilidad-chile.png","og_locale":"es_ES","og_type":"article","og_title":"estudio-multimorbilidad-chile - Centro de Epidemiolog\u00eda y Pol\u00edticas de Salud","og_url":"https:\/\/medicina.udd.cl\/centro-epidemiologia-politicas-salud\/files\/2025\/12\/estudio-multimorbilidad-chile.png","og_site_name":"Centro de Epidemiolog\u00eda y Pol\u00edticas de Salud","og_image":[{"width":918,"height":512,"url":"https:\/\/medicina.udd.cl\/centro-epidemiologia-politicas-salud\/files\/2025\/12\/estudio-multimorbilidad-chile.png","type":"image\/png"}],"schema":{"@context":"https:\/\/schema.org","@graph":[{"@type":"WebPage","@id":"https:\/\/medicina.udd.cl\/centro-epidemiologia-politicas-salud\/files\/2025\/12\/estudio-multimorbilidad-chile.png","url":"https:\/\/medicina.udd.cl\/centro-epidemiologia-politicas-salud\/files\/2025\/12\/estudio-multimorbilidad-chile.png","name":"estudio-multimorbilidad-chile - Centro de Epidemiolog\u00eda y Pol\u00edticas de Salud","isPartOf":{"@id":"https:\/\/medicina.udd.cl\/centro-epidemiologia-politicas-salud\/#website"},"datePublished":"2025-12-02T20:23:32+00:00","breadcrumb":{"@id":"https:\/\/medicina.udd.cl\/centro-epidemiologia-politicas-salud\/files\/2025\/12\/estudio-multimorbilidad-chile.png#breadcrumb"},"inLanguage":"es","potentialAction":[{"@type":"ReadAction","target":["https:\/\/medicina.udd.cl\/centro-epidemiologia-politicas-salud\/files\/2025\/12\/estudio-multimorbilidad-chile.png"]}]},{"@type":"BreadcrumbList","@id":"https:\/\/medicina.udd.cl\/centro-epidemiologia-politicas-salud\/files\/2025\/12\/estudio-multimorbilidad-chile.png#breadcrumb","itemListElement":[{"@type":"ListItem","position":1,"name":"Inicio","item":"https:\/\/medicina.udd.cl\/centro-epidemiologia-politicas-salud\/"},{"@type":"ListItem","position":2,"name":"Estudio liderado por acad\u00e9micos UDD revela que casi la mitad de pacientes hospitalizados por c\u00e1ncer en Chile presentan\u00a0dos\u00a0o m\u00e1s\u00a0enfermedades\u00a0cr\u00f3nicas\u00a0\u00a0","item":"https:\/\/medicina.udd.cl\/centro-epidemiologia-politicas-salud\/noticias\/2025\/12\/01\/estudio-liderado-por-academicos-udd-revela-que-casi-la-mitad-de-pacientes-hospitalizados-por-cancer-en-chile-presentan-dos-o-mas-enfermedades-cronicas\/"},{"@type":"ListItem","position":3,"name":"estudio-multimorbilidad-chile"}]},{"@type":"WebSite","@id":"https:\/\/medicina.udd.cl\/centro-epidemiologia-politicas-salud\/#website","url":"https:\/\/medicina.udd.cl\/centro-epidemiologia-politicas-salud\/","name":"Centro de Epidemiolog\u00eda y Pol\u00edticas de Salud","description":"Otro blog m\u00e1s de Medicina","inLanguage":"es"}]}},"description":{"rendered":"<p class=\"attachment\"><a href='https:\/\/medicina.udd.cl\/centro-epidemiologia-politicas-salud\/files\/2025\/12\/estudio-multimorbilidad-chile.png'><img loading=\"lazy\" decoding=\"async\" width=\"300\" height=\"167\" src=\"https:\/\/medicina.udd.cl\/centro-epidemiologia-politicas-salud\/wp-content\/plugins\/wp-async-img-load\/blank.png\" class=\"attachment-medium size-medium lazyload\" alt=\"\" sizes=\"auto, (max-width: 300px) 100vw, 300px\" data-src=\"https:\/\/medicina.udd.cl\/centro-epidemiologia-politicas-salud\/files\/2025\/12\/estudio-multimorbilidad-chile-300x167.png\" data-srcset=\"https:\/\/medicina.udd.cl\/centro-epidemiologia-politicas-salud\/files\/2025\/12\/estudio-multimorbilidad-chile-300x167.png 300w, https:\/\/medicina.udd.cl\/centro-epidemiologia-politicas-salud\/files\/2025\/12\/estudio-multimorbilidad-chile-768x428.png 768w, https:\/\/medicina.udd.cl\/centro-epidemiologia-politicas-salud\/files\/2025\/12\/estudio-multimorbilidad-chile.png 918w\" \/><\/a><\/p>\n"},"caption":{"rendered":""},"alt_text":"","media_type":"image","mime_type":"image\/png","media_details":{"width":918,"height":512,"file":"2025\/12\/estudio-multimorbilidad-chile.png","filesize":978296,"sizes":{"medium":{"file":"estudio-multimorbilidad-chile-300x167.png","width":300,"height":167,"filesize":69095,"mime_type":"image\/png","source_url":"https:\/\/medicina.udd.cl\/centro-epidemiologia-politicas-salud\/files\/2025\/12\/estudio-multimorbilidad-chile-300x167.png"},"thumbnail":{"file":"estudio-multimorbilidad-chile-150x150.png","width":150,"height":150,"filesize":32119,"mime_type":"image\/png","source_url":"https:\/\/medicina.udd.cl\/centro-epidemiologia-politicas-salud\/files\/2025\/12\/estudio-multimorbilidad-chile-150x150.png"},"medium_large":{"file":"estudio-multimorbilidad-chile-768x428.png","width":768,"height":428,"filesize":362406,"mime_type":"image\/png","source_url":"https:\/\/medicina.udd.cl\/centro-epidemiologia-politicas-salud\/files\/2025\/12\/estudio-multimorbilidad-chile-768x428.png"},"newsletter_featured":{"file":"estudio-multimorbilidad-chile-316x224.png","width":316,"height":224,"filesize":92482,"mime_type":"image\/png","source_url":"https:\/\/medicina.udd.cl\/centro-epidemiologia-politicas-salud\/files\/2025\/12\/estudio-multimorbilidad-chile-316x224.png"},"newsletter_first":{"file":"estudio-multimorbilidad-chile-286x205.png","width":286,"height":205,"filesize":77665,"mime_type":"image\/png","source_url":"https:\/\/medicina.udd.cl\/centro-epidemiologia-politicas-salud\/files\/2025\/12\/estudio-multimorbilidad-chile-286x205.png"},"newsletter_thumb":{"file":"estudio-multimorbilidad-chile-288x150.png","width":288,"height":150,"filesize":62740,"mime_type":"image\/png","source_url":"https:\/\/medicina.udd.cl\/centro-epidemiologia-politicas-salud\/files\/2025\/12\/estudio-multimorbilidad-chile-288x150.png"},"newsletter_column":{"file":"estudio-multimorbilidad-chile-182x140.png","width":182,"height":140,"filesize":37200,"mime_type":"image\/png","source_url":"https:\/\/medicina.udd.cl\/centro-epidemiologia-politicas-salud\/files\/2025\/12\/estudio-multimorbilidad-chile-182x140.png"},"newsletter_square":{"file":"estudio-multimorbilidad-chile-62x62.png","width":62,"height":62,"filesize":3975,"mime_type":"image\/png","source_url":"https:\/\/medicina.udd.cl\/centro-epidemiologia-politicas-salud\/files\/2025\/12\/estudio-multimorbilidad-chile-62x62.png"},"newsletter_square_large":{"file":"estudio-multimorbilidad-chile-87x62.png","width":87,"height":62,"filesize":5301,"mime_type":"image\/png","source_url":"https:\/\/medicina.udd.cl\/centro-epidemiologia-politicas-salud\/files\/2025\/12\/estudio-multimorbilidad-chile-87x62.png"},"landscape_680":{"file":"estudio-multimorbilidad-chile-680x382.png","width":680,"height":382,"filesize":294400,"mime_type":"image\/png","source_url":"https:\/\/medicina.udd.cl\/centro-epidemiologia-politicas-salud\/files\/2025\/12\/estudio-multimorbilidad-chile-680x382.png"},"square_750":{"file":"estudio-multimorbilidad-chile-750x512.png","width":750,"height":512,"filesize":452752,"mime_type":"image\/png","source_url":"https:\/\/medicina.udd.cl\/centro-epidemiologia-politicas-salud\/files\/2025\/12\/estudio-multimorbilidad-chile-750x512.png"},"square_500":{"file":"estudio-multimorbilidad-chile-500x500.png","width":500,"height":500,"filesize":258770,"mime_type":"image\/png","source_url":"https:\/\/medicina.udd.cl\/centro-epidemiologia-politicas-salud\/files\/2025\/12\/estudio-multimorbilidad-chile-500x500.png"},"square_200":{"file":"estudio-multimorbilidad-chile-250x250.png","width":250,"height":250,"filesize":76178,"mime_type":"image\/png","source_url":"https:\/\/medicina.udd.cl\/centro-epidemiologia-politicas-salud\/files\/2025\/12\/estudio-multimorbilidad-chile-250x250.png"},"custom_content":{"file":"estudio-multimorbilidad-chile-126x126.png","width":126,"height":126,"filesize":10639,"mime_type":"image\/png","source_url":"https:\/\/medicina.udd.cl\/centro-epidemiologia-politicas-salud\/files\/2025\/12\/estudio-multimorbilidad-chile-126x126.png"},"full":{"file":"estudio-multimorbilidad-chile.png","width":918,"height":512,"mime_type":"image\/png","source_url":"https:\/\/medicina.udd.cl\/centro-epidemiologia-politicas-salud\/files\/2025\/12\/estudio-multimorbilidad-chile.png"}},"image_meta":{"aperture":"0","credit":"","camera":"","caption":"","created_timestamp":"0","copyright":"","focal_length":"0","iso":"0","shutter_speed":"0","title":"","orientation":"0","keywords":[]}},"post":2822,"source_url":"https:\/\/medicina.udd.cl\/centro-epidemiologia-politicas-salud\/files\/2025\/12\/estudio-multimorbilidad-chile.png","_links":{"self":[{"href":"https:\/\/medicina.udd.cl\/centro-epidemiologia-politicas-salud\/wp-json\/wp\/v2\/media\/2824","targetHints":{"allow":["GET"]}}],"collection":[{"href":"https:\/\/medicina.udd.cl\/centro-epidemiologia-politicas-salud\/wp-json\/wp\/v2\/media"}],"about":[{"href":"https:\/\/medicina.udd.cl\/centro-epidemiologia-politicas-salud\/wp-json\/wp\/v2\/types\/attachment"}],"author":[{"embeddable":true,"href":"https:\/\/medicina.udd.cl\/centro-epidemiologia-politicas-salud\/wp-json\/wp\/v2\/users\/9192219"}],"replies":[{"embeddable":true,"href":"https:\/\/medicina.udd.cl\/centro-epidemiologia-politicas-salud\/wp-json\/wp\/v2\/comments?post=2824"}],"wp:attached-to":[{"embeddable":true,"post_type":"post","id":2822,"href":"https:\/\/medicina.udd.cl\/centro-epidemiologia-politicas-salud\/wp-json\/wp\/v2\/posts\/2822"}],"curies":[{"name":"wp","href":"https:\/\/api.w.org\/{rel}","templated":true}]}}

<!-- This site is optimized with the Yoast SEO plugin v26.9 - https://yoast.com/product/yoast-seo-wordpress/ -->
<title>estudio-multimorbilidad-chile - Centro de Epidemiología y Políticas de Salud</title>
<meta name="robots" content="index, follow, max-snippet:-1, max-image-preview:large, max-video-preview:-1" />
<link rel="canonical" href="https://medicina.udd.cl/centro-epidemiologia-politicas-salud/files/2025/12/estudio-multimorbilidad-chile.png" />
<meta property="og:locale" content="es_ES" />
<meta property="og:type" content="article" />
<meta property="og:title" content="estudio-multimorbilidad-chile - Centro de Epidemiología y Políticas de Salud" />
<meta property="og:url" content="https://medicina.udd.cl/centro-epidemiologia-politicas-salud/files/2025/12/estudio-multimorbilidad-chile.png" />
<meta property="og:site_name" content="Centro de Epidemiología y Políticas de Salud" />
<meta property="og:image" content="https://medicina.udd.cl/centro-epidemiologia-politicas-salud/files/2025/12/estudio-multimorbilidad-chile.png" />
	<meta property="og:image:width" content="918" />
	<meta property="og:image:height" content="512" />
	<meta property="og:image:type" content="image/png" />
<script type="application/ld+json" class="yoast-schema-graph">{"@context":"https://schema.org","@graph":[{"@type":"WebPage","@id":"https://medicina.udd.cl/centro-epidemiologia-politicas-salud/files/2025/12/estudio-multimorbilidad-chile.png","url":"https://medicina.udd.cl/centro-epidemiologia-politicas-salud/files/2025/12/estudio-multimorbilidad-chile.png","name":"estudio-multimorbilidad-chile - Centro de Epidemiología y Políticas de Salud","isPartOf":{"@id":"https://medicina.udd.cl/centro-epidemiologia-politicas-salud/#website"},"datePublished":"2025-12-02T20:23:32+00:00","breadcrumb":{"@id":"https://medicina.udd.cl/centro-epidemiologia-politicas-salud/files/2025/12/estudio-multimorbilidad-chile.png#breadcrumb"},"inLanguage":"es","potentialAction":[{"@type":"ReadAction","target":["https://medicina.udd.cl/centro-epidemiologia-politicas-salud/files/2025/12/estudio-multimorbilidad-chile.png"]}]},{"@type":"BreadcrumbList","@id":"https://medicina.udd.cl/centro-epidemiologia-politicas-salud/files/2025/12/estudio-multimorbilidad-chile.png#breadcrumb","itemListElement":[{"@type":"ListItem","position":1,"name":"Inicio","item":"https://medicina.udd.cl/centro-epidemiologia-politicas-salud/"},{"@type":"ListItem","position":2,"name":"Estudio liderado por académicos UDD revela que casi la mitad de pacientes hospitalizados por cáncer en Chile presentan dos o más enfermedades crónicas  ","item":"https://medicina.udd.cl/centro-epidemiologia-politicas-salud/noticias/2025/12/01/estudio-liderado-por-academicos-udd-revela-que-casi-la-mitad-de-pacientes-hospitalizados-por-cancer-en-chile-presentan-dos-o-mas-enfermedades-cronicas/"},{"@type":"ListItem","position":3,"name":"estudio-multimorbilidad-chile"}]},{"@type":"WebSite","@id":"https://medicina.udd.cl/centro-epidemiologia-politicas-salud/#website","url":"https://medicina.udd.cl/centro-epidemiologia-politicas-salud/","name":"Centro de Epidemiología y Políticas de Salud","description":"Otro blog más de Medicina","inLanguage":"es"}]}</script>
<!-- / Yoast SEO plugin. -->

estudio-multimorbilidad-chile - Centro de Epidemiología y Políticas de Salud

Centro de Epidemiología y Políticas de Salud

Estudio liderado por académicos UDD revela que casi la mitad de pacientes hospitalizados por cáncer en Chile presentan dos o más enfermedades crónicas

Otro blog más de Medicina
