{"id":103,"date":"2011-03-17T11:11:59","date_gmt":"2011-03-17T14:11:59","guid":{"rendered":"http:\/\/medicina.udd.cl\/centro-epidemiologia-politicas-salud\/"},"modified":"2012-11-14T17:10:32","modified_gmt":"2012-11-14T20:10:32","slug":"gabriel-h-sanhueza-cruzat","status":"publish","type":"page","link":"https:\/\/medicina.udd.cl\/centro-epidemiologia-politicas-salud\/gabriel-h-sanhueza-cruzat\/","title":{"rendered":"Gabriel H. Sanhueza Cruzat"},"content":{"rendered":"<p style=\"text-align: justify;\">M\u00e9dico Cirujano de la Universidad de Chile, M\u00e9dico Especialista en Salud P\u00fablica de la misma casa de estudios, Magister \u00a9 en Salud P\u00fablica menci\u00f3n Epidemiolog\u00eda en la Escuela de Salud P\u00fablica de la Facultad de Medicina de la Universidad de Chile, y Magister \u00a9 en Antropolog\u00eda y Desarrollo de la Facultad de Ciencias Sociales de la Universidad de Chile.<\/p>\n<p style=\"text-align: justify;\">Durante 4 a\u00f1os, hasta 1998, se desempe\u00f1\u00f3 como M\u00e9dico General de Zona en los Servicios de Salud de Atacama y de Coquimbo, desarrollando labores cl\u00ednicas y administrativas en Atenci\u00f3n Primaria de Copiap\u00f3 y en el Hospital de Los Vilos respectivamente.<\/p>\n<p style=\"text-align: justify;\">En el a\u00f1o 2001 realiza labores como consultor t\u00e9cnico del BID (Banco Interamericano de Desarrollo) para la Unidad de Salud y Pueblos Ind\u00edgenas del Ministerio de Salud, para apoyar el desarrollo de un Modelo de Atenci\u00f3n en Salud con Enfoque Intercultural, hasta el a\u00f1o 2003.<\/p>\n<p style=\"text-align: justify;\">Desde el a\u00f1o 2004 al 2006 asume como Subdirector M\u00e9dico del Servicio de Salud Coquimbo, realizando labores directivas de car\u00e1cter t\u00e9cnico con responsabilidad sobre toda la Red Asistencial de la IV regi\u00f3n. El Servicio de Salud administra a una dotaci\u00f3n de m\u00e1s de dos mil funcionarios distribuidos en una jurisdicci\u00f3n de 9 hospitales y tiene la autoridad t\u00e9cnica y administrativa de los hospitales y autoridad t\u00e9cnica de los Centros de Salud y Postas, que dependen administrativamente de los municipios, sumando m\u00e1s de 30 establecimientos.<\/p>\n<p style=\"text-align: justify;\">Para el a\u00f1o 2007 desarrolla labores de asesor\u00eda profesional en los proyectos de Normalizaci\u00f3n del Servicio de Salud Metropolitano Sur Oriente, espec\u00edficamente siendo responsable del \u00e1rea t\u00e9cnica m\u00e9dico salubrista de los Proyectos del Hospital Concesionado de La Florida, la normalizaci\u00f3n del Complejo Asistencial Dr. S\u00f3tero del R\u00edo y la construcci\u00f3n del CRS Puente Alto.<\/p>\n<p style=\"text-align: justify;\">Entre el a\u00f1o 2008 y 2009 se desempe\u00f1a como m\u00e9dico salubrista encargado del desarrollo del \u00e1rea m\u00e9dica del Proyecto Hospital Metropolitano de Santiago (ex \u2013Hospital Militar de Providencia) del Servicio de Salud Metropolitano Sur Oriente, asumiendo labores como Subdirector M\u00e9dico del Hospital Metropolitano de Santiago, con un enfoque en la Gesti\u00f3n Cl\u00ednica de un hospital con car\u00e1cter de mediana complejidad inserto en la gesti\u00f3n de la red asistencial de la R.M.<\/p>\n<p style=\"text-align: justify;\">De forma complementaria permanentemente ha desarrollado labores acad\u00e9micas tanto en el nivel de pre como de postgrado, como Profesor de la Escuela de Salud P\u00fablica de la Facultad de Medicina de la Universidad de Chile, de la cual actualmente es Profesor Agregado, como Profesor de la Facultad de Medicina de la Universidad Cat\u00f3lica del Norte, en la cual apoy\u00f3 la creaci\u00f3n de su Departamento de Salud P\u00fablica, siendo actualmente profesor visitante de la misma.<\/p>\n<p style=\"text-align: justify;\">Desde el a\u00f1o 2009 hasta el presente ha desarrollado labores de asesor\u00eda y consultor\u00eda para diferentes instituciones tanto p\u00fablicas como privadas en el \u00e1rea de Salud P\u00fablica, de Gesti\u00f3n en Salud y de Estudios de Situaci\u00f3n Sanitaria, siempre ligado a la actividad universitaria, con adjudicaci\u00f3n de Proyectos Fonis y de Investigaci\u00f3n.<\/p>\n<p style=\"text-align: justify;\">Su visi\u00f3n de la Salud P\u00fablica como un campo del conocimiento, as\u00ed como de la Medicina como disciplina, es que son parte inherente del Ser Humano inserto en una comunidad o sociedad y que por lo mismo su estudio y su ejercicio no se puede ver desligado de su contexto socio-hist\u00f3rico, donde al final la responsabilidad de uno como profesional de la Salud va m\u00e1s all\u00e1 de dar un acertado diagnostico o una buena indicaci\u00f3n, sino de una mirada integral e integradora del bien-estar de todas y todos.<\/p>\n","protected":false},"excerpt":{"rendered":"<p>M\u00e9dico Cirujano de la Universidad de Chile, M\u00e9dico Especialista en Salud P\u00fablica de la misma casa de estudios, Magister \u00a9 en Salud P\u00fablica menci\u00f3n Epidemiolog\u00eda en la Escuela de Salud P\u00fablica de la Facultad de Medicina de la Universidad de Chile, y Magister \u00a9 en Antropolog\u00eda y Desarrollo de la Facultad de Ciencias Sociales de [&hellip;]<\/p>\n","protected":false},"author":1,"featured_media":0,"parent":0,"menu_order":0,"comment_status":"open","ping_status":"open","template":"","meta":{"footnotes":""},"class_list":["post-103","page","type-page","status-publish","hentry"],"yoast_head":"<!-- This site is optimized with the Yoast SEO plugin v26.9 - https:\/\/yoast.com\/product\/yoast-seo-wordpress\/ -->\n<title>Gabriel H. Sanhueza Cruzat - Centro de Epidemiolog\u00eda y Pol\u00edticas de Salud<\/title>\n<meta name=\"robots\" content=\"index, follow, max-snippet:-1, max-image-preview:large, max-video-preview:-1\" \/>\n<link rel=\"canonical\" href=\"https:\/\/medicina.udd.cl\/centro-epidemiologia-politicas-salud\/gabriel-h-sanhueza-cruzat\/\" \/>\n<meta property=\"og:locale\" content=\"es_ES\" \/>\n<meta property=\"og:type\" content=\"article\" \/>\n<meta property=\"og:title\" content=\"Gabriel H. Sanhueza Cruzat - Centro de Epidemiolog\u00eda y Pol\u00edticas de Salud\" \/>\n<meta property=\"og:description\" content=\"M\u00e9dico Cirujano de la Universidad de Chile, M\u00e9dico Especialista en Salud P\u00fablica de la misma casa de estudios, Magister \u00a9 en Salud P\u00fablica menci\u00f3n Epidemiolog\u00eda en la Escuela de Salud P\u00fablica de la Facultad de Medicina de la Universidad de Chile, y Magister \u00a9 en Antropolog\u00eda y Desarrollo de la Facultad de Ciencias Sociales de [&hellip;]\" \/>\n<meta property=\"og:url\" content=\"https:\/\/medicina.udd.cl\/centro-epidemiologia-politicas-salud\/gabriel-h-sanhueza-cruzat\/\" \/>\n<meta property=\"og:site_name\" content=\"Centro de Epidemiolog\u00eda y Pol\u00edticas de Salud\" \/>\n<meta property=\"article:modified_time\" content=\"2012-11-14T20:10:32+00:00\" \/>\n<meta name=\"twitter:label1\" content=\"Tiempo de lectura\" \/>\n\t<meta name=\"twitter:data1\" content=\"3 minutos\" \/>\n<script type=\"application\/ld+json\" class=\"yoast-schema-graph\">{\"@context\":\"https:\/\/schema.org\",\"@graph\":[{\"@type\":\"WebPage\",\"@id\":\"https:\/\/medicina.udd.cl\/centro-epidemiologia-politicas-salud\/gabriel-h-sanhueza-cruzat\/\",\"url\":\"https:\/\/medicina.udd.cl\/centro-epidemiologia-politicas-salud\/gabriel-h-sanhueza-cruzat\/\",\"name\":\"Gabriel H. Sanhueza Cruzat - Centro de Epidemiolog\u00eda y Pol\u00edticas de Salud\",\"isPartOf\":{\"@id\":\"https:\/\/medicina.udd.cl\/centro-epidemiologia-politicas-salud\/#website\"},\"datePublished\":\"2011-03-17T14:11:59+00:00\",\"dateModified\":\"2012-11-14T20:10:32+00:00\",\"breadcrumb\":{\"@id\":\"https:\/\/medicina.udd.cl\/centro-epidemiologia-politicas-salud\/gabriel-h-sanhueza-cruzat\/#breadcrumb\"},\"inLanguage\":\"es\",\"potentialAction\":[{\"@type\":\"ReadAction\",\"target\":[\"https:\/\/medicina.udd.cl\/centro-epidemiologia-politicas-salud\/gabriel-h-sanhueza-cruzat\/\"]}]},{\"@type\":\"BreadcrumbList\",\"@id\":\"https:\/\/medicina.udd.cl\/centro-epidemiologia-politicas-salud\/gabriel-h-sanhueza-cruzat\/#breadcrumb\",\"itemListElement\":[{\"@type\":\"ListItem\",\"position\":1,\"name\":\"Inicio\",\"item\":\"https:\/\/medicina.udd.cl\/centro-epidemiologia-politicas-salud\/\"},{\"@type\":\"ListItem\",\"position\":2,\"name\":\"Gabriel H. Sanhueza Cruzat\"}]},{\"@type\":\"WebSite\",\"@id\":\"https:\/\/medicina.udd.cl\/centro-epidemiologia-politicas-salud\/#website\",\"url\":\"https:\/\/medicina.udd.cl\/centro-epidemiologia-politicas-salud\/\",\"name\":\"Centro de Epidemiolog\u00eda y Pol\u00edticas de Salud\",\"description\":\"Otro blog m\u00e1s de Medicina\",\"inLanguage\":\"es\"}]}<\/script>\n<!-- \/ Yoast SEO plugin. -->","yoast_head_json":{"title":"Gabriel H. Sanhueza Cruzat - Centro de Epidemiolog\u00eda y Pol\u00edticas de Salud","robots":{"index":"index","follow":"follow","max-snippet":"max-snippet:-1","max-image-preview":"max-image-preview:large","max-video-preview":"max-video-preview:-1"},"canonical":"https:\/\/medicina.udd.cl\/centro-epidemiologia-politicas-salud\/gabriel-h-sanhueza-cruzat\/","og_locale":"es_ES","og_type":"article","og_title":"Gabriel H. Sanhueza Cruzat - Centro de Epidemiolog\u00eda y Pol\u00edticas de Salud","og_description":"M\u00e9dico Cirujano de la Universidad de Chile, M\u00e9dico Especialista en Salud P\u00fablica de la misma casa de estudios, Magister \u00a9 en Salud P\u00fablica menci\u00f3n Epidemiolog\u00eda en la Escuela de Salud P\u00fablica de la Facultad de Medicina de la Universidad de Chile, y Magister \u00a9 en Antropolog\u00eda y Desarrollo de la Facultad de Ciencias Sociales de [&hellip;]","og_url":"https:\/\/medicina.udd.cl\/centro-epidemiologia-politicas-salud\/gabriel-h-sanhueza-cruzat\/","og_site_name":"Centro de Epidemiolog\u00eda y Pol\u00edticas de Salud","article_modified_time":"2012-11-14T20:10:32+00:00","twitter_misc":{"Tiempo de lectura":"3 minutos"},"schema":{"@context":"https:\/\/schema.org","@graph":[{"@type":"WebPage","@id":"https:\/\/medicina.udd.cl\/centro-epidemiologia-politicas-salud\/gabriel-h-sanhueza-cruzat\/","url":"https:\/\/medicina.udd.cl\/centro-epidemiologia-politicas-salud\/gabriel-h-sanhueza-cruzat\/","name":"Gabriel H. Sanhueza Cruzat - Centro de Epidemiolog\u00eda y Pol\u00edticas de Salud","isPartOf":{"@id":"https:\/\/medicina.udd.cl\/centro-epidemiologia-politicas-salud\/#website"},"datePublished":"2011-03-17T14:11:59+00:00","dateModified":"2012-11-14T20:10:32+00:00","breadcrumb":{"@id":"https:\/\/medicina.udd.cl\/centro-epidemiologia-politicas-salud\/gabriel-h-sanhueza-cruzat\/#breadcrumb"},"inLanguage":"es","potentialAction":[{"@type":"ReadAction","target":["https:\/\/medicina.udd.cl\/centro-epidemiologia-politicas-salud\/gabriel-h-sanhueza-cruzat\/"]}]},{"@type":"BreadcrumbList","@id":"https:\/\/medicina.udd.cl\/centro-epidemiologia-politicas-salud\/gabriel-h-sanhueza-cruzat\/#breadcrumb","itemListElement":[{"@type":"ListItem","position":1,"name":"Inicio","item":"https:\/\/medicina.udd.cl\/centro-epidemiologia-politicas-salud\/"},{"@type":"ListItem","position":2,"name":"Gabriel H. Sanhueza Cruzat"}]},{"@type":"WebSite","@id":"https:\/\/medicina.udd.cl\/centro-epidemiologia-politicas-salud\/#website","url":"https:\/\/medicina.udd.cl\/centro-epidemiologia-politicas-salud\/","name":"Centro de Epidemiolog\u00eda y Pol\u00edticas de Salud","description":"Otro blog m\u00e1s de Medicina","inLanguage":"es"}]}},"_links":{"self":[{"href":"https:\/\/medicina.udd.cl\/centro-epidemiologia-politicas-salud\/wp-json\/wp\/v2\/pages\/103","targetHints":{"allow":["GET"]}}],"collection":[{"href":"https:\/\/medicina.udd.cl\/centro-epidemiologia-politicas-salud\/wp-json\/wp\/v2\/pages"}],"about":[{"href":"https:\/\/medicina.udd.cl\/centro-epidemiologia-politicas-salud\/wp-json\/wp\/v2\/types\/page"}],"author":[{"embeddable":true,"href":"https:\/\/medicina.udd.cl\/centro-epidemiologia-politicas-salud\/wp-json\/wp\/v2\/users\/1"}],"replies":[{"embeddable":true,"href":"https:\/\/medicina.udd.cl\/centro-epidemiologia-politicas-salud\/wp-json\/wp\/v2\/comments?post=103"}],"version-history":[{"count":2,"href":"https:\/\/medicina.udd.cl\/centro-epidemiologia-politicas-salud\/wp-json\/wp\/v2\/pages\/103\/revisions"}],"predecessor-version":[{"id":437,"href":"https:\/\/medicina.udd.cl\/centro-epidemiologia-politicas-salud\/wp-json\/wp\/v2\/pages\/103\/revisions\/437"}],"wp:attachment":[{"href":"https:\/\/medicina.udd.cl\/centro-epidemiologia-politicas-salud\/wp-json\/wp\/v2\/media?parent=103"}],"curies":[{"name":"wp","href":"https:\/\/api.w.org\/{rel}","templated":true}]}}

<p style="text-align: justify;">Médico Cirujano de la Universidad de Chile, Médico Especialista en Salud Pública de la misma casa de estudios, Magister © en Salud Pública mención Epidemiología en la Escuela de Salud Pública de la Facultad de Medicina de la Universidad de Chile, y Magister © en Antropología y Desarrollo de la Facultad de Ciencias Sociales de la Universidad de Chile.</p>
<p style="text-align: justify;">Durante 4 años, hasta 1998, se desempeñó como Médico General de Zona en los Servicios de Salud de Atacama y de Coquimbo, desarrollando labores clínicas y administrativas en Atención Primaria de Copiapó y en el Hospital de Los Vilos respectivamente.</p>
<p style="text-align: justify;">En el año 2001 realiza labores como consultor técnico del BID (Banco Interamericano de Desarrollo) para la Unidad de Salud y Pueblos Indígenas del Ministerio de Salud, para apoyar el desarrollo de un Modelo de Atención en Salud con Enfoque Intercultural, hasta el año 2003.</p>
<p style="text-align: justify;">Desde el año 2004 al 2006 asume como Subdirector Médico del Servicio de Salud Coquimbo, realizando labores directivas de carácter técnico con responsabilidad sobre toda la Red Asistencial de la IV región. El Servicio de Salud administra a una dotación de más de dos mil funcionarios distribuidos en una jurisdicción de 9 hospitales y tiene la autoridad técnica y administrativa de los hospitales y autoridad técnica de los Centros de Salud y Postas, que dependen administrativamente de los municipios, sumando más de 30 establecimientos.</p>
<p style="text-align: justify;">Para el año 2007 desarrolla labores de asesoría profesional en los proyectos de Normalización del Servicio de Salud Metropolitano Sur Oriente, específicamente siendo responsable del área técnica médico salubrista de los Proyectos del Hospital Concesionado de La Florida, la normalización del Complejo Asistencial Dr. Sótero del Río y la construcción del CRS Puente Alto.</p>
<p style="text-align: justify;">Entre el año 2008 y 2009 se desempeña como médico salubrista encargado del desarrollo del área médica del Proyecto Hospital Metropolitano de Santiago (ex –Hospital Militar de Providencia) del Servicio de Salud Metropolitano Sur Oriente, asumiendo labores como Subdirector Médico del Hospital Metropolitano de Santiago, con un enfoque en la Gestión Clínica de un hospital con carácter de mediana complejidad inserto en la gestión de la red asistencial de la R.M.</p>
<p style="text-align: justify;">De forma complementaria permanentemente ha desarrollado labores académicas tanto en el nivel de pre como de postgrado, como Profesor de la Escuela de Salud Pública de la Facultad de Medicina de la Universidad de Chile, de la cual actualmente es Profesor Agregado, como Profesor de la Facultad de Medicina de la Universidad Católica del Norte, en la cual apoyó la creación de su Departamento de Salud Pública, siendo actualmente profesor visitante de la misma.</p>
<p style="text-align: justify;">Desde el año 2009 hasta el presente ha desarrollado labores de asesoría y consultoría para diferentes instituciones tanto públicas como privadas en el área de Salud Pública, de Gestión en Salud y de Estudios de Situación Sanitaria, siempre ligado a la actividad universitaria, con adjudicación de Proyectos Fonis y de Investigación.</p>
<p style="text-align: justify;">Su visión de la Salud Pública como un campo del conocimiento, así como de la Medicina como disciplina, es que son parte inherente del Ser Humano inserto en una comunidad o sociedad y que por lo mismo su estudio y su ejercicio no se puede ver desligado de su contexto socio-histórico, donde al final la responsabilidad de uno como profesional de la Salud va más allá de dar un acertado diagnostico o una buena indicación, sino de una mirada integral e integradora del bien-estar de todas y todos.</p>

<p>Médico Cirujano de la Universidad de Chile, Médico Especialista en Salud Pública de la misma casa de estudios, Magister © en Salud Pública mención Epidemiología en la Escuela de Salud Pública de la Facultad de Medicina de la Universidad de Chile, y Magister © en Antropología y Desarrollo de la Facultad de Ciencias Sociales de [&hellip;]</p>

<!-- This site is optimized with the Yoast SEO plugin v26.9 - https://yoast.com/product/yoast-seo-wordpress/ -->
<title>Gabriel H. Sanhueza Cruzat - Centro de Epidemiología y Políticas de Salud</title>
<meta name="robots" content="index, follow, max-snippet:-1, max-image-preview:large, max-video-preview:-1" />
<link rel="canonical" href="https://medicina.udd.cl/centro-epidemiologia-politicas-salud/gabriel-h-sanhueza-cruzat/" />
<meta property="og:locale" content="es_ES" />
<meta property="og:type" content="article" />
<meta property="og:title" content="Gabriel H. Sanhueza Cruzat - Centro de Epidemiología y Políticas de Salud" />
<meta property="og:description" content="Médico Cirujano de la Universidad de Chile, Médico Especialista en Salud Pública de la misma casa de estudios, Magister © en Salud Pública mención Epidemiología en la Escuela de Salud Pública de la Facultad de Medicina de la Universidad de Chile, y Magister © en Antropología y Desarrollo de la Facultad de Ciencias Sociales de [&hellip;]" />
<meta property="og:url" content="https://medicina.udd.cl/centro-epidemiologia-politicas-salud/gabriel-h-sanhueza-cruzat/" />
<meta property="og:site_name" content="Centro de Epidemiología y Políticas de Salud" />
<meta property="article:modified_time" content="2012-11-14T20:10:32+00:00" />
<meta name="twitter:label1" content="Tiempo de lectura" />
	<meta name="twitter:data1" content="3 minutos" />
<script type="application/ld+json" class="yoast-schema-graph">{"@context":"https://schema.org","@graph":[{"@type":"WebPage","@id":"https://medicina.udd.cl/centro-epidemiologia-politicas-salud/gabriel-h-sanhueza-cruzat/","url":"https://medicina.udd.cl/centro-epidemiologia-politicas-salud/gabriel-h-sanhueza-cruzat/","name":"Gabriel H. Sanhueza Cruzat - Centro de Epidemiología y Políticas de Salud","isPartOf":{"@id":"https://medicina.udd.cl/centro-epidemiologia-politicas-salud/#website"},"datePublished":"2011-03-17T14:11:59+00:00","dateModified":"2012-11-14T20:10:32+00:00","breadcrumb":{"@id":"https://medicina.udd.cl/centro-epidemiologia-politicas-salud/gabriel-h-sanhueza-cruzat/#breadcrumb"},"inLanguage":"es","potentialAction":[{"@type":"ReadAction","target":["https://medicina.udd.cl/centro-epidemiologia-politicas-salud/gabriel-h-sanhueza-cruzat/"]}]},{"@type":"BreadcrumbList","@id":"https://medicina.udd.cl/centro-epidemiologia-politicas-salud/gabriel-h-sanhueza-cruzat/#breadcrumb","itemListElement":[{"@type":"ListItem","position":1,"name":"Inicio","item":"https://medicina.udd.cl/centro-epidemiologia-politicas-salud/"},{"@type":"ListItem","position":2,"name":"Gabriel H. Sanhueza Cruzat"}]},{"@type":"WebSite","@id":"https://medicina.udd.cl/centro-epidemiologia-politicas-salud/#website","url":"https://medicina.udd.cl/centro-epidemiologia-politicas-salud/","name":"Centro de Epidemiología y Políticas de Salud","description":"Otro blog más de Medicina","inLanguage":"es"}]}</script>
<!-- / Yoast SEO plugin. -->

Gabriel H. Sanhueza Cruzat - Centro de Epidemiología y Políticas de Salud

Médico Cirujano de la Universidad de Chile, Médico Especialista en Salud Pública de la misma casa de estudios, Magister © en Salud Pública mención Epidemiología en la Escuela de Salud Pública de la Facultad de Medicina de la Universidad de Chile, y Magister © en Antropología y Desarrollo de la Facultad de Ciencias Sociales de [&hellip;]

Centro de Epidemiología y Políticas de Salud

Otro blog más de Medicina
