{"id":1189,"date":"2014-12-31T09:42:33","date_gmt":"2014-12-31T12:42:33","guid":{"rendered":"http:\/\/medicina.udd.cl\/centro-epidemiologia-politicas-salud\/?page_id=1189"},"modified":"2014-12-31T10:09:43","modified_gmt":"2014-12-31T13:09:43","slug":"asesorias-entidades-nacionales","status":"publish","type":"page","link":"https:\/\/medicina.udd.cl\/centro-epidemiologia-politicas-salud\/extension-capacitacion\/asesorias-entidades-nacionales\/","title":{"rendered":"Asesor\u00edas a entidades nacionales"},"content":{"rendered":"<div align=\"center\">\n<table width=\"641\" border=\"1\" cellspacing=\"0\" cellpadding=\"0\">\n<tbody>\n<tr>\n<td valign=\"top\" width=\"253\"><b>Ximena Aguilera: <\/b>Comisi\u00f3n Asesora Presidencial para el Estudio y Propuesta de un Nuevo Modelo y Marco Jur\u00eddico para el Sistema Privado de Salud<b><\/b><\/td>\n<td valign=\"top\" width=\"208\">Santiago, Chile<\/td>\n<td valign=\"top\" width=\"180\">Abril \u2013 octubre 2014<\/td>\n<\/tr>\n<tr>\n<td valign=\"top\" width=\"253\"><b>Macarena Hirmas. <\/b>Evaluador de proyectos FONIS primera etapa 2014.<\/td>\n<td valign=\"top\" width=\"208\">Santiago, Chile.<\/td>\n<td valign=\"top\" width=\"180\">Primera etapa 2014.<\/td>\n<\/tr>\n<tr>\n<td valign=\"top\" width=\"253\"><b>Ximena Aguilera: <\/b>Comisi\u00f3n Asesora T\u00e9cnica en Materia de \u00c9bola para el Ministerio de salud de Chile.<b><\/b><\/td>\n<td valign=\"top\" width=\"208\">Santiago, Chile<\/td>\n<td valign=\"top\" width=\"180\">Octubre 2014-a la fecha.<\/td>\n<\/tr>\n<tr>\n<td valign=\"top\" width=\"253\"><b>Claudia Gonz\u00e1lez: <\/b>Comisi\u00f3n Asesora T\u00e9cnica en Materia de \u00c9bola para el Ministerio de salud de Chile.<b><\/b><\/td>\n<td valign=\"top\" width=\"208\">Santiago, Chile<\/td>\n<td valign=\"top\" width=\"180\">Octubre 2014-a la fecha.<\/td>\n<\/tr>\n<tr>\n<td valign=\"top\" width=\"253\"><b>Ximena Aguilera: <\/b>Consejo Consultivo GES<b>,<\/b> Ministerio de salud de Chile.<b><\/b><\/td>\n<td valign=\"top\" width=\"208\">Santiago, Chile<\/td>\n<td valign=\"top\" width=\"180\">Noviembre 2014<\/td>\n<\/tr>\n<tr>\n<td valign=\"top\" width=\"253\"><b>Ximena Aguilera: <\/b>Comisi\u00f3n de Salud de la C\u00e1mara de Diputados. Consulta opini\u00f3n experta sobre estrategia \u201cElige Vivir Sano\u201d<b> <\/b><\/td>\n<td valign=\"top\" width=\"208\">Valpara\u00edso, Chile.<\/td>\n<td valign=\"top\" width=\"180\">22 de enero 2013<\/td>\n<\/tr>\n<tr>\n<td valign=\"top\" width=\"253\"><b>Ximena Aguilera: <\/b>Evaluador de proyectos FONIS primera etapa 2013.<b><\/b><\/td>\n<td valign=\"top\" width=\"208\">Santiago, Chile.<\/td>\n<td valign=\"top\" width=\"180\">Primera etapa 2013.<\/td>\n<\/tr>\n<\/tbody>\n<\/table>\n<\/div>\n","protected":false},"excerpt":{"rendered":"<p>Conoce las asesor\u00edas de nuestros investigadores.<\/p>\n","protected":false},"author":42,"featured_media":0,"parent":290,"menu_order":0,"comment_status":"open","ping_status":"open","template":"","meta":{"footnotes":""},"class_list":["post-1189","page","type-page","status-publish","hentry"],"yoast_head":"<!-- This site is optimized with the Yoast SEO plugin v26.9 - https:\/\/yoast.com\/product\/yoast-seo-wordpress\/ -->\n<title>Asesor\u00edas a entidades nacionales - Centro de Epidemiolog\u00eda y Pol\u00edticas de Salud<\/title>\n<meta name=\"robots\" content=\"index, follow, max-snippet:-1, max-image-preview:large, max-video-preview:-1\" \/>\n<link rel=\"canonical\" href=\"https:\/\/medicina.udd.cl\/centro-epidemiologia-politicas-salud\/extension-capacitacion\/asesorias-entidades-nacionales\/\" \/>\n<meta property=\"og:locale\" content=\"es_ES\" \/>\n<meta property=\"og:type\" content=\"article\" \/>\n<meta property=\"og:title\" content=\"Asesor\u00edas a entidades nacionales - Centro de Epidemiolog\u00eda y Pol\u00edticas de Salud\" \/>\n<meta property=\"og:description\" content=\"Conoce las asesor\u00edas de nuestros investigadores.\" \/>\n<meta property=\"og:url\" content=\"https:\/\/medicina.udd.cl\/centro-epidemiologia-politicas-salud\/extension-capacitacion\/asesorias-entidades-nacionales\/\" \/>\n<meta property=\"og:site_name\" content=\"Centro de Epidemiolog\u00eda y Pol\u00edticas de Salud\" \/>\n<meta property=\"article:modified_time\" content=\"2014-12-31T13:09:43+00:00\" \/>\n<meta name=\"twitter:label1\" content=\"Tiempo de lectura\" \/>\n\t<meta name=\"twitter:data1\" content=\"1 minuto\" \/>\n<script type=\"application\/ld+json\" class=\"yoast-schema-graph\">{\"@context\":\"https:\/\/schema.org\",\"@graph\":[{\"@type\":\"WebPage\",\"@id\":\"https:\/\/medicina.udd.cl\/centro-epidemiologia-politicas-salud\/extension-capacitacion\/asesorias-entidades-nacionales\/\",\"url\":\"https:\/\/medicina.udd.cl\/centro-epidemiologia-politicas-salud\/extension-capacitacion\/asesorias-entidades-nacionales\/\",\"name\":\"Asesor\u00edas a entidades nacionales - Centro de Epidemiolog\u00eda y Pol\u00edticas de Salud\",\"isPartOf\":{\"@id\":\"https:\/\/medicina.udd.cl\/centro-epidemiologia-politicas-salud\/#website\"},\"datePublished\":\"2014-12-31T12:42:33+00:00\",\"dateModified\":\"2014-12-31T13:09:43+00:00\",\"breadcrumb\":{\"@id\":\"https:\/\/medicina.udd.cl\/centro-epidemiologia-politicas-salud\/extension-capacitacion\/asesorias-entidades-nacionales\/#breadcrumb\"},\"inLanguage\":\"es\",\"potentialAction\":[{\"@type\":\"ReadAction\",\"target\":[\"https:\/\/medicina.udd.cl\/centro-epidemiologia-politicas-salud\/extension-capacitacion\/asesorias-entidades-nacionales\/\"]}]},{\"@type\":\"BreadcrumbList\",\"@id\":\"https:\/\/medicina.udd.cl\/centro-epidemiologia-politicas-salud\/extension-capacitacion\/asesorias-entidades-nacionales\/#breadcrumb\",\"itemListElement\":[{\"@type\":\"ListItem\",\"position\":1,\"name\":\"Inicio\",\"item\":\"https:\/\/medicina.udd.cl\/centro-epidemiologia-politicas-salud\/\"},{\"@type\":\"ListItem\",\"position\":2,\"name\":\"Extensi\u00f3n y capacitaci\u00f3n\",\"item\":\"https:\/\/medicina.udd.cl\/centro-epidemiologia-politicas-salud\/extension-capacitacion\/\"},{\"@type\":\"ListItem\",\"position\":3,\"name\":\"Asesor\u00edas a entidades nacionales\"}]},{\"@type\":\"WebSite\",\"@id\":\"https:\/\/medicina.udd.cl\/centro-epidemiologia-politicas-salud\/#website\",\"url\":\"https:\/\/medicina.udd.cl\/centro-epidemiologia-politicas-salud\/\",\"name\":\"Centro de Epidemiolog\u00eda y Pol\u00edticas de Salud\",\"description\":\"Otro blog m\u00e1s de Medicina\",\"inLanguage\":\"es\"}]}<\/script>\n<!-- \/ Yoast SEO plugin. -->","yoast_head_json":{"title":"Asesor\u00edas a entidades nacionales - Centro de Epidemiolog\u00eda y Pol\u00edticas de Salud","robots":{"index":"index","follow":"follow","max-snippet":"max-snippet:-1","max-image-preview":"max-image-preview:large","max-video-preview":"max-video-preview:-1"},"canonical":"https:\/\/medicina.udd.cl\/centro-epidemiologia-politicas-salud\/extension-capacitacion\/asesorias-entidades-nacionales\/","og_locale":"es_ES","og_type":"article","og_title":"Asesor\u00edas a entidades nacionales - Centro de Epidemiolog\u00eda y Pol\u00edticas de Salud","og_description":"Conoce las asesor\u00edas de nuestros investigadores.","og_url":"https:\/\/medicina.udd.cl\/centro-epidemiologia-politicas-salud\/extension-capacitacion\/asesorias-entidades-nacionales\/","og_site_name":"Centro de Epidemiolog\u00eda y Pol\u00edticas de Salud","article_modified_time":"2014-12-31T13:09:43+00:00","twitter_misc":{"Tiempo de lectura":"1 minuto"},"schema":{"@context":"https:\/\/schema.org","@graph":[{"@type":"WebPage","@id":"https:\/\/medicina.udd.cl\/centro-epidemiologia-politicas-salud\/extension-capacitacion\/asesorias-entidades-nacionales\/","url":"https:\/\/medicina.udd.cl\/centro-epidemiologia-politicas-salud\/extension-capacitacion\/asesorias-entidades-nacionales\/","name":"Asesor\u00edas a entidades nacionales - Centro de Epidemiolog\u00eda y Pol\u00edticas de Salud","isPartOf":{"@id":"https:\/\/medicina.udd.cl\/centro-epidemiologia-politicas-salud\/#website"},"datePublished":"2014-12-31T12:42:33+00:00","dateModified":"2014-12-31T13:09:43+00:00","breadcrumb":{"@id":"https:\/\/medicina.udd.cl\/centro-epidemiologia-politicas-salud\/extension-capacitacion\/asesorias-entidades-nacionales\/#breadcrumb"},"inLanguage":"es","potentialAction":[{"@type":"ReadAction","target":["https:\/\/medicina.udd.cl\/centro-epidemiologia-politicas-salud\/extension-capacitacion\/asesorias-entidades-nacionales\/"]}]},{"@type":"BreadcrumbList","@id":"https:\/\/medicina.udd.cl\/centro-epidemiologia-politicas-salud\/extension-capacitacion\/asesorias-entidades-nacionales\/#breadcrumb","itemListElement":[{"@type":"ListItem","position":1,"name":"Inicio","item":"https:\/\/medicina.udd.cl\/centro-epidemiologia-politicas-salud\/"},{"@type":"ListItem","position":2,"name":"Extensi\u00f3n y capacitaci\u00f3n","item":"https:\/\/medicina.udd.cl\/centro-epidemiologia-politicas-salud\/extension-capacitacion\/"},{"@type":"ListItem","position":3,"name":"Asesor\u00edas a entidades nacionales"}]},{"@type":"WebSite","@id":"https:\/\/medicina.udd.cl\/centro-epidemiologia-politicas-salud\/#website","url":"https:\/\/medicina.udd.cl\/centro-epidemiologia-politicas-salud\/","name":"Centro de Epidemiolog\u00eda y Pol\u00edticas de Salud","description":"Otro blog m\u00e1s de Medicina","inLanguage":"es"}]}},"_links":{"self":[{"href":"https:\/\/medicina.udd.cl\/centro-epidemiologia-politicas-salud\/wp-json\/wp\/v2\/pages\/1189","targetHints":{"allow":["GET"]}}],"collection":[{"href":"https:\/\/medicina.udd.cl\/centro-epidemiologia-politicas-salud\/wp-json\/wp\/v2\/pages"}],"about":[{"href":"https:\/\/medicina.udd.cl\/centro-epidemiologia-politicas-salud\/wp-json\/wp\/v2\/types\/page"}],"author":[{"embeddable":true,"href":"https:\/\/medicina.udd.cl\/centro-epidemiologia-politicas-salud\/wp-json\/wp\/v2\/users\/42"}],"replies":[{"embeddable":true,"href":"https:\/\/medicina.udd.cl\/centro-epidemiologia-politicas-salud\/wp-json\/wp\/v2\/comments?post=1189"}],"version-history":[{"count":4,"href":"https:\/\/medicina.udd.cl\/centro-epidemiologia-politicas-salud\/wp-json\/wp\/v2\/pages\/1189\/revisions"}],"predecessor-version":[{"id":1194,"href":"https:\/\/medicina.udd.cl\/centro-epidemiologia-politicas-salud\/wp-json\/wp\/v2\/pages\/1189\/revisions\/1194"}],"up":[{"embeddable":true,"href":"https:\/\/medicina.udd.cl\/centro-epidemiologia-politicas-salud\/wp-json\/wp\/v2\/pages\/290"}],"wp:attachment":[{"href":"https:\/\/medicina.udd.cl\/centro-epidemiologia-politicas-salud\/wp-json\/wp\/v2\/media?parent=1189"}],"curies":[{"name":"wp","href":"https:\/\/api.w.org\/{rel}","templated":true}]}}

Asesorías a entidades nacionales

<div align="center">
<table width="641" border="1" cellspacing="0" cellpadding="0">
<tbody>
<tr>
<td valign="top" width="253"><b>Ximena Aguilera: </b>Comisión Asesora Presidencial para el Estudio y Propuesta de un Nuevo Modelo y Marco Jurídico para el Sistema Privado de Salud<b></b></td>
<td valign="top" width="208">Santiago, Chile</td>
<td valign="top" width="180">Abril – octubre 2014</td>
</tr>
<tr>
<td valign="top" width="253"><b>Macarena Hirmas. </b>Evaluador de proyectos FONIS primera etapa 2014.</td>
<td valign="top" width="208">Santiago, Chile.</td>
<td valign="top" width="180">Primera etapa 2014.</td>
</tr>
<tr>
<td valign="top" width="253"><b>Ximena Aguilera: </b>Comisión Asesora Técnica en Materia de Ébola para el Ministerio de salud de Chile.<b></b></td>
<td valign="top" width="208">Santiago, Chile</td>
<td valign="top" width="180">Octubre 2014-a la fecha.</td>
</tr>
<tr>
<td valign="top" width="253"><b>Claudia González: </b>Comisión Asesora Técnica en Materia de Ébola para el Ministerio de salud de Chile.<b></b></td>
<td valign="top" width="208">Santiago, Chile</td>
<td valign="top" width="180">Octubre 2014-a la fecha.</td>
</tr>
<tr>
<td valign="top" width="253"><b>Ximena Aguilera: </b>Consejo Consultivo GES<b>,</b> Ministerio de salud de Chile.<b></b></td>
<td valign="top" width="208">Santiago, Chile</td>
<td valign="top" width="180">Noviembre 2014</td>
</tr>
<tr>
<td valign="top" width="253"><b>Ximena Aguilera: </b>Comisión de Salud de la Cámara de Diputados. Consulta opinión experta sobre estrategia “Elige Vivir Sano”<b> </b></td>
<td valign="top" width="208">Valparaíso, Chile.</td>
<td valign="top" width="180">22 de enero 2013</td>
</tr>
<tr>
<td valign="top" width="253"><b>Ximena Aguilera: </b>Evaluador de proyectos FONIS primera etapa 2013.<b></b></td>
<td valign="top" width="208">Santiago, Chile.</td>
<td valign="top" width="180">Primera etapa 2013.</td>
</tr>
</tbody>
</table>
</div>

<p>Conoce las asesorías de nuestros investigadores.</p>

<!-- This site is optimized with the Yoast SEO plugin v26.9 - https://yoast.com/product/yoast-seo-wordpress/ -->
<title>Asesorías a entidades nacionales - Centro de Epidemiología y Políticas de Salud</title>
<meta name="robots" content="index, follow, max-snippet:-1, max-image-preview:large, max-video-preview:-1" />
<link rel="canonical" href="https://medicina.udd.cl/centro-epidemiologia-politicas-salud/extension-capacitacion/asesorias-entidades-nacionales/" />
<meta property="og:locale" content="es_ES" />
<meta property="og:type" content="article" />
<meta property="og:title" content="Asesorías a entidades nacionales - Centro de Epidemiología y Políticas de Salud" />
<meta property="og:description" content="Conoce las asesorías de nuestros investigadores." />
<meta property="og:url" content="https://medicina.udd.cl/centro-epidemiologia-politicas-salud/extension-capacitacion/asesorias-entidades-nacionales/" />
<meta property="og:site_name" content="Centro de Epidemiología y Políticas de Salud" />
<meta property="article:modified_time" content="2014-12-31T13:09:43+00:00" />
<meta name="twitter:label1" content="Tiempo de lectura" />
	<meta name="twitter:data1" content="1 minuto" />
<script type="application/ld+json" class="yoast-schema-graph">{"@context":"https://schema.org","@graph":[{"@type":"WebPage","@id":"https://medicina.udd.cl/centro-epidemiologia-politicas-salud/extension-capacitacion/asesorias-entidades-nacionales/","url":"https://medicina.udd.cl/centro-epidemiologia-politicas-salud/extension-capacitacion/asesorias-entidades-nacionales/","name":"Asesorías a entidades nacionales - Centro de Epidemiología y Políticas de Salud","isPartOf":{"@id":"https://medicina.udd.cl/centro-epidemiologia-politicas-salud/#website"},"datePublished":"2014-12-31T12:42:33+00:00","dateModified":"2014-12-31T13:09:43+00:00","breadcrumb":{"@id":"https://medicina.udd.cl/centro-epidemiologia-politicas-salud/extension-capacitacion/asesorias-entidades-nacionales/#breadcrumb"},"inLanguage":"es","potentialAction":[{"@type":"ReadAction","target":["https://medicina.udd.cl/centro-epidemiologia-politicas-salud/extension-capacitacion/asesorias-entidades-nacionales/"]}]},{"@type":"BreadcrumbList","@id":"https://medicina.udd.cl/centro-epidemiologia-politicas-salud/extension-capacitacion/asesorias-entidades-nacionales/#breadcrumb","itemListElement":[{"@type":"ListItem","position":1,"name":"Inicio","item":"https://medicina.udd.cl/centro-epidemiologia-politicas-salud/"},{"@type":"ListItem","position":2,"name":"Extensión y capacitación","item":"https://medicina.udd.cl/centro-epidemiologia-politicas-salud/extension-capacitacion/"},{"@type":"ListItem","position":3,"name":"Asesorías a entidades nacionales"}]},{"@type":"WebSite","@id":"https://medicina.udd.cl/centro-epidemiologia-politicas-salud/#website","url":"https://medicina.udd.cl/centro-epidemiologia-politicas-salud/","name":"Centro de Epidemiología y Políticas de Salud","description":"Otro blog más de Medicina","inLanguage":"es"}]}</script>
<!-- / Yoast SEO plugin. -->

Asesorías a entidades nacionales - Centro de Epidemiología y Políticas de Salud

Conoce las asesorías de nuestros investigadores.

Centro de Epidemiología y Políticas de Salud

Extensión y capacitación

Otro blog más de Medicina
