{"id":1196,"date":"2014-12-31T10:14:46","date_gmt":"2014-12-31T13:14:46","guid":{"rendered":"http:\/\/medicina.udd.cl\/centro-epidemiologia-politicas-salud\/?page_id=1196"},"modified":"2014-12-31T10:14:46","modified_gmt":"2014-12-31T13:14:46","slug":"conferencias","status":"publish","type":"page","link":"https:\/\/medicina.udd.cl\/centro-epidemiologia-politicas-salud\/extension-capacitacion\/conferencias\/","title":{"rendered":"Conferencias"},"content":{"rendered":"<div align=\"center\">\n<table width=\"641\" border=\"1\" cellspacing=\"0\" cellpadding=\"0\">\n<tbody>\n<tr>\n<td valign=\"top\" width=\"253\"><b>Ximena Aguilera:<\/b> Tuberculosis Latente En Centros Penitenciarios: Primera Experiencia En Chile Con Detecci\u00f3n De Liberaci\u00f3n De Interfer\u00f3n Gamma (Tb Spot).<b><\/b><\/td>\n<td valign=\"top\" width=\"208\">Presentaci\u00f3n a Internos y personal de Gendarmer\u00eda Centro Penitenciario de Valpara\u00edso.<\/td>\n<td valign=\"top\" width=\"180\">24 de marzo 2014<\/td>\n<\/tr>\n<tr>\n<td valign=\"top\" width=\"253\"><b>Ximena Aguilera:<\/b> Tuberculosis Latente En Centros Penitenciarios: Primera Experiencia En Chile Con Detecci\u00f3n De Liberaci\u00f3n De Interfer\u00f3n Gamma (Tb Spot).<b><\/b><\/td>\n<td valign=\"top\" width=\"208\">Presentaci\u00f3n Autoridades regionales de Salud Y justicia. Seremi de Salud Valpara\u00edso.<\/td>\n<td valign=\"top\" width=\"180\">24 de marzo 2014<\/td>\n<\/tr>\n<tr>\n<td valign=\"top\" width=\"253\"><b>Ximena Aguilera:<\/b> Tuberculosis Latente En Centros Penitenciarios: Primera Experiencia En Chile Con Detecci\u00f3n De Liberaci\u00f3n De Interfer\u00f3n Gamma (Tb Spot).<b><\/b><\/td>\n<td valign=\"top\" width=\"208\">Presentaci\u00f3n Seminario Acad\u00e9mico Facultad de Medicina-UDD<\/td>\n<td valign=\"top\" width=\"180\">25 de Junio 2014<\/td>\n<\/tr>\n<tr>\n<td valign=\"top\" width=\"253\"><b>Claudia Gonzalez<\/b>: MERS-CoV\u00a0 (Middle East respiratory syndrome coronavirus)<\/td>\n<td valign=\"top\" width=\"208\">Mesa Redonda, III Congreso Chileno de Salud P\u00fablica V Congreso Chileno de Epidemiolog\u00eda Santiago.<\/td>\n<td valign=\"top\" width=\"180\">Julio 2014<\/td>\n<\/tr>\n<tr>\n<td valign=\"top\" width=\"253\"><b>Manuel N\u00e1jera: <\/b>Coordinaci\u00f3n de mesa redonda \u201cEnfermedades emergentes en Chile\u201d<b><\/b><\/td>\n<td valign=\"top\" width=\"208\">Mesa Redonda, III Congreso Chileno de Salud P\u00fablica V Congreso Chileno de Epidemiolog\u00eda Santiago<\/td>\n<td valign=\"top\" width=\"180\">Julio 2014<\/td>\n<\/tr>\n<tr>\n<td valign=\"top\" width=\"253\"><b>Claudia Gonzalez<\/b>: Virus respiratorios emergentes Influenza\u00a0 A(H7N9) &#8211;\u00a0 MERS-COV<\/td>\n<td valign=\"top\" width=\"208\">IV Curso de Infecciones Emergentes 2014 Sociedad Chilena de Infectolog\u00eda Santiago.<\/td>\n<td valign=\"top\" width=\"180\">agosto 2014<\/td>\n<\/tr>\n<tr>\n<td valign=\"top\" width=\"253\"><b>Andrea Olea:<\/b> Factores de Riesgo de Enfermar y Morir de Enfermedad Meningoc\u00f3ccica en Chile.<\/td>\n<td valign=\"top\" width=\"208\">IV Curso de Infecciones Emergentes 2014 Sociedad Chilena de Infectolog\u00eda Santiago.<\/td>\n<td valign=\"top\" width=\"180\">agosto 2014<\/td>\n<\/tr>\n<tr>\n<td valign=\"top\" width=\"253\"><b>Manuel N\u00e1jera: <\/b>Conceptos b\u00e1sico de vigilancia epidemiol\u00f3gica orientado a enfermedades transmisibles<b><\/b><\/td>\n<td valign=\"top\" width=\"208\">IV taller regional de vigilancia epidemiol\u00f3gica, Seremi de Salud Valpara\u00edso<\/td>\n<td valign=\"top\" width=\"180\">Agosto 2014<\/td>\n<\/tr>\n<tr>\n<td valign=\"top\" width=\"253\"><b>Andrea Olea: \u201cEpidemiolog\u00eda de la enfermedad meningoc\u00f3cica en Chile\u201d<\/b><\/td>\n<td valign=\"top\" width=\"208\">Santiago, Chile. Sociedad Chilena de Epidemiolog\u00eda.<\/td>\n<td valign=\"top\" width=\"180\">28 de mayo de 2013.<\/td>\n<\/tr>\n<tr>\n<td valign=\"top\" width=\"253\"><b>Claudia Gonz\u00e1lez: <\/b>Congreso Sistema Nacional de Estudios y Encuestas Poblacionales para salud. \u201cLa Investigaci\u00f3n al servicio de la Salud P\u00fablica en Colombia\u201d.Ponencia \u201cEstudios poblacionales para la generaci\u00f3n de pol\u00edticas en salud: la experiencia chilena 1990-2010\u201d.<b> <\/b><\/td>\n<td valign=\"top\" width=\"208\">Bogot\u00e1, Colombia.<\/td>\n<td valign=\"top\" width=\"180\">23 de septiembre 2013.<\/td>\n<\/tr>\n<tr>\n<td valign=\"top\" width=\"253\"><b>Ximena Aguilera: <\/b>Taller Desaf\u00edos de las pol\u00edticas de salud para la primera mitad del siglo XXI. Invitaci\u00f3n del Centro Global para Am\u00e9rica Latina de la Universidad de Columbia en conjunto con la Corporaci\u00f3n de Estudios para Latinoam\u00e9rica CIEPLAN<b>\u00a0 <\/b><\/td>\n<td valign=\"top\" width=\"208\">Santiago, Chile.<\/td>\n<td valign=\"top\" width=\"180\">7 enero 2013<\/td>\n<\/tr>\n<tr>\n<td valign=\"top\" width=\"253\"><b>Ximena Aguilera : <\/b>Prince Mahidol Aeard Conference 2013. \u201cA world united against infectious diseases: cross-sectoral solutions\u201d<b><\/b><\/td>\n<td valign=\"top\" width=\"208\">Bangkok, Tailandia.<\/td>\n<td valign=\"top\" width=\"180\">28 enero al 2 febrero 2013.<\/td>\n<\/tr>\n<tr>\n<td valign=\"top\" width=\"253\"><b>Ximena Aguilera: <\/b>Taller de \u00c9tica en la asignaci\u00f3n de prioridades. Conferencia AUGE y prioridades en salud. Organiza OPS y MINSAL.<b><\/b><\/td>\n<td valign=\"top\" width=\"208\">Santiago, Chile.<\/td>\n<td valign=\"top\" width=\"180\">22 marzo 2013<\/td>\n<\/tr>\n<tr>\n<td valign=\"top\" width=\"253\"><b>Ximena Aguilera: <\/b>XVI Congreso Panamericano de Infectolog\u00eda. Conferencia Plenaria \u00a0\u201cInteligencia Epidemiol\u00f3gica\u201d Taller \u201cMetodolog\u00eda en la investigaci\u00f3n de epidemias\u201d<b> \u00a0<\/b><\/td>\n<td valign=\"top\" width=\"208\">Santiago, Chile.<\/td>\n<td valign=\"top\" width=\"180\">28 y 29 de mayo 2013<\/td>\n<\/tr>\n<\/tbody>\n<\/table>\n<\/div>\n","protected":false},"excerpt":{"rendered":"<p>Revisa las conferencias dictadas por nuestros investigadores en 2013 y 2014<\/p>\n","protected":false},"author":42,"featured_media":0,"parent":290,"menu_order":0,"comment_status":"open","ping_status":"open","template":"","meta":{"footnotes":""},"class_list":["post-1196","page","type-page","status-publish","hentry"],"yoast_head":"<!-- This site is optimized with the Yoast SEO plugin v26.9 - https:\/\/yoast.com\/product\/yoast-seo-wordpress\/ -->\n<title>Conferencias  - Centro de Epidemiolog\u00eda y Pol\u00edticas de Salud<\/title>\n<meta name=\"robots\" content=\"index, follow, max-snippet:-1, max-image-preview:large, max-video-preview:-1\" \/>\n<link rel=\"canonical\" href=\"https:\/\/medicina.udd.cl\/centro-epidemiologia-politicas-salud\/extension-capacitacion\/conferencias\/\" \/>\n<meta property=\"og:locale\" content=\"es_ES\" \/>\n<meta property=\"og:type\" content=\"article\" \/>\n<meta property=\"og:title\" content=\"Conferencias  - Centro de Epidemiolog\u00eda y Pol\u00edticas de Salud\" \/>\n<meta property=\"og:description\" content=\"Revisa las conferencias dictadas por nuestros investigadores en 2013 y 2014\" \/>\n<meta property=\"og:url\" content=\"https:\/\/medicina.udd.cl\/centro-epidemiologia-politicas-salud\/extension-capacitacion\/conferencias\/\" \/>\n<meta property=\"og:site_name\" content=\"Centro de Epidemiolog\u00eda y Pol\u00edticas de Salud\" \/>\n<meta name=\"twitter:label1\" content=\"Tiempo de lectura\" \/>\n\t<meta name=\"twitter:data1\" content=\"2 minutos\" \/>\n<script type=\"application\/ld+json\" class=\"yoast-schema-graph\">{\"@context\":\"https:\/\/schema.org\",\"@graph\":[{\"@type\":\"WebPage\",\"@id\":\"https:\/\/medicina.udd.cl\/centro-epidemiologia-politicas-salud\/extension-capacitacion\/conferencias\/\",\"url\":\"https:\/\/medicina.udd.cl\/centro-epidemiologia-politicas-salud\/extension-capacitacion\/conferencias\/\",\"name\":\"Conferencias - Centro de Epidemiolog\u00eda y Pol\u00edticas de Salud\",\"isPartOf\":{\"@id\":\"https:\/\/medicina.udd.cl\/centro-epidemiologia-politicas-salud\/#website\"},\"datePublished\":\"2014-12-31T13:14:46+00:00\",\"breadcrumb\":{\"@id\":\"https:\/\/medicina.udd.cl\/centro-epidemiologia-politicas-salud\/extension-capacitacion\/conferencias\/#breadcrumb\"},\"inLanguage\":\"es\",\"potentialAction\":[{\"@type\":\"ReadAction\",\"target\":[\"https:\/\/medicina.udd.cl\/centro-epidemiologia-politicas-salud\/extension-capacitacion\/conferencias\/\"]}]},{\"@type\":\"BreadcrumbList\",\"@id\":\"https:\/\/medicina.udd.cl\/centro-epidemiologia-politicas-salud\/extension-capacitacion\/conferencias\/#breadcrumb\",\"itemListElement\":[{\"@type\":\"ListItem\",\"position\":1,\"name\":\"Inicio\",\"item\":\"https:\/\/medicina.udd.cl\/centro-epidemiologia-politicas-salud\/\"},{\"@type\":\"ListItem\",\"position\":2,\"name\":\"Extensi\u00f3n y capacitaci\u00f3n\",\"item\":\"https:\/\/medicina.udd.cl\/centro-epidemiologia-politicas-salud\/extension-capacitacion\/\"},{\"@type\":\"ListItem\",\"position\":3,\"name\":\"Conferencias\"}]},{\"@type\":\"WebSite\",\"@id\":\"https:\/\/medicina.udd.cl\/centro-epidemiologia-politicas-salud\/#website\",\"url\":\"https:\/\/medicina.udd.cl\/centro-epidemiologia-politicas-salud\/\",\"name\":\"Centro de Epidemiolog\u00eda y Pol\u00edticas de Salud\",\"description\":\"Otro blog m\u00e1s de Medicina\",\"inLanguage\":\"es\"}]}<\/script>\n<!-- \/ Yoast SEO plugin. -->","yoast_head_json":{"title":"Conferencias  - Centro de Epidemiolog\u00eda y Pol\u00edticas de Salud","robots":{"index":"index","follow":"follow","max-snippet":"max-snippet:-1","max-image-preview":"max-image-preview:large","max-video-preview":"max-video-preview:-1"},"canonical":"https:\/\/medicina.udd.cl\/centro-epidemiologia-politicas-salud\/extension-capacitacion\/conferencias\/","og_locale":"es_ES","og_type":"article","og_title":"Conferencias  - Centro de Epidemiolog\u00eda y Pol\u00edticas de Salud","og_description":"Revisa las conferencias dictadas por nuestros investigadores en 2013 y 2014","og_url":"https:\/\/medicina.udd.cl\/centro-epidemiologia-politicas-salud\/extension-capacitacion\/conferencias\/","og_site_name":"Centro de Epidemiolog\u00eda y Pol\u00edticas de Salud","twitter_misc":{"Tiempo de lectura":"2 minutos"},"schema":{"@context":"https:\/\/schema.org","@graph":[{"@type":"WebPage","@id":"https:\/\/medicina.udd.cl\/centro-epidemiologia-politicas-salud\/extension-capacitacion\/conferencias\/","url":"https:\/\/medicina.udd.cl\/centro-epidemiologia-politicas-salud\/extension-capacitacion\/conferencias\/","name":"Conferencias - Centro de Epidemiolog\u00eda y Pol\u00edticas de Salud","isPartOf":{"@id":"https:\/\/medicina.udd.cl\/centro-epidemiologia-politicas-salud\/#website"},"datePublished":"2014-12-31T13:14:46+00:00","breadcrumb":{"@id":"https:\/\/medicina.udd.cl\/centro-epidemiologia-politicas-salud\/extension-capacitacion\/conferencias\/#breadcrumb"},"inLanguage":"es","potentialAction":[{"@type":"ReadAction","target":["https:\/\/medicina.udd.cl\/centro-epidemiologia-politicas-salud\/extension-capacitacion\/conferencias\/"]}]},{"@type":"BreadcrumbList","@id":"https:\/\/medicina.udd.cl\/centro-epidemiologia-politicas-salud\/extension-capacitacion\/conferencias\/#breadcrumb","itemListElement":[{"@type":"ListItem","position":1,"name":"Inicio","item":"https:\/\/medicina.udd.cl\/centro-epidemiologia-politicas-salud\/"},{"@type":"ListItem","position":2,"name":"Extensi\u00f3n y capacitaci\u00f3n","item":"https:\/\/medicina.udd.cl\/centro-epidemiologia-politicas-salud\/extension-capacitacion\/"},{"@type":"ListItem","position":3,"name":"Conferencias"}]},{"@type":"WebSite","@id":"https:\/\/medicina.udd.cl\/centro-epidemiologia-politicas-salud\/#website","url":"https:\/\/medicina.udd.cl\/centro-epidemiologia-politicas-salud\/","name":"Centro de Epidemiolog\u00eda y Pol\u00edticas de Salud","description":"Otro blog m\u00e1s de Medicina","inLanguage":"es"}]}},"_links":{"self":[{"href":"https:\/\/medicina.udd.cl\/centro-epidemiologia-politicas-salud\/wp-json\/wp\/v2\/pages\/1196","targetHints":{"allow":["GET"]}}],"collection":[{"href":"https:\/\/medicina.udd.cl\/centro-epidemiologia-politicas-salud\/wp-json\/wp\/v2\/pages"}],"about":[{"href":"https:\/\/medicina.udd.cl\/centro-epidemiologia-politicas-salud\/wp-json\/wp\/v2\/types\/page"}],"author":[{"embeddable":true,"href":"https:\/\/medicina.udd.cl\/centro-epidemiologia-politicas-salud\/wp-json\/wp\/v2\/users\/42"}],"replies":[{"embeddable":true,"href":"https:\/\/medicina.udd.cl\/centro-epidemiologia-politicas-salud\/wp-json\/wp\/v2\/comments?post=1196"}],"version-history":[{"count":1,"href":"https:\/\/medicina.udd.cl\/centro-epidemiologia-politicas-salud\/wp-json\/wp\/v2\/pages\/1196\/revisions"}],"predecessor-version":[{"id":1198,"href":"https:\/\/medicina.udd.cl\/centro-epidemiologia-politicas-salud\/wp-json\/wp\/v2\/pages\/1196\/revisions\/1198"}],"up":[{"embeddable":true,"href":"https:\/\/medicina.udd.cl\/centro-epidemiologia-politicas-salud\/wp-json\/wp\/v2\/pages\/290"}],"wp:attachment":[{"href":"https:\/\/medicina.udd.cl\/centro-epidemiologia-politicas-salud\/wp-json\/wp\/v2\/media?parent=1196"}],"curies":[{"name":"wp","href":"https:\/\/api.w.org\/{rel}","templated":true}]}}