{"id":1205,"date":"2014-12-31T10:30:24","date_gmt":"2014-12-31T13:30:24","guid":{"rendered":"http:\/\/medicina.udd.cl\/centro-epidemiologia-politicas-salud\/?page_id=1205"},"modified":"2014-12-31T10:30:24","modified_gmt":"2014-12-31T13:30:24","slug":"participacion-en-sociedades-cientificas","status":"publish","type":"page","link":"https:\/\/medicina.udd.cl\/centro-epidemiologia-politicas-salud\/extension-capacitacion\/participacion-en-sociedades-cientificas\/","title":{"rendered":"Participaci\u00f3n en Sociedades Cient\u00edficas"},"content":{"rendered":"<ul>\n<li><strong>Ximena Aguilera:<\/strong> Vicepresidenta de la Sociedad Chilena de Salubridad. Miembro de la Sociedad Chilena de Infectolog\u00eda<\/li>\n<li><strong>Manuel N\u00e1jera:<\/strong> Directorio de la Sociedad Chilena de Epidemiolog\u00eda<\/li>\n<li><strong>Ximena Aguilera:<\/strong> Directorio de la Red Chilena de Instituciones Formadoras de Salud P\u00fablica<\/li>\n<li><strong>Gabriel Sanhueza:<\/strong> Comit\u00e9 Organizador Congreso de Salud P\u00fablica 2013<\/li>\n<\/ul>\n","protected":false},"excerpt":{"rendered":"<p>Revisa nuestra participaci\u00f3n en Sociedades Cient\u00edficas<\/p>\n","protected":false},"author":42,"featured_media":0,"parent":290,"menu_order":0,"comment_status":"open","ping_status":"open","template":"","meta":{"footnotes":""},"class_list":["post-1205","page","type-page","status-publish","hentry"],"yoast_head":"<!-- This site is optimized with the Yoast SEO plugin v26.9 - https:\/\/yoast.com\/product\/yoast-seo-wordpress\/ -->\n<title>Participaci\u00f3n en Sociedades Cient\u00edficas - Centro de Epidemiolog\u00eda y Pol\u00edticas de Salud<\/title>\n<meta name=\"robots\" content=\"index, follow, max-snippet:-1, max-image-preview:large, max-video-preview:-1\" \/>\n<link rel=\"canonical\" href=\"https:\/\/medicina.udd.cl\/centro-epidemiologia-politicas-salud\/extension-capacitacion\/participacion-en-sociedades-cientificas\/\" \/>\n<meta property=\"og:locale\" content=\"es_ES\" \/>\n<meta property=\"og:type\" content=\"article\" \/>\n<meta property=\"og:title\" content=\"Participaci\u00f3n en Sociedades Cient\u00edficas - Centro de Epidemiolog\u00eda y Pol\u00edticas de Salud\" \/>\n<meta property=\"og:description\" content=\"Revisa nuestra participaci\u00f3n en Sociedades Cient\u00edficas\" \/>\n<meta property=\"og:url\" content=\"https:\/\/medicina.udd.cl\/centro-epidemiologia-politicas-salud\/extension-capacitacion\/participacion-en-sociedades-cientificas\/\" \/>\n<meta property=\"og:site_name\" content=\"Centro de Epidemiolog\u00eda y Pol\u00edticas de Salud\" \/>\n<script type=\"application\/ld+json\" class=\"yoast-schema-graph\">{\"@context\":\"https:\/\/schema.org\",\"@graph\":[{\"@type\":\"WebPage\",\"@id\":\"https:\/\/medicina.udd.cl\/centro-epidemiologia-politicas-salud\/extension-capacitacion\/participacion-en-sociedades-cientificas\/\",\"url\":\"https:\/\/medicina.udd.cl\/centro-epidemiologia-politicas-salud\/extension-capacitacion\/participacion-en-sociedades-cientificas\/\",\"name\":\"Participaci\u00f3n en Sociedades Cient\u00edficas - Centro de Epidemiolog\u00eda y Pol\u00edticas de Salud\",\"isPartOf\":{\"@id\":\"https:\/\/medicina.udd.cl\/centro-epidemiologia-politicas-salud\/#website\"},\"datePublished\":\"2014-12-31T13:30:24+00:00\",\"breadcrumb\":{\"@id\":\"https:\/\/medicina.udd.cl\/centro-epidemiologia-politicas-salud\/extension-capacitacion\/participacion-en-sociedades-cientificas\/#breadcrumb\"},\"inLanguage\":\"es\",\"potentialAction\":[{\"@type\":\"ReadAction\",\"target\":[\"https:\/\/medicina.udd.cl\/centro-epidemiologia-politicas-salud\/extension-capacitacion\/participacion-en-sociedades-cientificas\/\"]}]},{\"@type\":\"BreadcrumbList\",\"@id\":\"https:\/\/medicina.udd.cl\/centro-epidemiologia-politicas-salud\/extension-capacitacion\/participacion-en-sociedades-cientificas\/#breadcrumb\",\"itemListElement\":[{\"@type\":\"ListItem\",\"position\":1,\"name\":\"Inicio\",\"item\":\"https:\/\/medicina.udd.cl\/centro-epidemiologia-politicas-salud\/\"},{\"@type\":\"ListItem\",\"position\":2,\"name\":\"Extensi\u00f3n y capacitaci\u00f3n\",\"item\":\"https:\/\/medicina.udd.cl\/centro-epidemiologia-politicas-salud\/extension-capacitacion\/\"},{\"@type\":\"ListItem\",\"position\":3,\"name\":\"Participaci\u00f3n en Sociedades Cient\u00edficas\"}]},{\"@type\":\"WebSite\",\"@id\":\"https:\/\/medicina.udd.cl\/centro-epidemiologia-politicas-salud\/#website\",\"url\":\"https:\/\/medicina.udd.cl\/centro-epidemiologia-politicas-salud\/\",\"name\":\"Centro de Epidemiolog\u00eda y Pol\u00edticas de Salud\",\"description\":\"Otro blog m\u00e1s de Medicina\",\"inLanguage\":\"es\"}]}<\/script>\n<!-- \/ Yoast SEO plugin. -->","yoast_head_json":{"title":"Participaci\u00f3n en Sociedades Cient\u00edficas - Centro de Epidemiolog\u00eda y Pol\u00edticas de Salud","robots":{"index":"index","follow":"follow","max-snippet":"max-snippet:-1","max-image-preview":"max-image-preview:large","max-video-preview":"max-video-preview:-1"},"canonical":"https:\/\/medicina.udd.cl\/centro-epidemiologia-politicas-salud\/extension-capacitacion\/participacion-en-sociedades-cientificas\/","og_locale":"es_ES","og_type":"article","og_title":"Participaci\u00f3n en Sociedades Cient\u00edficas - Centro de Epidemiolog\u00eda y Pol\u00edticas de Salud","og_description":"Revisa nuestra participaci\u00f3n en Sociedades Cient\u00edficas","og_url":"https:\/\/medicina.udd.cl\/centro-epidemiologia-politicas-salud\/extension-capacitacion\/participacion-en-sociedades-cientificas\/","og_site_name":"Centro de Epidemiolog\u00eda y Pol\u00edticas de Salud","schema":{"@context":"https:\/\/schema.org","@graph":[{"@type":"WebPage","@id":"https:\/\/medicina.udd.cl\/centro-epidemiologia-politicas-salud\/extension-capacitacion\/participacion-en-sociedades-cientificas\/","url":"https:\/\/medicina.udd.cl\/centro-epidemiologia-politicas-salud\/extension-capacitacion\/participacion-en-sociedades-cientificas\/","name":"Participaci\u00f3n en Sociedades Cient\u00edficas - Centro de Epidemiolog\u00eda y Pol\u00edticas de Salud","isPartOf":{"@id":"https:\/\/medicina.udd.cl\/centro-epidemiologia-politicas-salud\/#website"},"datePublished":"2014-12-31T13:30:24+00:00","breadcrumb":{"@id":"https:\/\/medicina.udd.cl\/centro-epidemiologia-politicas-salud\/extension-capacitacion\/participacion-en-sociedades-cientificas\/#breadcrumb"},"inLanguage":"es","potentialAction":[{"@type":"ReadAction","target":["https:\/\/medicina.udd.cl\/centro-epidemiologia-politicas-salud\/extension-capacitacion\/participacion-en-sociedades-cientificas\/"]}]},{"@type":"BreadcrumbList","@id":"https:\/\/medicina.udd.cl\/centro-epidemiologia-politicas-salud\/extension-capacitacion\/participacion-en-sociedades-cientificas\/#breadcrumb","itemListElement":[{"@type":"ListItem","position":1,"name":"Inicio","item":"https:\/\/medicina.udd.cl\/centro-epidemiologia-politicas-salud\/"},{"@type":"ListItem","position":2,"name":"Extensi\u00f3n y capacitaci\u00f3n","item":"https:\/\/medicina.udd.cl\/centro-epidemiologia-politicas-salud\/extension-capacitacion\/"},{"@type":"ListItem","position":3,"name":"Participaci\u00f3n en Sociedades Cient\u00edficas"}]},{"@type":"WebSite","@id":"https:\/\/medicina.udd.cl\/centro-epidemiologia-politicas-salud\/#website","url":"https:\/\/medicina.udd.cl\/centro-epidemiologia-politicas-salud\/","name":"Centro de Epidemiolog\u00eda y Pol\u00edticas de Salud","description":"Otro blog m\u00e1s de Medicina","inLanguage":"es"}]}},"_links":{"self":[{"href":"https:\/\/medicina.udd.cl\/centro-epidemiologia-politicas-salud\/wp-json\/wp\/v2\/pages\/1205","targetHints":{"allow":["GET"]}}],"collection":[{"href":"https:\/\/medicina.udd.cl\/centro-epidemiologia-politicas-salud\/wp-json\/wp\/v2\/pages"}],"about":[{"href":"https:\/\/medicina.udd.cl\/centro-epidemiologia-politicas-salud\/wp-json\/wp\/v2\/types\/page"}],"author":[{"embeddable":true,"href":"https:\/\/medicina.udd.cl\/centro-epidemiologia-politicas-salud\/wp-json\/wp\/v2\/users\/42"}],"replies":[{"embeddable":true,"href":"https:\/\/medicina.udd.cl\/centro-epidemiologia-politicas-salud\/wp-json\/wp\/v2\/comments?post=1205"}],"version-history":[{"count":1,"href":"https:\/\/medicina.udd.cl\/centro-epidemiologia-politicas-salud\/wp-json\/wp\/v2\/pages\/1205\/revisions"}],"predecessor-version":[{"id":1206,"href":"https:\/\/medicina.udd.cl\/centro-epidemiologia-politicas-salud\/wp-json\/wp\/v2\/pages\/1205\/revisions\/1206"}],"up":[{"embeddable":true,"href":"https:\/\/medicina.udd.cl\/centro-epidemiologia-politicas-salud\/wp-json\/wp\/v2\/pages\/290"}],"wp:attachment":[{"href":"https:\/\/medicina.udd.cl\/centro-epidemiologia-politicas-salud\/wp-json\/wp\/v2\/media?parent=1205"}],"curies":[{"name":"wp","href":"https:\/\/api.w.org\/{rel}","templated":true}]}}

Participación en Sociedades Científicas

<ul>
<li><strong>Ximena Aguilera:</strong> Vicepresidenta de la Sociedad Chilena de Salubridad. Miembro de la Sociedad Chilena de Infectología</li>
<li><strong>Manuel Nájera:</strong> Directorio de la Sociedad Chilena de Epidemiología</li>
<li><strong>Ximena Aguilera:</strong> Directorio de la Red Chilena de Instituciones Formadoras de Salud Pública</li>
<li><strong>Gabriel Sanhueza:</strong> Comité Organizador Congreso de Salud Pública 2013</li>
</ul>

<p>Revisa nuestra participación en Sociedades Científicas</p>

<!-- This site is optimized with the Yoast SEO plugin v26.9 - https://yoast.com/product/yoast-seo-wordpress/ -->
<title>Participación en Sociedades Científicas - Centro de Epidemiología y Políticas de Salud</title>
<meta name="robots" content="index, follow, max-snippet:-1, max-image-preview:large, max-video-preview:-1" />
<link rel="canonical" href="https://medicina.udd.cl/centro-epidemiologia-politicas-salud/extension-capacitacion/participacion-en-sociedades-cientificas/" />
<meta property="og:locale" content="es_ES" />
<meta property="og:type" content="article" />
<meta property="og:title" content="Participación en Sociedades Científicas - Centro de Epidemiología y Políticas de Salud" />
<meta property="og:description" content="Revisa nuestra participación en Sociedades Científicas" />
<meta property="og:url" content="https://medicina.udd.cl/centro-epidemiologia-politicas-salud/extension-capacitacion/participacion-en-sociedades-cientificas/" />
<meta property="og:site_name" content="Centro de Epidemiología y Políticas de Salud" />
<script type="application/ld+json" class="yoast-schema-graph">{"@context":"https://schema.org","@graph":[{"@type":"WebPage","@id":"https://medicina.udd.cl/centro-epidemiologia-politicas-salud/extension-capacitacion/participacion-en-sociedades-cientificas/","url":"https://medicina.udd.cl/centro-epidemiologia-politicas-salud/extension-capacitacion/participacion-en-sociedades-cientificas/","name":"Participación en Sociedades Científicas - Centro de Epidemiología y Políticas de Salud","isPartOf":{"@id":"https://medicina.udd.cl/centro-epidemiologia-politicas-salud/#website"},"datePublished":"2014-12-31T13:30:24+00:00","breadcrumb":{"@id":"https://medicina.udd.cl/centro-epidemiologia-politicas-salud/extension-capacitacion/participacion-en-sociedades-cientificas/#breadcrumb"},"inLanguage":"es","potentialAction":[{"@type":"ReadAction","target":["https://medicina.udd.cl/centro-epidemiologia-politicas-salud/extension-capacitacion/participacion-en-sociedades-cientificas/"]}]},{"@type":"BreadcrumbList","@id":"https://medicina.udd.cl/centro-epidemiologia-politicas-salud/extension-capacitacion/participacion-en-sociedades-cientificas/#breadcrumb","itemListElement":[{"@type":"ListItem","position":1,"name":"Inicio","item":"https://medicina.udd.cl/centro-epidemiologia-politicas-salud/"},{"@type":"ListItem","position":2,"name":"Extensión y capacitación","item":"https://medicina.udd.cl/centro-epidemiologia-politicas-salud/extension-capacitacion/"},{"@type":"ListItem","position":3,"name":"Participación en Sociedades Científicas"}]},{"@type":"WebSite","@id":"https://medicina.udd.cl/centro-epidemiologia-politicas-salud/#website","url":"https://medicina.udd.cl/centro-epidemiologia-politicas-salud/","name":"Centro de Epidemiología y Políticas de Salud","description":"Otro blog más de Medicina","inLanguage":"es"}]}</script>
<!-- / Yoast SEO plugin. -->

Participación en Sociedades Científicas - Centro de Epidemiología y Políticas de Salud

Revisa nuestra participación en Sociedades Científicas

Centro de Epidemiología y Políticas de Salud

Extensión y capacitación

Otro blog más de Medicina
