{"id":142,"date":"2011-05-30T12:28:54","date_gmt":"2011-05-30T16:28:54","guid":{"rendered":"http:\/\/medicina.udd.cl\/centro-epidemiologia-politicas-salud\/"},"modified":"2011-05-30T12:31:24","modified_gmt":"2011-05-30T16:31:24","slug":"142-2","status":"publish","type":"page","link":"https:\/\/medicina.udd.cl\/centro-epidemiologia-politicas-salud\/142-2\/","title":{"rendered":"Ximena Aguilera"},"content":{"rendered":"<p style=\"text-align: justify;\"><strong>Elimination of neglected diseases in latin America and the Caribbean: amapping of selected diseases<\/strong>.<\/p>\n<p style=\"text-align: justify;\">Schneider MC, Aguilera X, Barbosa da Silva Junior J, Ault SK, Najera P, Mart\u00ednez J, Requejo R, Nicholls R, Yadon Zaida, Silva JC, Leanes LF, Roses MR.<\/p>\n<p style=\"text-align: justify;\">Plos Negleted Tropical Diseases 2011; 5: e 964<\/p>\n<p style=\"text-align: justify;\"><strong>Global health security and the international health regulations.<\/strong><\/p>\n<p style=\"text-align: justify;\">Andrus JK, Aguilera X, Oliva O, Aldighieri S.<\/p>\n<p style=\"text-align: justify;\">BioMed Central 2010; 10 (1):S2<\/p>\n","protected":false},"excerpt":{"rendered":"<p>Elimination of neglected diseases in latin America and the Caribbean: amapping of selected diseases. Schneider MC, Aguilera X, Barbosa da Silva Junior J, Ault SK, Najera P, Mart\u00ednez J, Requejo R, Nicholls R, Yadon Zaida, Silva JC, Leanes LF, Roses MR. Plos Negleted Tropical Diseases 2011; 5: e 964 Global health security and the international [&hellip;]<\/p>\n","protected":false},"author":1,"featured_media":0,"parent":0,"menu_order":0,"comment_status":"open","ping_status":"open","template":"","meta":{"footnotes":""},"class_list":["post-142","page","type-page","status-publish","hentry"],"yoast_head":"<!-- This site is optimized with the Yoast SEO plugin v26.9 - https:\/\/yoast.com\/product\/yoast-seo-wordpress\/ -->\n<title>Ximena Aguilera - Centro de Epidemiolog\u00eda y Pol\u00edticas de Salud<\/title>\n<meta name=\"robots\" content=\"index, follow, max-snippet:-1, max-image-preview:large, max-video-preview:-1\" \/>\n<link rel=\"canonical\" href=\"https:\/\/medicina.udd.cl\/centro-epidemiologia-politicas-salud\/142-2\/\" \/>\n<meta property=\"og:locale\" content=\"es_ES\" \/>\n<meta property=\"og:type\" content=\"article\" \/>\n<meta property=\"og:title\" content=\"Ximena Aguilera - Centro de Epidemiolog\u00eda y Pol\u00edticas de Salud\" \/>\n<meta property=\"og:description\" content=\"Elimination of neglected diseases in latin America and the Caribbean: amapping of selected diseases. Schneider MC, Aguilera X, Barbosa da Silva Junior J, Ault SK, Najera P, Mart\u00ednez J, Requejo R, Nicholls R, Yadon Zaida, Silva JC, Leanes LF, Roses MR. Plos Negleted Tropical Diseases 2011; 5: e 964 Global health security and the international [&hellip;]\" \/>\n<meta property=\"og:url\" content=\"https:\/\/medicina.udd.cl\/centro-epidemiologia-politicas-salud\/142-2\/\" \/>\n<meta property=\"og:site_name\" content=\"Centro de Epidemiolog\u00eda y Pol\u00edticas de Salud\" \/>\n<meta property=\"article:modified_time\" content=\"2011-05-30T16:31:24+00:00\" \/>\n<script type=\"application\/ld+json\" class=\"yoast-schema-graph\">{\"@context\":\"https:\/\/schema.org\",\"@graph\":[{\"@type\":\"WebPage\",\"@id\":\"https:\/\/medicina.udd.cl\/centro-epidemiologia-politicas-salud\/142-2\/\",\"url\":\"https:\/\/medicina.udd.cl\/centro-epidemiologia-politicas-salud\/142-2\/\",\"name\":\"Ximena Aguilera - Centro de Epidemiolog\u00eda y Pol\u00edticas de Salud\",\"isPartOf\":{\"@id\":\"https:\/\/medicina.udd.cl\/centro-epidemiologia-politicas-salud\/#website\"},\"datePublished\":\"2011-05-30T16:28:54+00:00\",\"dateModified\":\"2011-05-30T16:31:24+00:00\",\"breadcrumb\":{\"@id\":\"https:\/\/medicina.udd.cl\/centro-epidemiologia-politicas-salud\/142-2\/#breadcrumb\"},\"inLanguage\":\"es\",\"potentialAction\":[{\"@type\":\"ReadAction\",\"target\":[\"https:\/\/medicina.udd.cl\/centro-epidemiologia-politicas-salud\/142-2\/\"]}]},{\"@type\":\"BreadcrumbList\",\"@id\":\"https:\/\/medicina.udd.cl\/centro-epidemiologia-politicas-salud\/142-2\/#breadcrumb\",\"itemListElement\":[{\"@type\":\"ListItem\",\"position\":1,\"name\":\"Inicio\",\"item\":\"https:\/\/medicina.udd.cl\/centro-epidemiologia-politicas-salud\/\"},{\"@type\":\"ListItem\",\"position\":2,\"name\":\"Ximena Aguilera\"}]},{\"@type\":\"WebSite\",\"@id\":\"https:\/\/medicina.udd.cl\/centro-epidemiologia-politicas-salud\/#website\",\"url\":\"https:\/\/medicina.udd.cl\/centro-epidemiologia-politicas-salud\/\",\"name\":\"Centro de Epidemiolog\u00eda y Pol\u00edticas de Salud\",\"description\":\"Otro blog m\u00e1s de Medicina\",\"inLanguage\":\"es\"}]}<\/script>\n<!-- \/ Yoast SEO plugin. -->","yoast_head_json":{"title":"Ximena Aguilera - Centro de Epidemiolog\u00eda y Pol\u00edticas de Salud","robots":{"index":"index","follow":"follow","max-snippet":"max-snippet:-1","max-image-preview":"max-image-preview:large","max-video-preview":"max-video-preview:-1"},"canonical":"https:\/\/medicina.udd.cl\/centro-epidemiologia-politicas-salud\/142-2\/","og_locale":"es_ES","og_type":"article","og_title":"Ximena Aguilera - Centro de Epidemiolog\u00eda y Pol\u00edticas de Salud","og_description":"Elimination of neglected diseases in latin America and the Caribbean: amapping of selected diseases. Schneider MC, Aguilera X, Barbosa da Silva Junior J, Ault SK, Najera P, Mart\u00ednez J, Requejo R, Nicholls R, Yadon Zaida, Silva JC, Leanes LF, Roses MR. Plos Negleted Tropical Diseases 2011; 5: e 964 Global health security and the international [&hellip;]","og_url":"https:\/\/medicina.udd.cl\/centro-epidemiologia-politicas-salud\/142-2\/","og_site_name":"Centro de Epidemiolog\u00eda y Pol\u00edticas de Salud","article_modified_time":"2011-05-30T16:31:24+00:00","schema":{"@context":"https:\/\/schema.org","@graph":[{"@type":"WebPage","@id":"https:\/\/medicina.udd.cl\/centro-epidemiologia-politicas-salud\/142-2\/","url":"https:\/\/medicina.udd.cl\/centro-epidemiologia-politicas-salud\/142-2\/","name":"Ximena Aguilera - Centro de Epidemiolog\u00eda y Pol\u00edticas de Salud","isPartOf":{"@id":"https:\/\/medicina.udd.cl\/centro-epidemiologia-politicas-salud\/#website"},"datePublished":"2011-05-30T16:28:54+00:00","dateModified":"2011-05-30T16:31:24+00:00","breadcrumb":{"@id":"https:\/\/medicina.udd.cl\/centro-epidemiologia-politicas-salud\/142-2\/#breadcrumb"},"inLanguage":"es","potentialAction":[{"@type":"ReadAction","target":["https:\/\/medicina.udd.cl\/centro-epidemiologia-politicas-salud\/142-2\/"]}]},{"@type":"BreadcrumbList","@id":"https:\/\/medicina.udd.cl\/centro-epidemiologia-politicas-salud\/142-2\/#breadcrumb","itemListElement":[{"@type":"ListItem","position":1,"name":"Inicio","item":"https:\/\/medicina.udd.cl\/centro-epidemiologia-politicas-salud\/"},{"@type":"ListItem","position":2,"name":"Ximena Aguilera"}]},{"@type":"WebSite","@id":"https:\/\/medicina.udd.cl\/centro-epidemiologia-politicas-salud\/#website","url":"https:\/\/medicina.udd.cl\/centro-epidemiologia-politicas-salud\/","name":"Centro de Epidemiolog\u00eda y Pol\u00edticas de Salud","description":"Otro blog m\u00e1s de Medicina","inLanguage":"es"}]}},"_links":{"self":[{"href":"https:\/\/medicina.udd.cl\/centro-epidemiologia-politicas-salud\/wp-json\/wp\/v2\/pages\/142","targetHints":{"allow":["GET"]}}],"collection":[{"href":"https:\/\/medicina.udd.cl\/centro-epidemiologia-politicas-salud\/wp-json\/wp\/v2\/pages"}],"about":[{"href":"https:\/\/medicina.udd.cl\/centro-epidemiologia-politicas-salud\/wp-json\/wp\/v2\/types\/page"}],"author":[{"embeddable":true,"href":"https:\/\/medicina.udd.cl\/centro-epidemiologia-politicas-salud\/wp-json\/wp\/v2\/users\/1"}],"replies":[{"embeddable":true,"href":"https:\/\/medicina.udd.cl\/centro-epidemiologia-politicas-salud\/wp-json\/wp\/v2\/comments?post=142"}],"version-history":[{"count":3,"href":"https:\/\/medicina.udd.cl\/centro-epidemiologia-politicas-salud\/wp-json\/wp\/v2\/pages\/142\/revisions"}],"predecessor-version":[{"id":148,"href":"https:\/\/medicina.udd.cl\/centro-epidemiologia-politicas-salud\/wp-json\/wp\/v2\/pages\/142\/revisions\/148"}],"wp:attachment":[{"href":"https:\/\/medicina.udd.cl\/centro-epidemiologia-politicas-salud\/wp-json\/wp\/v2\/media?parent=142"}],"curies":[{"name":"wp","href":"https:\/\/api.w.org\/{rel}","templated":true}]}}

<p style="text-align: justify;"><strong>Elimination of neglected diseases in latin America and the Caribbean: amapping of selected diseases</strong>.</p>
<p style="text-align: justify;">Schneider MC, Aguilera X, Barbosa da Silva Junior J, Ault SK, Najera P, Martínez J, Requejo R, Nicholls R, Yadon Zaida, Silva JC, Leanes LF, Roses MR.</p>
<p style="text-align: justify;">Plos Negleted Tropical Diseases 2011; 5: e 964</p>
<p style="text-align: justify;"><strong>Global health security and the international health regulations.</strong></p>
<p style="text-align: justify;">Andrus JK, Aguilera X, Oliva O, Aldighieri S.</p>
<p style="text-align: justify;">BioMed Central 2010; 10 (1):S2</p>

<p>Elimination of neglected diseases in latin America and the Caribbean: amapping of selected diseases. Schneider MC, Aguilera X, Barbosa da Silva Junior J, Ault SK, Najera P, Martínez J, Requejo R, Nicholls R, Yadon Zaida, Silva JC, Leanes LF, Roses MR. Plos Negleted Tropical Diseases 2011; 5: e 964 Global health security and the international [&hellip;]</p>

<!-- This site is optimized with the Yoast SEO plugin v26.9 - https://yoast.com/product/yoast-seo-wordpress/ -->
<title>Ximena Aguilera - Centro de Epidemiología y Políticas de Salud</title>
<meta name="robots" content="index, follow, max-snippet:-1, max-image-preview:large, max-video-preview:-1" />
<link rel="canonical" href="https://medicina.udd.cl/centro-epidemiologia-politicas-salud/142-2/" />
<meta property="og:locale" content="es_ES" />
<meta property="og:type" content="article" />
<meta property="og:title" content="Ximena Aguilera - Centro de Epidemiología y Políticas de Salud" />
<meta property="og:description" content="Elimination of neglected diseases in latin America and the Caribbean: amapping of selected diseases. Schneider MC, Aguilera X, Barbosa da Silva Junior J, Ault SK, Najera P, Martínez J, Requejo R, Nicholls R, Yadon Zaida, Silva JC, Leanes LF, Roses MR. Plos Negleted Tropical Diseases 2011; 5: e 964 Global health security and the international [&hellip;]" />
<meta property="og:url" content="https://medicina.udd.cl/centro-epidemiologia-politicas-salud/142-2/" />
<meta property="og:site_name" content="Centro de Epidemiología y Políticas de Salud" />
<meta property="article:modified_time" content="2011-05-30T16:31:24+00:00" />
<script type="application/ld+json" class="yoast-schema-graph">{"@context":"https://schema.org","@graph":[{"@type":"WebPage","@id":"https://medicina.udd.cl/centro-epidemiologia-politicas-salud/142-2/","url":"https://medicina.udd.cl/centro-epidemiologia-politicas-salud/142-2/","name":"Ximena Aguilera - Centro de Epidemiología y Políticas de Salud","isPartOf":{"@id":"https://medicina.udd.cl/centro-epidemiologia-politicas-salud/#website"},"datePublished":"2011-05-30T16:28:54+00:00","dateModified":"2011-05-30T16:31:24+00:00","breadcrumb":{"@id":"https://medicina.udd.cl/centro-epidemiologia-politicas-salud/142-2/#breadcrumb"},"inLanguage":"es","potentialAction":[{"@type":"ReadAction","target":["https://medicina.udd.cl/centro-epidemiologia-politicas-salud/142-2/"]}]},{"@type":"BreadcrumbList","@id":"https://medicina.udd.cl/centro-epidemiologia-politicas-salud/142-2/#breadcrumb","itemListElement":[{"@type":"ListItem","position":1,"name":"Inicio","item":"https://medicina.udd.cl/centro-epidemiologia-politicas-salud/"},{"@type":"ListItem","position":2,"name":"Ximena Aguilera"}]},{"@type":"WebSite","@id":"https://medicina.udd.cl/centro-epidemiologia-politicas-salud/#website","url":"https://medicina.udd.cl/centro-epidemiologia-politicas-salud/","name":"Centro de Epidemiología y Políticas de Salud","description":"Otro blog más de Medicina","inLanguage":"es"}]}</script>
<!-- / Yoast SEO plugin. -->

Ximena Aguilera - Centro de Epidemiología y Políticas de Salud

Elimination of neglected diseases in latin America and the Caribbean: amapping of selected diseases. Schneider MC, Aguilera X, Barbosa da Silva Junior J, Ault SK, Najera P, Martínez J, Requejo R, Nicholls R, Yadon Zaida, Silva JC, Leanes LF, Roses MR. Plos Negleted Tropical Diseases 2011; 5: e 964 Global health security and the international [&hellip;]

Centro de Epidemiología y Políticas de Salud

Otro blog más de Medicina
