{"id":1891,"date":"2020-03-25T22:30:13","date_gmt":"2020-03-26T01:30:13","guid":{"rendered":"http:\/\/medicina.udd.cl\/centro-epidemiologia-politicas-salud\/?page_id=1891"},"modified":"2021-04-14T18:12:58","modified_gmt":"2021-04-14T22:12:58","slug":"comites-expertos-nacionales","status":"publish","type":"page","link":"https:\/\/medicina.udd.cl\/centro-epidemiologia-politicas-salud\/extension-capacitacion\/comites-expertos-nacionales\/","title":{"rendered":"Comit\u00e9s expertos nacionales"},"content":{"rendered":"\n<figure class=\"wp-block-table\"><table class=\"\"><thead><tr><th>   <strong>Organizaci\u00f3n<\/strong>   <\/th><th>   <strong>Actividad<\/strong>   <\/th><th><strong>Fecha<\/strong><\/th><\/tr><\/thead><tbody><tr><td>\n  Academia Chilena de Medicina\n  <\/td><td>\n  <strong>Ximena Aguilera. <\/strong>Comisi\u00f3n de VIH\/SIDA\n  <\/td><td>\n  <strong>Santiago, Chile<\/strong> 2019\n  <\/td><\/tr><tr><td>\n  Ministerio de Salud\n  <\/td><td>\n  <strong>Ximena Aguilera<\/strong>: Integrante Consejo Consultivo GES, Ministerio\n  de Salud de Chile. Designada por SE la Presidenta de la Rep\u00fablica\n  <\/td><td>\n  Miembro 2014 a 2017.\n  <\/td><\/tr><tr><td>\n  Ministerio de Salud\n  <\/td><td>\n  <strong>Andrea Olea<\/strong>: Experta integrante de la Comisi\u00f3n Nacional de\n  Certificaci\u00f3n de Erradicaci\u00f3n de la Poliomelitis en Chile, en el marco de la\n  meta global de erradicaci\u00f3n de la poliomelitis para el 2018.\n  <\/td><td>\n  Agosto 2015-a la fecha.\n  <\/td><\/tr><tr><td>\n  Ministerio de Salud\n  <\/td><td>\n  <strong>Mar\u00eda In\u00e9s G\u00f3mez<\/strong>: Comisi\u00f3n Ministerial de \u00c9tica de la\n  Investigaci\u00f3n.\n  <\/td><td>\n  2012 a la fecha.\n  <\/td><\/tr><tr><td>\n  Ministerio de Salud de Chile\n  <\/td><td>\n  <strong>&nbsp;Andrea Olea<\/strong>:&nbsp;Actualizaci\u00f3n de la Normativa de\n  Vigilancia Epidemiol\u00f3gica\n  <\/td><td>\n  2017\n  <\/td><\/tr><tr><td>\n  Ministerio de Salud de Chile\n  <\/td><td>\n  &nbsp;<strong>Ximena Aguilera<\/strong>:\n  Integrante de la Comisi\u00f3n de Recomendaci\u00f3n Priorizada de la ley N\u00b0 20.850,\n  tambi\u00e9n llamada \u201cLey Ricarte Soto\u201d\n  <\/td><td>\n  2017-18\n  <\/td><\/tr><tr><td>\n  Fondo Nacional de Salud\n  <\/td><td>\n  <strong>Iris Delgado<\/strong>: Comisi\u00f3n Asesora para el proyecto Business\n  Inteligence, cuyo prop\u00f3sito es integrar y gestionar los activos de informaci\u00f3n\n  para la gesti\u00f3n del FONASA\n  <\/td><td>\n  2016-18\n  <\/td><\/tr><tr><td>\n  Ministerio de Salud de Chile\n  <\/td><td>\n  <strong>Ximena Aguilera<\/strong>: Integrante Comisi\u00f3n M\u00e9dica Asesora listas de\n  espera\n  <\/td><td>\n  &nbsp;2017\n  <\/td><\/tr><tr><td>\n  CONICYT FONIS\n  <\/td><td>\n  <strong>Macarena Hirmas<\/strong>: Evaluadora nacional de XII Concurso Nacional de\n  Proyectos de Investigaci\u00f3n y Desarrollo en Salud, primera y segunda etapa.\n  Comisi\u00f3n Nacional de Investigaci\u00f3n Cient\u00edfica y Tecnol\u00f3gica-CONICYT, Fondo\n  Nacional de Investigaci\u00f3n y Desarrollo en Salud, FONIS.\n  <\/td><td>\n  Primera etapa, julio a agosto,\n  2015.\n  Segunda etapa octubre a noviembre, 2015.\n  <\/td><\/tr><tr><td>\n  CONICYT FONIS\n  <\/td><td>\n  <strong>Manuel N\u00e1jera<\/strong>: Evaluador nacional de XII Concurso Nacional de\n  Proyectos de Investigaci\u00f3n y Desarrollo en Salud, primera etapa. CONICYT,\n  FONIS.\n  <\/td><td>\n  Primera etapa, julio a agosto,\n  2015.\n  <\/td><\/tr><tr><td>\n  Ministerio de Salud de Chile\n  <\/td><td>\n  <strong>Ximena Aguilera y Claudia Gonz\u00e1lez<\/strong>: Integrantes del Comit\u00e9 Asesor para el\n  enfrentamiento de la infecci\u00f3n por Virus Ebola\n  <\/td><td>\n  2014-15\n  <\/td><\/tr><tr><td>\n  &nbsp;Ministerio de Salud de Chile\n  <\/td><td>\n  <strong>Ximena Aguilera<\/strong>:&nbsp;Miembro de la&nbsp;Comisi\u00f3n Asesora\n  Presidencial para la reforma del sistema privado de salud\n  <\/td><td>\n  2014\n  <\/td><\/tr><tr><td>\n  Corporaci\u00f3n Aut\u00f3noma de\n  Certificaci\u00f3n de Especialidades M\u00e9dicas (CONACEM)\n  <\/td><td>\n  <strong>Mar\u00eda In\u00e9s G\u00f3mez<\/strong>: Comit\u00e9 de Salud P\u00fablica\n  <\/td><td>\n  2010 a la fecha.\n  <\/td><\/tr><tr><td>\n  Red Chilena de Instituciones\n  Formadoras en salud P\u00fablica (RCHIFSP)\n  <\/td><td>\n  <strong>Ximena Aguilera<\/strong>: Representante Universidad del Desarrollo\n  <\/td><td>\n  Permanente\n  <\/td><\/tr><tr><td>\n  Ministerio de Salud\n  <\/td><td>\n  <strong>Ximena Aguilera.&nbsp;Consejo\n  Asesor del Ministerio de Salud de Chile para COVID-19<\/strong>\n  <\/td><td>\n  Santiago, 2020\n  <\/td><\/tr><\/tbody><\/table><\/figure>\n","protected":false},"excerpt":{"rendered":"<p>Organizaci\u00f3n Actividad Fecha Academia Chilena de Medicina Ximena Aguilera. Comisi\u00f3n de VIH\/SIDA Santiago, Chile 2019 Ministerio de Salud Ximena Aguilera: Integrante Consejo Consultivo GES, Ministerio de Salud de Chile. Designada por SE la Presidenta de la Rep\u00fablica Miembro 2014 a 2017. Ministerio de Salud Andrea Olea: Experta integrante de la Comisi\u00f3n Nacional de Certificaci\u00f3n de [&hellip;]<\/p>\n","protected":false},"author":42,"featured_media":0,"parent":290,"menu_order":0,"comment_status":"closed","ping_status":"closed","template":"","meta":{"footnotes":""},"class_list":["post-1891","page","type-page","status-publish","hentry"],"yoast_head":"<!-- This site is optimized with the Yoast SEO plugin v26.9 - https:\/\/yoast.com\/product\/yoast-seo-wordpress\/ -->\n<title>Comit\u00e9s expertos nacionales - Centro de Epidemiolog\u00eda y Pol\u00edticas de Salud<\/title>\n<meta name=\"robots\" content=\"index, follow, max-snippet:-1, max-image-preview:large, max-video-preview:-1\" \/>\n<link rel=\"canonical\" href=\"https:\/\/medicina.udd.cl\/centro-epidemiologia-politicas-salud\/extension-capacitacion\/comites-expertos-nacionales\/\" \/>\n<meta property=\"og:locale\" content=\"es_ES\" \/>\n<meta property=\"og:type\" content=\"article\" \/>\n<meta property=\"og:title\" content=\"Comit\u00e9s expertos nacionales - Centro de Epidemiolog\u00eda y Pol\u00edticas de Salud\" \/>\n<meta property=\"og:description\" content=\"Organizaci\u00f3n Actividad Fecha Academia Chilena de Medicina Ximena Aguilera. Comisi\u00f3n de VIH\/SIDA Santiago, Chile 2019 Ministerio de Salud Ximena Aguilera: Integrante Consejo Consultivo GES, Ministerio de Salud de Chile. Designada por SE la Presidenta de la Rep\u00fablica Miembro 2014 a 2017. Ministerio de Salud Andrea Olea: Experta integrante de la Comisi\u00f3n Nacional de Certificaci\u00f3n de [&hellip;]\" \/>\n<meta property=\"og:url\" content=\"https:\/\/medicina.udd.cl\/centro-epidemiologia-politicas-salud\/extension-capacitacion\/comites-expertos-nacionales\/\" \/>\n<meta property=\"og:site_name\" content=\"Centro de Epidemiolog\u00eda y Pol\u00edticas de Salud\" \/>\n<meta property=\"article:modified_time\" content=\"2021-04-14T22:12:58+00:00\" \/>\n<meta name=\"twitter:label1\" content=\"Tiempo de lectura\" \/>\n\t<meta name=\"twitter:data1\" content=\"2 minutos\" \/>\n<script type=\"application\/ld+json\" class=\"yoast-schema-graph\">{\"@context\":\"https:\/\/schema.org\",\"@graph\":[{\"@type\":\"WebPage\",\"@id\":\"https:\/\/medicina.udd.cl\/centro-epidemiologia-politicas-salud\/extension-capacitacion\/comites-expertos-nacionales\/\",\"url\":\"https:\/\/medicina.udd.cl\/centro-epidemiologia-politicas-salud\/extension-capacitacion\/comites-expertos-nacionales\/\",\"name\":\"Comit\u00e9s expertos nacionales - Centro de Epidemiolog\u00eda y Pol\u00edticas de Salud\",\"isPartOf\":{\"@id\":\"https:\/\/medicina.udd.cl\/centro-epidemiologia-politicas-salud\/#website\"},\"datePublished\":\"2020-03-26T01:30:13+00:00\",\"dateModified\":\"2021-04-14T22:12:58+00:00\",\"breadcrumb\":{\"@id\":\"https:\/\/medicina.udd.cl\/centro-epidemiologia-politicas-salud\/extension-capacitacion\/comites-expertos-nacionales\/#breadcrumb\"},\"inLanguage\":\"es\",\"potentialAction\":[{\"@type\":\"ReadAction\",\"target\":[\"https:\/\/medicina.udd.cl\/centro-epidemiologia-politicas-salud\/extension-capacitacion\/comites-expertos-nacionales\/\"]}]},{\"@type\":\"BreadcrumbList\",\"@id\":\"https:\/\/medicina.udd.cl\/centro-epidemiologia-politicas-salud\/extension-capacitacion\/comites-expertos-nacionales\/#breadcrumb\",\"itemListElement\":[{\"@type\":\"ListItem\",\"position\":1,\"name\":\"Inicio\",\"item\":\"https:\/\/medicina.udd.cl\/centro-epidemiologia-politicas-salud\/\"},{\"@type\":\"ListItem\",\"position\":2,\"name\":\"Extensi\u00f3n y capacitaci\u00f3n\",\"item\":\"https:\/\/medicina.udd.cl\/centro-epidemiologia-politicas-salud\/extension-capacitacion\/\"},{\"@type\":\"ListItem\",\"position\":3,\"name\":\"Comit\u00e9s expertos nacionales\"}]},{\"@type\":\"WebSite\",\"@id\":\"https:\/\/medicina.udd.cl\/centro-epidemiologia-politicas-salud\/#website\",\"url\":\"https:\/\/medicina.udd.cl\/centro-epidemiologia-politicas-salud\/\",\"name\":\"Centro de Epidemiolog\u00eda y Pol\u00edticas de Salud\",\"description\":\"Otro blog m\u00e1s de Medicina\",\"inLanguage\":\"es\"}]}<\/script>\n<!-- \/ Yoast SEO plugin. -->","yoast_head_json":{"title":"Comit\u00e9s expertos nacionales - Centro de Epidemiolog\u00eda y Pol\u00edticas de Salud","robots":{"index":"index","follow":"follow","max-snippet":"max-snippet:-1","max-image-preview":"max-image-preview:large","max-video-preview":"max-video-preview:-1"},"canonical":"https:\/\/medicina.udd.cl\/centro-epidemiologia-politicas-salud\/extension-capacitacion\/comites-expertos-nacionales\/","og_locale":"es_ES","og_type":"article","og_title":"Comit\u00e9s expertos nacionales - Centro de Epidemiolog\u00eda y Pol\u00edticas de Salud","og_description":"Organizaci\u00f3n Actividad Fecha Academia Chilena de Medicina Ximena Aguilera. Comisi\u00f3n de VIH\/SIDA Santiago, Chile 2019 Ministerio de Salud Ximena Aguilera: Integrante Consejo Consultivo GES, Ministerio de Salud de Chile. Designada por SE la Presidenta de la Rep\u00fablica Miembro 2014 a 2017. Ministerio de Salud Andrea Olea: Experta integrante de la Comisi\u00f3n Nacional de Certificaci\u00f3n de [&hellip;]","og_url":"https:\/\/medicina.udd.cl\/centro-epidemiologia-politicas-salud\/extension-capacitacion\/comites-expertos-nacionales\/","og_site_name":"Centro de Epidemiolog\u00eda y Pol\u00edticas de Salud","article_modified_time":"2021-04-14T22:12:58+00:00","twitter_misc":{"Tiempo de lectura":"2 minutos"},"schema":{"@context":"https:\/\/schema.org","@graph":[{"@type":"WebPage","@id":"https:\/\/medicina.udd.cl\/centro-epidemiologia-politicas-salud\/extension-capacitacion\/comites-expertos-nacionales\/","url":"https:\/\/medicina.udd.cl\/centro-epidemiologia-politicas-salud\/extension-capacitacion\/comites-expertos-nacionales\/","name":"Comit\u00e9s expertos nacionales - Centro de Epidemiolog\u00eda y Pol\u00edticas de Salud","isPartOf":{"@id":"https:\/\/medicina.udd.cl\/centro-epidemiologia-politicas-salud\/#website"},"datePublished":"2020-03-26T01:30:13+00:00","dateModified":"2021-04-14T22:12:58+00:00","breadcrumb":{"@id":"https:\/\/medicina.udd.cl\/centro-epidemiologia-politicas-salud\/extension-capacitacion\/comites-expertos-nacionales\/#breadcrumb"},"inLanguage":"es","potentialAction":[{"@type":"ReadAction","target":["https:\/\/medicina.udd.cl\/centro-epidemiologia-politicas-salud\/extension-capacitacion\/comites-expertos-nacionales\/"]}]},{"@type":"BreadcrumbList","@id":"https:\/\/medicina.udd.cl\/centro-epidemiologia-politicas-salud\/extension-capacitacion\/comites-expertos-nacionales\/#breadcrumb","itemListElement":[{"@type":"ListItem","position":1,"name":"Inicio","item":"https:\/\/medicina.udd.cl\/centro-epidemiologia-politicas-salud\/"},{"@type":"ListItem","position":2,"name":"Extensi\u00f3n y capacitaci\u00f3n","item":"https:\/\/medicina.udd.cl\/centro-epidemiologia-politicas-salud\/extension-capacitacion\/"},{"@type":"ListItem","position":3,"name":"Comit\u00e9s expertos nacionales"}]},{"@type":"WebSite","@id":"https:\/\/medicina.udd.cl\/centro-epidemiologia-politicas-salud\/#website","url":"https:\/\/medicina.udd.cl\/centro-epidemiologia-politicas-salud\/","name":"Centro de Epidemiolog\u00eda y Pol\u00edticas de Salud","description":"Otro blog m\u00e1s de Medicina","inLanguage":"es"}]}},"_links":{"self":[{"href":"https:\/\/medicina.udd.cl\/centro-epidemiologia-politicas-salud\/wp-json\/wp\/v2\/pages\/1891","targetHints":{"allow":["GET"]}}],"collection":[{"href":"https:\/\/medicina.udd.cl\/centro-epidemiologia-politicas-salud\/wp-json\/wp\/v2\/pages"}],"about":[{"href":"https:\/\/medicina.udd.cl\/centro-epidemiologia-politicas-salud\/wp-json\/wp\/v2\/types\/page"}],"author":[{"embeddable":true,"href":"https:\/\/medicina.udd.cl\/centro-epidemiologia-politicas-salud\/wp-json\/wp\/v2\/users\/42"}],"replies":[{"embeddable":true,"href":"https:\/\/medicina.udd.cl\/centro-epidemiologia-politicas-salud\/wp-json\/wp\/v2\/comments?post=1891"}],"version-history":[{"count":4,"href":"https:\/\/medicina.udd.cl\/centro-epidemiologia-politicas-salud\/wp-json\/wp\/v2\/pages\/1891\/revisions"}],"predecessor-version":[{"id":2181,"href":"https:\/\/medicina.udd.cl\/centro-epidemiologia-politicas-salud\/wp-json\/wp\/v2\/pages\/1891\/revisions\/2181"}],"up":[{"embeddable":true,"href":"https:\/\/medicina.udd.cl\/centro-epidemiologia-politicas-salud\/wp-json\/wp\/v2\/pages\/290"}],"wp:attachment":[{"href":"https:\/\/medicina.udd.cl\/centro-epidemiologia-politicas-salud\/wp-json\/wp\/v2\/media?parent=1891"}],"curies":[{"name":"wp","href":"https:\/\/api.w.org\/{rel}","templated":true}]}}