{"id":224,"date":"2012-06-22T15:06:10","date_gmt":"2012-06-22T19:06:10","guid":{"rendered":"http:\/\/medicina.udd.cl\/centro-epidemiologia-politicas-salud\/"},"modified":"2025-04-24T09:56:24","modified_gmt":"2025-04-24T13:56:24","slug":"docencia","status":"publish","type":"page","link":"https:\/\/medicina.udd.cl\/centro-epidemiologia-politicas-salud\/docencia\/","title":{"rendered":"Docencia"},"content":{"rendered":"\n<h2 class=\"wp-block-heading\">Pregrado<\/h2>\n\n\n\n<p>En docencia de pregrado, el\nCentro tiene a su cargo la coordinaci\u00f3n y rector\u00eda de toda la docencia de Salud\nP\u00fablica, Epidemiolog\u00eda y Gesti\u00f3n de Salud que se imparte en la Universidad del\nDesarrollo en todas las carreras de la Salud.<\/p>\n\n\n\n<figure class=\"wp-block-table\"><table><tbody><tr><td><strong>CARRERA<\/strong>   <\/td><td><strong>CURSOS<\/strong>   <\/td><\/tr><tr><td>Medicina   <\/td><td>Epidemiolog\u00eda y Salud P\u00fablica Gesti\u00f3n y Administraci\u00f3n Internad Electivo         <\/td><\/tr><tr><td>Odontolog\u00eda   <\/td><td>Salud P\u00fablica   <\/td><\/tr><tr><td>Plan Com\u00fan (Kinesiolog\u00eda, Fonoaudiolog\u00eda, Tecnolog\u00eda m\u00e9dica,   Enfermer\u00eda, Nutrici\u00f3n y Diet\u00e9tica, Obstetricia y Terapia Ocupacional)   <\/td><td>Salud P\u00fablica y Epidemiolog\u00eda   <\/td><\/tr><tr><td><\/td><td>    <\/td><\/tr><\/tbody><\/table><\/figure>\n\n\n\n<h2 class=\"wp-block-heading\">Postgrado<\/h2>\n\n\n\n<p>En docencia de postgrado, nuestra tarea es contribuir a capacitar a quienes investigan, dise\u00f1an e implementan las pol\u00edticas de Salud a nivel nacional y local.&nbsp; Adem\u00e1s, contribuye con la realizaci\u00f3n de cursos de la especialidad en el programa de Doctorado en Ciencias e Innovaci\u00f3n en Medicina del Instituto de Ciencias y de Innovaci\u00f3n en Medicina.<\/p>\n\n\n\n<figure class=\"wp-block-table\"><table><tbody><tr><td>   <strong>Postgrado<\/strong>   <\/td><td><\/td><td><strong>   Programas impartidos   <\/strong><\/td><\/tr><tr><td>Participaci\u00f3n en Programa Doctorado en Ciencias e Innovaci\u00f3n en   Medicina:   <\/td><td><\/td><td>Curso de Bioestad\u00edstica (1er semestre). <br>Curso Dise\u00f1os de   Investigaci\u00f3n en Epidemiolog\u00eda (2\u00ba semestre)    <\/td><\/tr><tr><td>Colaboraci\u00f3n en programas de Mag\u00edster:   <\/td><td><\/td><td><strong>Mag\u00edster Interuniversitario de Bio\u00e9tica UDD (<a href=\"https:\/\/medicina.udd.cl\/postgrado\/magister-interuniversitario-en-bioetica\/\">Ver Mag\u00edster<\/a>)<\/strong><br><strong>Magister de Gesti\u00f3n en Salud UDD (<a href=\"https:\/\/cienciasdelasalud.udd.cl\/postgrado\/magister-de-gestion-en-salud\/\">Ver Mag\u00edster<\/a>)<\/strong><br><strong>Magister de Pol\u00edticas P\u00fablicas UDD (Menci\u00f3n en Salud P\u00fablica)<\/strong> <strong>(<a href=\"https:\/\/gobierno.udd.cl\/postgrado\/mpp\/\">Ver Mag\u00edster<\/a>)<\/strong><br>Inform\u00e1tica Biom\u00e9dica UCH ESP.    <br>Evaluaci\u00f3n Integrada UAI   <\/td><\/tr><tr><td>Diplomados y Cursos<\/td><td><\/td><td><strong>Diplomado en salud p\u00fablica y sistemas de salud<\/strong> (<a href=\"https:\/\/medicina.udd.cl\/ver-diplomado\/diplomado-en-salud-publica-y-sistemas-de-salud\/\"><strong>Ver diplomado<\/strong><\/a>)<br><strong>Diplomado en Epidemiolog\u00eda de campo<\/strong> (<strong><a href=\"https:\/\/medicina.udd.cl\/ver-diplomado\/diplomado-de-epidemiologia-de-campo\/\">Ver diplomado<\/a><\/strong>)<br><strong>Diplomado en Epidemiolog\u00eda en Salud Ambiental y Cambio Clim\u00e1tico<\/strong> (<a href=\"https:\/\/medicina.udd.cl\/ver-diplomado\/diplomado-en-epidemiologia-en-salud-ambiental-y-cambio-climatico\/\"><strong>Ver diplomado<\/strong><\/a>)<br><strong>Curso Introducci\u00f3n a la Epidemiolog\u00eda Matem\u00e1tica (<a href=\"https:\/\/medicina.udd.cl\/ver-curso\/curso-introduccion-a-la-epidemiologia-matematica-2\/\">Ver Curso<\/a>)<\/strong><\/td><\/tr><\/tbody><\/table><\/figure>\n","protected":false},"excerpt":{"rendered":"<p>Pregrado En docencia de pregrado, el Centro tiene a su cargo la coordinaci\u00f3n y rector\u00eda de toda la docencia de Salud P\u00fablica, Epidemiolog\u00eda y Gesti\u00f3n de Salud que se imparte en la Universidad del Desarrollo en todas las carreras de la Salud. CARRERA CURSOS Medicina Epidemiolog\u00eda y Salud P\u00fablica Gesti\u00f3n y Administraci\u00f3n Internad Electivo Odontolog\u00eda [&hellip;]<\/p>\n","protected":false},"author":1,"featured_media":0,"parent":0,"menu_order":0,"comment_status":"open","ping_status":"open","template":"","meta":{"footnotes":""},"class_list":["post-224","page","type-page","status-publish","hentry"],"yoast_head":"<!-- This site is optimized with the Yoast SEO plugin v26.9 - https:\/\/yoast.com\/product\/yoast-seo-wordpress\/ -->\n<title>Docencia - Centro de Epidemiolog\u00eda y Pol\u00edticas de Salud<\/title>\n<meta name=\"robots\" content=\"index, follow, max-snippet:-1, max-image-preview:large, max-video-preview:-1\" \/>\n<link rel=\"canonical\" href=\"https:\/\/medicina.udd.cl\/centro-epidemiologia-politicas-salud\/docencia\/\" \/>\n<meta property=\"og:locale\" content=\"es_ES\" \/>\n<meta property=\"og:type\" content=\"article\" \/>\n<meta property=\"og:title\" content=\"Docencia - Centro de Epidemiolog\u00eda y Pol\u00edticas de Salud\" \/>\n<meta property=\"og:description\" content=\"Pregrado En docencia de pregrado, el Centro tiene a su cargo la coordinaci\u00f3n y rector\u00eda de toda la docencia de Salud P\u00fablica, Epidemiolog\u00eda y Gesti\u00f3n de Salud que se imparte en la Universidad del Desarrollo en todas las carreras de la Salud. CARRERA CURSOS Medicina Epidemiolog\u00eda y Salud P\u00fablica Gesti\u00f3n y Administraci\u00f3n Internad Electivo Odontolog\u00eda [&hellip;]\" \/>\n<meta property=\"og:url\" content=\"https:\/\/medicina.udd.cl\/centro-epidemiologia-politicas-salud\/docencia\/\" \/>\n<meta property=\"og:site_name\" content=\"Centro de Epidemiolog\u00eda y Pol\u00edticas de Salud\" \/>\n<meta property=\"article:modified_time\" content=\"2025-04-24T13:56:24+00:00\" \/>\n<meta name=\"twitter:label1\" content=\"Tiempo de lectura\" \/>\n\t<meta name=\"twitter:data1\" content=\"2 minutos\" \/>\n<script type=\"application\/ld+json\" class=\"yoast-schema-graph\">{\"@context\":\"https:\/\/schema.org\",\"@graph\":[{\"@type\":\"WebPage\",\"@id\":\"https:\/\/medicina.udd.cl\/centro-epidemiologia-politicas-salud\/docencia\/\",\"url\":\"https:\/\/medicina.udd.cl\/centro-epidemiologia-politicas-salud\/docencia\/\",\"name\":\"Docencia - Centro de Epidemiolog\u00eda y Pol\u00edticas de Salud\",\"isPartOf\":{\"@id\":\"https:\/\/medicina.udd.cl\/centro-epidemiologia-politicas-salud\/#website\"},\"datePublished\":\"2012-06-22T19:06:10+00:00\",\"dateModified\":\"2025-04-24T13:56:24+00:00\",\"breadcrumb\":{\"@id\":\"https:\/\/medicina.udd.cl\/centro-epidemiologia-politicas-salud\/docencia\/#breadcrumb\"},\"inLanguage\":\"es\",\"potentialAction\":[{\"@type\":\"ReadAction\",\"target\":[\"https:\/\/medicina.udd.cl\/centro-epidemiologia-politicas-salud\/docencia\/\"]}]},{\"@type\":\"BreadcrumbList\",\"@id\":\"https:\/\/medicina.udd.cl\/centro-epidemiologia-politicas-salud\/docencia\/#breadcrumb\",\"itemListElement\":[{\"@type\":\"ListItem\",\"position\":1,\"name\":\"Inicio\",\"item\":\"https:\/\/medicina.udd.cl\/centro-epidemiologia-politicas-salud\/\"},{\"@type\":\"ListItem\",\"position\":2,\"name\":\"Docencia\"}]},{\"@type\":\"WebSite\",\"@id\":\"https:\/\/medicina.udd.cl\/centro-epidemiologia-politicas-salud\/#website\",\"url\":\"https:\/\/medicina.udd.cl\/centro-epidemiologia-politicas-salud\/\",\"name\":\"Centro de Epidemiolog\u00eda y Pol\u00edticas de Salud\",\"description\":\"Otro blog m\u00e1s de Medicina\",\"inLanguage\":\"es\"}]}<\/script>\n<!-- \/ Yoast SEO plugin. -->","yoast_head_json":{"title":"Docencia - Centro de Epidemiolog\u00eda y Pol\u00edticas de Salud","robots":{"index":"index","follow":"follow","max-snippet":"max-snippet:-1","max-image-preview":"max-image-preview:large","max-video-preview":"max-video-preview:-1"},"canonical":"https:\/\/medicina.udd.cl\/centro-epidemiologia-politicas-salud\/docencia\/","og_locale":"es_ES","og_type":"article","og_title":"Docencia - Centro de Epidemiolog\u00eda y Pol\u00edticas de Salud","og_description":"Pregrado En docencia de pregrado, el Centro tiene a su cargo la coordinaci\u00f3n y rector\u00eda de toda la docencia de Salud P\u00fablica, Epidemiolog\u00eda y Gesti\u00f3n de Salud que se imparte en la Universidad del Desarrollo en todas las carreras de la Salud. CARRERA CURSOS Medicina Epidemiolog\u00eda y Salud P\u00fablica Gesti\u00f3n y Administraci\u00f3n Internad Electivo Odontolog\u00eda [&hellip;]","og_url":"https:\/\/medicina.udd.cl\/centro-epidemiologia-politicas-salud\/docencia\/","og_site_name":"Centro de Epidemiolog\u00eda y Pol\u00edticas de Salud","article_modified_time":"2025-04-24T13:56:24+00:00","twitter_misc":{"Tiempo de lectura":"2 minutos"},"schema":{"@context":"https:\/\/schema.org","@graph":[{"@type":"WebPage","@id":"https:\/\/medicina.udd.cl\/centro-epidemiologia-politicas-salud\/docencia\/","url":"https:\/\/medicina.udd.cl\/centro-epidemiologia-politicas-salud\/docencia\/","name":"Docencia - Centro de Epidemiolog\u00eda y Pol\u00edticas de Salud","isPartOf":{"@id":"https:\/\/medicina.udd.cl\/centro-epidemiologia-politicas-salud\/#website"},"datePublished":"2012-06-22T19:06:10+00:00","dateModified":"2025-04-24T13:56:24+00:00","breadcrumb":{"@id":"https:\/\/medicina.udd.cl\/centro-epidemiologia-politicas-salud\/docencia\/#breadcrumb"},"inLanguage":"es","potentialAction":[{"@type":"ReadAction","target":["https:\/\/medicina.udd.cl\/centro-epidemiologia-politicas-salud\/docencia\/"]}]},{"@type":"BreadcrumbList","@id":"https:\/\/medicina.udd.cl\/centro-epidemiologia-politicas-salud\/docencia\/#breadcrumb","itemListElement":[{"@type":"ListItem","position":1,"name":"Inicio","item":"https:\/\/medicina.udd.cl\/centro-epidemiologia-politicas-salud\/"},{"@type":"ListItem","position":2,"name":"Docencia"}]},{"@type":"WebSite","@id":"https:\/\/medicina.udd.cl\/centro-epidemiologia-politicas-salud\/#website","url":"https:\/\/medicina.udd.cl\/centro-epidemiologia-politicas-salud\/","name":"Centro de Epidemiolog\u00eda y Pol\u00edticas de Salud","description":"Otro blog m\u00e1s de Medicina","inLanguage":"es"}]}},"_links":{"self":[{"href":"https:\/\/medicina.udd.cl\/centro-epidemiologia-politicas-salud\/wp-json\/wp\/v2\/pages\/224","targetHints":{"allow":["GET"]}}],"collection":[{"href":"https:\/\/medicina.udd.cl\/centro-epidemiologia-politicas-salud\/wp-json\/wp\/v2\/pages"}],"about":[{"href":"https:\/\/medicina.udd.cl\/centro-epidemiologia-politicas-salud\/wp-json\/wp\/v2\/types\/page"}],"author":[{"embeddable":true,"href":"https:\/\/medicina.udd.cl\/centro-epidemiologia-politicas-salud\/wp-json\/wp\/v2\/users\/1"}],"replies":[{"embeddable":true,"href":"https:\/\/medicina.udd.cl\/centro-epidemiologia-politicas-salud\/wp-json\/wp\/v2\/comments?post=224"}],"version-history":[{"count":37,"href":"https:\/\/medicina.udd.cl\/centro-epidemiologia-politicas-salud\/wp-json\/wp\/v2\/pages\/224\/revisions"}],"predecessor-version":[{"id":2724,"href":"https:\/\/medicina.udd.cl\/centro-epidemiologia-politicas-salud\/wp-json\/wp\/v2\/pages\/224\/revisions\/2724"}],"wp:attachment":[{"href":"https:\/\/medicina.udd.cl\/centro-epidemiologia-politicas-salud\/wp-json\/wp\/v2\/media?parent=224"}],"curies":[{"name":"wp","href":"https:\/\/api.w.org\/{rel}","templated":true}]}}