{"id":292,"date":"2012-06-26T16:03:39","date_gmt":"2012-06-26T20:03:39","guid":{"rendered":"http:\/\/medicina.udd.cl\/centro-epidemiologia-politicas-salud\/"},"modified":"2014-12-31T10:31:43","modified_gmt":"2014-12-31T13:31:43","slug":"diplomados","status":"publish","type":"page","link":"https:\/\/medicina.udd.cl\/centro-epidemiologia-politicas-salud\/extension-capacitacion\/diplomados\/","title":{"rendered":"Diplomados"},"content":{"rendered":"<p><strong>Los programas realizados son:<\/strong><\/p>\n<p><a href=\"http:\/\/www.udesarrollo.cl\/centrodediseno\/mailing_epi\/Diplomado_Epidemiologia\/Diplomado_Epidemiologia.pdf\">Diplomado en Epidemiolog\u00eda Aplicada<\/a><\/p>\n<p><a href=\"http:\/\/medicina.udd.cl\/centro-epidemiologia-politicas-salud\/diplomado-organizado-por-el-ceps\/\">Diplomado de Salud Familiar Comunitaria para Profesionales de Atenci\u00f3n Primaria de Salud<\/a>\u00a0<strong>\/ Postulaciones cerradas<\/strong><\/p>\n<p><a href=\"http:\/\/medicina.udd.cl\/centro-epidemiologia-politicas-salud\/diplomado-de-formacion-accion-a-equipos-directivos-de-la-red-asistencial-del-servicio-de-salud-chiloe\/\">Diplomado de Formaci\u00f3n-Acci\u00f3n a equipos directivos de la red asistencial del Servicio de Salud Chilo\u00e9<\/a>\u00a0<strong>\/ Postulaciones cerradas<\/strong><\/p>\n","protected":false},"excerpt":{"rendered":"<p>Conoce en detalle los programas de Diplomado organizados e impartidos por el Centro de Epidemiolog\u00eda y Pol\u00edticas de Salud.<\/p>\n","protected":false},"author":1,"featured_media":0,"parent":290,"menu_order":1,"comment_status":"open","ping_status":"open","template":"","meta":{"footnotes":""},"class_list":["post-292","page","type-page","status-publish","hentry"],"yoast_head":"<!-- This site is optimized with the Yoast SEO plugin v26.9 - https:\/\/yoast.com\/product\/yoast-seo-wordpress\/ -->\n<title>Diplomados - Centro de Epidemiolog\u00eda y Pol\u00edticas de Salud<\/title>\n<meta name=\"robots\" content=\"index, follow, max-snippet:-1, max-image-preview:large, max-video-preview:-1\" \/>\n<link rel=\"canonical\" href=\"https:\/\/medicina.udd.cl\/centro-epidemiologia-politicas-salud\/extension-capacitacion\/diplomados\/\" \/>\n<meta property=\"og:locale\" content=\"es_ES\" \/>\n<meta property=\"og:type\" content=\"article\" \/>\n<meta property=\"og:title\" content=\"Diplomados - Centro de Epidemiolog\u00eda y Pol\u00edticas de Salud\" \/>\n<meta property=\"og:description\" content=\"Conoce en detalle los programas de Diplomado organizados e impartidos por el Centro de Epidemiolog\u00eda y Pol\u00edticas de Salud.\" \/>\n<meta property=\"og:url\" content=\"https:\/\/medicina.udd.cl\/centro-epidemiologia-politicas-salud\/extension-capacitacion\/diplomados\/\" \/>\n<meta property=\"og:site_name\" content=\"Centro de Epidemiolog\u00eda y Pol\u00edticas de Salud\" \/>\n<meta property=\"article:modified_time\" content=\"2014-12-31T13:31:43+00:00\" \/>\n<script type=\"application\/ld+json\" class=\"yoast-schema-graph\">{\"@context\":\"https:\/\/schema.org\",\"@graph\":[{\"@type\":\"WebPage\",\"@id\":\"https:\/\/medicina.udd.cl\/centro-epidemiologia-politicas-salud\/extension-capacitacion\/diplomados\/\",\"url\":\"https:\/\/medicina.udd.cl\/centro-epidemiologia-politicas-salud\/extension-capacitacion\/diplomados\/\",\"name\":\"Diplomados - Centro de Epidemiolog\u00eda y Pol\u00edticas de Salud\",\"isPartOf\":{\"@id\":\"https:\/\/medicina.udd.cl\/centro-epidemiologia-politicas-salud\/#website\"},\"datePublished\":\"2012-06-26T20:03:39+00:00\",\"dateModified\":\"2014-12-31T13:31:43+00:00\",\"breadcrumb\":{\"@id\":\"https:\/\/medicina.udd.cl\/centro-epidemiologia-politicas-salud\/extension-capacitacion\/diplomados\/#breadcrumb\"},\"inLanguage\":\"es\",\"potentialAction\":[{\"@type\":\"ReadAction\",\"target\":[\"https:\/\/medicina.udd.cl\/centro-epidemiologia-politicas-salud\/extension-capacitacion\/diplomados\/\"]}]},{\"@type\":\"BreadcrumbList\",\"@id\":\"https:\/\/medicina.udd.cl\/centro-epidemiologia-politicas-salud\/extension-capacitacion\/diplomados\/#breadcrumb\",\"itemListElement\":[{\"@type\":\"ListItem\",\"position\":1,\"name\":\"Inicio\",\"item\":\"https:\/\/medicina.udd.cl\/centro-epidemiologia-politicas-salud\/\"},{\"@type\":\"ListItem\",\"position\":2,\"name\":\"Extensi\u00f3n y capacitaci\u00f3n\",\"item\":\"https:\/\/medicina.udd.cl\/centro-epidemiologia-politicas-salud\/extension-capacitacion\/\"},{\"@type\":\"ListItem\",\"position\":3,\"name\":\"Diplomados\"}]},{\"@type\":\"WebSite\",\"@id\":\"https:\/\/medicina.udd.cl\/centro-epidemiologia-politicas-salud\/#website\",\"url\":\"https:\/\/medicina.udd.cl\/centro-epidemiologia-politicas-salud\/\",\"name\":\"Centro de Epidemiolog\u00eda y Pol\u00edticas de Salud\",\"description\":\"Otro blog m\u00e1s de Medicina\",\"inLanguage\":\"es\"}]}<\/script>\n<!-- \/ Yoast SEO plugin. -->","yoast_head_json":{"title":"Diplomados - Centro de Epidemiolog\u00eda y Pol\u00edticas de Salud","robots":{"index":"index","follow":"follow","max-snippet":"max-snippet:-1","max-image-preview":"max-image-preview:large","max-video-preview":"max-video-preview:-1"},"canonical":"https:\/\/medicina.udd.cl\/centro-epidemiologia-politicas-salud\/extension-capacitacion\/diplomados\/","og_locale":"es_ES","og_type":"article","og_title":"Diplomados - Centro de Epidemiolog\u00eda y Pol\u00edticas de Salud","og_description":"Conoce en detalle los programas de Diplomado organizados e impartidos por el Centro de Epidemiolog\u00eda y Pol\u00edticas de Salud.","og_url":"https:\/\/medicina.udd.cl\/centro-epidemiologia-politicas-salud\/extension-capacitacion\/diplomados\/","og_site_name":"Centro de Epidemiolog\u00eda y Pol\u00edticas de Salud","article_modified_time":"2014-12-31T13:31:43+00:00","schema":{"@context":"https:\/\/schema.org","@graph":[{"@type":"WebPage","@id":"https:\/\/medicina.udd.cl\/centro-epidemiologia-politicas-salud\/extension-capacitacion\/diplomados\/","url":"https:\/\/medicina.udd.cl\/centro-epidemiologia-politicas-salud\/extension-capacitacion\/diplomados\/","name":"Diplomados - Centro de Epidemiolog\u00eda y Pol\u00edticas de Salud","isPartOf":{"@id":"https:\/\/medicina.udd.cl\/centro-epidemiologia-politicas-salud\/#website"},"datePublished":"2012-06-26T20:03:39+00:00","dateModified":"2014-12-31T13:31:43+00:00","breadcrumb":{"@id":"https:\/\/medicina.udd.cl\/centro-epidemiologia-politicas-salud\/extension-capacitacion\/diplomados\/#breadcrumb"},"inLanguage":"es","potentialAction":[{"@type":"ReadAction","target":["https:\/\/medicina.udd.cl\/centro-epidemiologia-politicas-salud\/extension-capacitacion\/diplomados\/"]}]},{"@type":"BreadcrumbList","@id":"https:\/\/medicina.udd.cl\/centro-epidemiologia-politicas-salud\/extension-capacitacion\/diplomados\/#breadcrumb","itemListElement":[{"@type":"ListItem","position":1,"name":"Inicio","item":"https:\/\/medicina.udd.cl\/centro-epidemiologia-politicas-salud\/"},{"@type":"ListItem","position":2,"name":"Extensi\u00f3n y capacitaci\u00f3n","item":"https:\/\/medicina.udd.cl\/centro-epidemiologia-politicas-salud\/extension-capacitacion\/"},{"@type":"ListItem","position":3,"name":"Diplomados"}]},{"@type":"WebSite","@id":"https:\/\/medicina.udd.cl\/centro-epidemiologia-politicas-salud\/#website","url":"https:\/\/medicina.udd.cl\/centro-epidemiologia-politicas-salud\/","name":"Centro de Epidemiolog\u00eda y Pol\u00edticas de Salud","description":"Otro blog m\u00e1s de Medicina","inLanguage":"es"}]}},"_links":{"self":[{"href":"https:\/\/medicina.udd.cl\/centro-epidemiologia-politicas-salud\/wp-json\/wp\/v2\/pages\/292","targetHints":{"allow":["GET"]}}],"collection":[{"href":"https:\/\/medicina.udd.cl\/centro-epidemiologia-politicas-salud\/wp-json\/wp\/v2\/pages"}],"about":[{"href":"https:\/\/medicina.udd.cl\/centro-epidemiologia-politicas-salud\/wp-json\/wp\/v2\/types\/page"}],"author":[{"embeddable":true,"href":"https:\/\/medicina.udd.cl\/centro-epidemiologia-politicas-salud\/wp-json\/wp\/v2\/users\/1"}],"replies":[{"embeddable":true,"href":"https:\/\/medicina.udd.cl\/centro-epidemiologia-politicas-salud\/wp-json\/wp\/v2\/comments?post=292"}],"version-history":[{"count":17,"href":"https:\/\/medicina.udd.cl\/centro-epidemiologia-politicas-salud\/wp-json\/wp\/v2\/pages\/292\/revisions"}],"predecessor-version":[{"id":774,"href":"https:\/\/medicina.udd.cl\/centro-epidemiologia-politicas-salud\/wp-json\/wp\/v2\/pages\/292\/revisions\/774"}],"up":[{"embeddable":true,"href":"https:\/\/medicina.udd.cl\/centro-epidemiologia-politicas-salud\/wp-json\/wp\/v2\/pages\/290"}],"wp:attachment":[{"href":"https:\/\/medicina.udd.cl\/centro-epidemiologia-politicas-salud\/wp-json\/wp\/v2\/media?parent=292"}],"curies":[{"name":"wp","href":"https:\/\/api.w.org\/{rel}","templated":true}]}}

<p><strong>Los programas realizados son:</strong></p>
<p><a href="http://www.udesarrollo.cl/centrodediseno/mailing_epi/Diplomado_Epidemiologia/Diplomado_Epidemiologia.pdf">Diplomado en Epidemiología Aplicada</a></p>
<p><a href="http://medicina.udd.cl/centro-epidemiologia-politicas-salud/diplomado-organizado-por-el-ceps/">Diplomado de Salud Familiar Comunitaria para Profesionales de Atención Primaria de Salud</a> <strong>/ Postulaciones cerradas</strong></p>
<p><a href="http://medicina.udd.cl/centro-epidemiologia-politicas-salud/diplomado-de-formacion-accion-a-equipos-directivos-de-la-red-asistencial-del-servicio-de-salud-chiloe/">Diplomado de Formación-Acción a equipos directivos de la red asistencial del Servicio de Salud Chiloé</a> <strong>/ Postulaciones cerradas</strong></p>

<p>Conoce en detalle los programas de Diplomado organizados e impartidos por el Centro de Epidemiología y Políticas de Salud.</p>

<!-- This site is optimized with the Yoast SEO plugin v26.9 - https://yoast.com/product/yoast-seo-wordpress/ -->
<title>Diplomados - Centro de Epidemiología y Políticas de Salud</title>
<meta name="robots" content="index, follow, max-snippet:-1, max-image-preview:large, max-video-preview:-1" />
<link rel="canonical" href="https://medicina.udd.cl/centro-epidemiologia-politicas-salud/extension-capacitacion/diplomados/" />
<meta property="og:locale" content="es_ES" />
<meta property="og:type" content="article" />
<meta property="og:title" content="Diplomados - Centro de Epidemiología y Políticas de Salud" />
<meta property="og:description" content="Conoce en detalle los programas de Diplomado organizados e impartidos por el Centro de Epidemiología y Políticas de Salud." />
<meta property="og:url" content="https://medicina.udd.cl/centro-epidemiologia-politicas-salud/extension-capacitacion/diplomados/" />
<meta property="og:site_name" content="Centro de Epidemiología y Políticas de Salud" />
<meta property="article:modified_time" content="2014-12-31T13:31:43+00:00" />
<script type="application/ld+json" class="yoast-schema-graph">{"@context":"https://schema.org","@graph":[{"@type":"WebPage","@id":"https://medicina.udd.cl/centro-epidemiologia-politicas-salud/extension-capacitacion/diplomados/","url":"https://medicina.udd.cl/centro-epidemiologia-politicas-salud/extension-capacitacion/diplomados/","name":"Diplomados - Centro de Epidemiología y Políticas de Salud","isPartOf":{"@id":"https://medicina.udd.cl/centro-epidemiologia-politicas-salud/#website"},"datePublished":"2012-06-26T20:03:39+00:00","dateModified":"2014-12-31T13:31:43+00:00","breadcrumb":{"@id":"https://medicina.udd.cl/centro-epidemiologia-politicas-salud/extension-capacitacion/diplomados/#breadcrumb"},"inLanguage":"es","potentialAction":[{"@type":"ReadAction","target":["https://medicina.udd.cl/centro-epidemiologia-politicas-salud/extension-capacitacion/diplomados/"]}]},{"@type":"BreadcrumbList","@id":"https://medicina.udd.cl/centro-epidemiologia-politicas-salud/extension-capacitacion/diplomados/#breadcrumb","itemListElement":[{"@type":"ListItem","position":1,"name":"Inicio","item":"https://medicina.udd.cl/centro-epidemiologia-politicas-salud/"},{"@type":"ListItem","position":2,"name":"Extensión y capacitación","item":"https://medicina.udd.cl/centro-epidemiologia-politicas-salud/extension-capacitacion/"},{"@type":"ListItem","position":3,"name":"Diplomados"}]},{"@type":"WebSite","@id":"https://medicina.udd.cl/centro-epidemiologia-politicas-salud/#website","url":"https://medicina.udd.cl/centro-epidemiologia-politicas-salud/","name":"Centro de Epidemiología y Políticas de Salud","description":"Otro blog más de Medicina","inLanguage":"es"}]}</script>
<!-- / Yoast SEO plugin. -->

Diplomados - Centro de Epidemiología y Políticas de Salud

Conoce en detalle los programas de Diplomado organizados e impartidos por el Centro de Epidemiología y Políticas de Salud.

Centro de Epidemiología y Políticas de Salud

Extensión y capacitación

Otro blog más de Medicina
