{"id":312,"date":"2012-06-26T16:43:26","date_gmt":"2012-06-26T20:43:26","guid":{"rendered":"http:\/\/medicina.udd.cl\/centro-epidemiologia-politicas-salud\/"},"modified":"2012-06-26T16:43:26","modified_gmt":"2012-06-26T20:43:26","slug":"objetivo-general","status":"publish","type":"page","link":"https:\/\/medicina.udd.cl\/centro-epidemiologia-politicas-salud\/objetivo-general\/","title":{"rendered":"Objetivo General"},"content":{"rendered":"<p style=\"text-align: justify;\">Desarrollar y aplicar herramientas conceptuales y pr\u00e1cticas a profesionales de los equipos de salud de APS de la red del Servicio de salud de Chilo\u00e9, que favorezca la\u00a0 implementaci\u00f3n del modelo de salud familiar \u2013 comunitario valorando y respetando la diversidad \u00e9tnica cultural por parte de los equipos de salud, orientado a prestar servicios de salud pertinentes a la realidad local, en red, oportunos y efectivos para mejorar y proteger la salud de los habitantes de sus comunidades locales.<\/p>\n","protected":false},"excerpt":{"rendered":"<p>Desarrollar y aplicar herramientas conceptuales y pr\u00e1cticas a profesionales de los equipos de salud de APS de la red del Servicio de salud de Chilo\u00e9, que favorezca la\u00a0 implementaci\u00f3n del modelo de salud familiar \u2013 comunitario valorando y respetando la diversidad \u00e9tnica cultural por parte de los equipos de salud, orientado a prestar servicios de [&hellip;]<\/p>\n","protected":false},"author":1,"featured_media":0,"parent":0,"menu_order":0,"comment_status":"open","ping_status":"open","template":"wide-default.php","meta":{"footnotes":""},"class_list":["post-312","page","type-page","status-publish","hentry"],"yoast_head":"<!-- This site is optimized with the Yoast SEO plugin v26.9 - https:\/\/yoast.com\/product\/yoast-seo-wordpress\/ -->\n<title>Objetivo General  - Centro de Epidemiolog\u00eda y Pol\u00edticas de Salud<\/title>\n<meta name=\"robots\" content=\"index, follow, max-snippet:-1, max-image-preview:large, max-video-preview:-1\" \/>\n<link rel=\"canonical\" href=\"https:\/\/medicina.udd.cl\/centro-epidemiologia-politicas-salud\/objetivo-general\/\" \/>\n<meta property=\"og:locale\" content=\"es_ES\" \/>\n<meta property=\"og:type\" content=\"article\" \/>\n<meta property=\"og:title\" content=\"Objetivo General  - Centro de Epidemiolog\u00eda y Pol\u00edticas de Salud\" \/>\n<meta property=\"og:description\" content=\"Desarrollar y aplicar herramientas conceptuales y pr\u00e1cticas a profesionales de los equipos de salud de APS de la red del Servicio de salud de Chilo\u00e9, que favorezca la\u00a0 implementaci\u00f3n del modelo de salud familiar \u2013 comunitario valorando y respetando la diversidad \u00e9tnica cultural por parte de los equipos de salud, orientado a prestar servicios de [&hellip;]\" \/>\n<meta property=\"og:url\" content=\"https:\/\/medicina.udd.cl\/centro-epidemiologia-politicas-salud\/objetivo-general\/\" \/>\n<meta property=\"og:site_name\" content=\"Centro de Epidemiolog\u00eda y Pol\u00edticas de Salud\" \/>\n<script type=\"application\/ld+json\" class=\"yoast-schema-graph\">{\"@context\":\"https:\/\/schema.org\",\"@graph\":[{\"@type\":\"WebPage\",\"@id\":\"https:\/\/medicina.udd.cl\/centro-epidemiologia-politicas-salud\/objetivo-general\/\",\"url\":\"https:\/\/medicina.udd.cl\/centro-epidemiologia-politicas-salud\/objetivo-general\/\",\"name\":\"Objetivo General - Centro de Epidemiolog\u00eda y Pol\u00edticas de Salud\",\"isPartOf\":{\"@id\":\"https:\/\/medicina.udd.cl\/centro-epidemiologia-politicas-salud\/#website\"},\"datePublished\":\"2012-06-26T20:43:26+00:00\",\"breadcrumb\":{\"@id\":\"https:\/\/medicina.udd.cl\/centro-epidemiologia-politicas-salud\/objetivo-general\/#breadcrumb\"},\"inLanguage\":\"es\",\"potentialAction\":[{\"@type\":\"ReadAction\",\"target\":[\"https:\/\/medicina.udd.cl\/centro-epidemiologia-politicas-salud\/objetivo-general\/\"]}]},{\"@type\":\"BreadcrumbList\",\"@id\":\"https:\/\/medicina.udd.cl\/centro-epidemiologia-politicas-salud\/objetivo-general\/#breadcrumb\",\"itemListElement\":[{\"@type\":\"ListItem\",\"position\":1,\"name\":\"Inicio\",\"item\":\"https:\/\/medicina.udd.cl\/centro-epidemiologia-politicas-salud\/\"},{\"@type\":\"ListItem\",\"position\":2,\"name\":\"Objetivo General\"}]},{\"@type\":\"WebSite\",\"@id\":\"https:\/\/medicina.udd.cl\/centro-epidemiologia-politicas-salud\/#website\",\"url\":\"https:\/\/medicina.udd.cl\/centro-epidemiologia-politicas-salud\/\",\"name\":\"Centro de Epidemiolog\u00eda y Pol\u00edticas de Salud\",\"description\":\"Otro blog m\u00e1s de Medicina\",\"inLanguage\":\"es\"}]}<\/script>\n<!-- \/ Yoast SEO plugin. -->","yoast_head_json":{"title":"Objetivo General  - Centro de Epidemiolog\u00eda y Pol\u00edticas de Salud","robots":{"index":"index","follow":"follow","max-snippet":"max-snippet:-1","max-image-preview":"max-image-preview:large","max-video-preview":"max-video-preview:-1"},"canonical":"https:\/\/medicina.udd.cl\/centro-epidemiologia-politicas-salud\/objetivo-general\/","og_locale":"es_ES","og_type":"article","og_title":"Objetivo General  - Centro de Epidemiolog\u00eda y Pol\u00edticas de Salud","og_description":"Desarrollar y aplicar herramientas conceptuales y pr\u00e1cticas a profesionales de los equipos de salud de APS de la red del Servicio de salud de Chilo\u00e9, que favorezca la\u00a0 implementaci\u00f3n del modelo de salud familiar \u2013 comunitario valorando y respetando la diversidad \u00e9tnica cultural por parte de los equipos de salud, orientado a prestar servicios de [&hellip;]","og_url":"https:\/\/medicina.udd.cl\/centro-epidemiologia-politicas-salud\/objetivo-general\/","og_site_name":"Centro de Epidemiolog\u00eda y Pol\u00edticas de Salud","schema":{"@context":"https:\/\/schema.org","@graph":[{"@type":"WebPage","@id":"https:\/\/medicina.udd.cl\/centro-epidemiologia-politicas-salud\/objetivo-general\/","url":"https:\/\/medicina.udd.cl\/centro-epidemiologia-politicas-salud\/objetivo-general\/","name":"Objetivo General - Centro de Epidemiolog\u00eda y Pol\u00edticas de Salud","isPartOf":{"@id":"https:\/\/medicina.udd.cl\/centro-epidemiologia-politicas-salud\/#website"},"datePublished":"2012-06-26T20:43:26+00:00","breadcrumb":{"@id":"https:\/\/medicina.udd.cl\/centro-epidemiologia-politicas-salud\/objetivo-general\/#breadcrumb"},"inLanguage":"es","potentialAction":[{"@type":"ReadAction","target":["https:\/\/medicina.udd.cl\/centro-epidemiologia-politicas-salud\/objetivo-general\/"]}]},{"@type":"BreadcrumbList","@id":"https:\/\/medicina.udd.cl\/centro-epidemiologia-politicas-salud\/objetivo-general\/#breadcrumb","itemListElement":[{"@type":"ListItem","position":1,"name":"Inicio","item":"https:\/\/medicina.udd.cl\/centro-epidemiologia-politicas-salud\/"},{"@type":"ListItem","position":2,"name":"Objetivo General"}]},{"@type":"WebSite","@id":"https:\/\/medicina.udd.cl\/centro-epidemiologia-politicas-salud\/#website","url":"https:\/\/medicina.udd.cl\/centro-epidemiologia-politicas-salud\/","name":"Centro de Epidemiolog\u00eda y Pol\u00edticas de Salud","description":"Otro blog m\u00e1s de Medicina","inLanguage":"es"}]}},"_links":{"self":[{"href":"https:\/\/medicina.udd.cl\/centro-epidemiologia-politicas-salud\/wp-json\/wp\/v2\/pages\/312","targetHints":{"allow":["GET"]}}],"collection":[{"href":"https:\/\/medicina.udd.cl\/centro-epidemiologia-politicas-salud\/wp-json\/wp\/v2\/pages"}],"about":[{"href":"https:\/\/medicina.udd.cl\/centro-epidemiologia-politicas-salud\/wp-json\/wp\/v2\/types\/page"}],"author":[{"embeddable":true,"href":"https:\/\/medicina.udd.cl\/centro-epidemiologia-politicas-salud\/wp-json\/wp\/v2\/users\/1"}],"replies":[{"embeddable":true,"href":"https:\/\/medicina.udd.cl\/centro-epidemiologia-politicas-salud\/wp-json\/wp\/v2\/comments?post=312"}],"version-history":[{"count":1,"href":"https:\/\/medicina.udd.cl\/centro-epidemiologia-politicas-salud\/wp-json\/wp\/v2\/pages\/312\/revisions"}],"predecessor-version":[{"id":313,"href":"https:\/\/medicina.udd.cl\/centro-epidemiologia-politicas-salud\/wp-json\/wp\/v2\/pages\/312\/revisions\/313"}],"wp:attachment":[{"href":"https:\/\/medicina.udd.cl\/centro-epidemiologia-politicas-salud\/wp-json\/wp\/v2\/media?parent=312"}],"curies":[{"name":"wp","href":"https:\/\/api.w.org\/{rel}","templated":true}]}}

<p style="text-align: justify;">Desarrollar y aplicar herramientas conceptuales y prácticas a profesionales de los equipos de salud de APS de la red del Servicio de salud de Chiloé, que favorezca la  implementación del modelo de salud familiar – comunitario valorando y respetando la diversidad étnica cultural por parte de los equipos de salud, orientado a prestar servicios de salud pertinentes a la realidad local, en red, oportunos y efectivos para mejorar y proteger la salud de los habitantes de sus comunidades locales.</p>

<p>Desarrollar y aplicar herramientas conceptuales y prácticas a profesionales de los equipos de salud de APS de la red del Servicio de salud de Chiloé, que favorezca la  implementación del modelo de salud familiar – comunitario valorando y respetando la diversidad étnica cultural por parte de los equipos de salud, orientado a prestar servicios de [&hellip;]</p>

<!-- This site is optimized with the Yoast SEO plugin v26.9 - https://yoast.com/product/yoast-seo-wordpress/ -->
<title>Objetivo General  - Centro de Epidemiología y Políticas de Salud</title>
<meta name="robots" content="index, follow, max-snippet:-1, max-image-preview:large, max-video-preview:-1" />
<link rel="canonical" href="https://medicina.udd.cl/centro-epidemiologia-politicas-salud/objetivo-general/" />
<meta property="og:locale" content="es_ES" />
<meta property="og:type" content="article" />
<meta property="og:title" content="Objetivo General  - Centro de Epidemiología y Políticas de Salud" />
<meta property="og:description" content="Desarrollar y aplicar herramientas conceptuales y prácticas a profesionales de los equipos de salud de APS de la red del Servicio de salud de Chiloé, que favorezca la  implementación del modelo de salud familiar – comunitario valorando y respetando la diversidad étnica cultural por parte de los equipos de salud, orientado a prestar servicios de [&hellip;]" />
<meta property="og:url" content="https://medicina.udd.cl/centro-epidemiologia-politicas-salud/objetivo-general/" />
<meta property="og:site_name" content="Centro de Epidemiología y Políticas de Salud" />
<script type="application/ld+json" class="yoast-schema-graph">{"@context":"https://schema.org","@graph":[{"@type":"WebPage","@id":"https://medicina.udd.cl/centro-epidemiologia-politicas-salud/objetivo-general/","url":"https://medicina.udd.cl/centro-epidemiologia-politicas-salud/objetivo-general/","name":"Objetivo General - Centro de Epidemiología y Políticas de Salud","isPartOf":{"@id":"https://medicina.udd.cl/centro-epidemiologia-politicas-salud/#website"},"datePublished":"2012-06-26T20:43:26+00:00","breadcrumb":{"@id":"https://medicina.udd.cl/centro-epidemiologia-politicas-salud/objetivo-general/#breadcrumb"},"inLanguage":"es","potentialAction":[{"@type":"ReadAction","target":["https://medicina.udd.cl/centro-epidemiologia-politicas-salud/objetivo-general/"]}]},{"@type":"BreadcrumbList","@id":"https://medicina.udd.cl/centro-epidemiologia-politicas-salud/objetivo-general/#breadcrumb","itemListElement":[{"@type":"ListItem","position":1,"name":"Inicio","item":"https://medicina.udd.cl/centro-epidemiologia-politicas-salud/"},{"@type":"ListItem","position":2,"name":"Objetivo General"}]},{"@type":"WebSite","@id":"https://medicina.udd.cl/centro-epidemiologia-politicas-salud/#website","url":"https://medicina.udd.cl/centro-epidemiologia-politicas-salud/","name":"Centro de Epidemiología y Políticas de Salud","description":"Otro blog más de Medicina","inLanguage":"es"}]}</script>
<!-- / Yoast SEO plugin. -->

Objetivo General  - Centro de Epidemiología y Políticas de Salud

Desarrollar y aplicar herramientas conceptuales y prácticas a profesionales de los equipos de salud de APS de la red del Servicio de salud de Chiloé, que favorezca la  implementación del modelo de salud familiar – comunitario valorando y respetando la diversidad étnica cultural por parte de los equipos de salud, orientado a prestar servicios de [&hellip;]

Centro de Epidemiología y Políticas de Salud

Objetivo General - Centro de Epidemiología y Políticas de Salud

Otro blog más de Medicina
