{"id":315,"date":"2012-06-26T16:58:37","date_gmt":"2012-06-26T20:58:37","guid":{"rendered":"http:\/\/medicina.udd.cl\/centro-epidemiologia-politicas-salud\/"},"modified":"2012-06-26T16:59:32","modified_gmt":"2012-06-26T20:59:32","slug":"propuesta-metodologica-de-formacion-%e2%80%93-accion","status":"publish","type":"page","link":"https:\/\/medicina.udd.cl\/centro-epidemiologia-politicas-salud\/propuesta-metodologica-de-formacion-%e2%80%93-accion\/","title":{"rendered":"Propuesta metodol\u00f3gica de formaci\u00f3n \u2013 acci\u00f3n"},"content":{"rendered":"<p style=\"text-align: justify;\">La metodolog\u00eda del programa contempl\u00f3 5 m\u00f3dulos te\u00f3rico-pr\u00e1cticos en aula a cargo del equipo docente del diplomado, acompa\u00f1ado de la tutor\u00eda a distancia a trav\u00e9s de e-learning y un acompa\u00f1amiento tipo coaching, de trabajo en terreno con los equipos de APS. Esto incluye el desarrollo de trabajos en terreno con seguimiento t\u00e9cnico y acompa\u00f1amiento que permita identificar los focos. Esta instancia tuvo como finalidad tambi\u00e9n generar interacci\u00f3n de los diferentes niveles de complejidad en torno a problemas para \u201cdise\u00f1ar -en red- las soluciones\u201d.\u00a0 Esto promueve un proceso formativo basado en las experiencias de los equipos de salud que participan del programa.<\/p>\n<p style=\"text-align: justify;\"><strong>Malla curricular<\/strong><\/p>\n<p style=\"text-align: justify;\"><strong><a href=\"http:\/\/medicina.udd.cl\/centro-epidemiologia-politicas-salud\/files\/2012\/06\/Sin-t\u00edtulo.jpg\"><img loading=\"lazy\" decoding=\"async\" class=\"aligncenter size-full wp-image-316\" title=\"malla\" src=\"http:\/\/medicina.udd.cl\/centro-epidemiologia-politicas-salud\/files\/2012\/06\/Sin-t\u00edtulo.jpg\" alt=\"\" width=\"467\" height=\"410\" srcset=\"https:\/\/medicina.udd.cl\/centro-epidemiologia-politicas-salud\/files\/2012\/06\/Sin-t\u00edtulo.jpg 467w, https:\/\/medicina.udd.cl\/centro-epidemiologia-politicas-salud\/files\/2012\/06\/Sin-t\u00edtulo-300x263.jpg 300w\" sizes=\"auto, (max-width: 467px) 100vw, 467px\" \/><\/a><\/strong><\/p>\n<p style=\"text-align: justify;\">\n","protected":false},"excerpt":{"rendered":"<p>La metodolog\u00eda del programa contempl\u00f3 5 m\u00f3dulos te\u00f3rico-pr\u00e1cticos en aula a cargo del equipo docente del diplomado, acompa\u00f1ado de la tutor\u00eda a distancia a trav\u00e9s de e-learning y un acompa\u00f1amiento tipo coaching, de trabajo en terreno con los equipos de APS. Esto incluye el desarrollo de trabajos en terreno con seguimiento t\u00e9cnico y acompa\u00f1amiento que [&hellip;]<\/p>\n","protected":false},"author":1,"featured_media":0,"parent":0,"menu_order":0,"comment_status":"open","ping_status":"open","template":"wide-default.php","meta":{"footnotes":""},"class_list":["post-315","page","type-page","status-publish","hentry"],"yoast_head":"<!-- This site is optimized with the Yoast SEO plugin v26.9 - https:\/\/yoast.com\/product\/yoast-seo-wordpress\/ -->\n<title>Propuesta metodol\u00f3gica de formaci\u00f3n \u2013 acci\u00f3n  - Centro de Epidemiolog\u00eda y Pol\u00edticas de Salud<\/title>\n<meta name=\"robots\" content=\"index, follow, max-snippet:-1, max-image-preview:large, max-video-preview:-1\" \/>\n<link rel=\"canonical\" href=\"https:\/\/medicina.udd.cl\/centro-epidemiologia-politicas-salud\/propuesta-metodologica-de-formacion-\u2013-accion\/\" \/>\n<meta property=\"og:locale\" content=\"es_ES\" \/>\n<meta property=\"og:type\" content=\"article\" \/>\n<meta property=\"og:title\" content=\"Propuesta metodol\u00f3gica de formaci\u00f3n \u2013 acci\u00f3n  - Centro de Epidemiolog\u00eda y Pol\u00edticas de Salud\" \/>\n<meta property=\"og:description\" content=\"La metodolog\u00eda del programa contempl\u00f3 5 m\u00f3dulos te\u00f3rico-pr\u00e1cticos en aula a cargo del equipo docente del diplomado, acompa\u00f1ado de la tutor\u00eda a distancia a trav\u00e9s de e-learning y un acompa\u00f1amiento tipo coaching, de trabajo en terreno con los equipos de APS. Esto incluye el desarrollo de trabajos en terreno con seguimiento t\u00e9cnico y acompa\u00f1amiento que [&hellip;]\" \/>\n<meta property=\"og:url\" content=\"https:\/\/medicina.udd.cl\/centro-epidemiologia-politicas-salud\/propuesta-metodologica-de-formacion-\u2013-accion\/\" \/>\n<meta property=\"og:site_name\" content=\"Centro de Epidemiolog\u00eda y Pol\u00edticas de Salud\" \/>\n<meta property=\"article:modified_time\" content=\"2012-06-26T20:59:32+00:00\" \/>\n<meta name=\"twitter:label1\" content=\"Tiempo de lectura\" \/>\n\t<meta name=\"twitter:data1\" content=\"1 minuto\" \/>\n<script type=\"application\/ld+json\" class=\"yoast-schema-graph\">{\"@context\":\"https:\/\/schema.org\",\"@graph\":[{\"@type\":\"WebPage\",\"@id\":\"https:\/\/medicina.udd.cl\/centro-epidemiologia-politicas-salud\/propuesta-metodologica-de-formacion-%e2%80%93-accion\/\",\"url\":\"https:\/\/medicina.udd.cl\/centro-epidemiologia-politicas-salud\/propuesta-metodologica-de-formacion-%e2%80%93-accion\/\",\"name\":\"Propuesta metodol\u00f3gica de formaci\u00f3n \u2013 acci\u00f3n - Centro de Epidemiolog\u00eda y Pol\u00edticas de Salud\",\"isPartOf\":{\"@id\":\"https:\/\/medicina.udd.cl\/centro-epidemiologia-politicas-salud\/#website\"},\"datePublished\":\"2012-06-26T20:58:37+00:00\",\"dateModified\":\"2012-06-26T20:59:32+00:00\",\"breadcrumb\":{\"@id\":\"https:\/\/medicina.udd.cl\/centro-epidemiologia-politicas-salud\/propuesta-metodologica-de-formacion-%e2%80%93-accion\/#breadcrumb\"},\"inLanguage\":\"es\",\"potentialAction\":[{\"@type\":\"ReadAction\",\"target\":[\"https:\/\/medicina.udd.cl\/centro-epidemiologia-politicas-salud\/propuesta-metodologica-de-formacion-%e2%80%93-accion\/\"]}]},{\"@type\":\"BreadcrumbList\",\"@id\":\"https:\/\/medicina.udd.cl\/centro-epidemiologia-politicas-salud\/propuesta-metodologica-de-formacion-%e2%80%93-accion\/#breadcrumb\",\"itemListElement\":[{\"@type\":\"ListItem\",\"position\":1,\"name\":\"Inicio\",\"item\":\"https:\/\/medicina.udd.cl\/centro-epidemiologia-politicas-salud\/\"},{\"@type\":\"ListItem\",\"position\":2,\"name\":\"Propuesta metodol\u00f3gica de formaci\u00f3n \u2013 acci\u00f3n\"}]},{\"@type\":\"WebSite\",\"@id\":\"https:\/\/medicina.udd.cl\/centro-epidemiologia-politicas-salud\/#website\",\"url\":\"https:\/\/medicina.udd.cl\/centro-epidemiologia-politicas-salud\/\",\"name\":\"Centro de Epidemiolog\u00eda y Pol\u00edticas de Salud\",\"description\":\"Otro blog m\u00e1s de Medicina\",\"inLanguage\":\"es\"}]}<\/script>\n<!-- \/ Yoast SEO plugin. -->","yoast_head_json":{"title":"Propuesta metodol\u00f3gica de formaci\u00f3n \u2013 acci\u00f3n  - Centro de Epidemiolog\u00eda y Pol\u00edticas de Salud","robots":{"index":"index","follow":"follow","max-snippet":"max-snippet:-1","max-image-preview":"max-image-preview:large","max-video-preview":"max-video-preview:-1"},"canonical":"https:\/\/medicina.udd.cl\/centro-epidemiologia-politicas-salud\/propuesta-metodologica-de-formacion-\u2013-accion\/","og_locale":"es_ES","og_type":"article","og_title":"Propuesta metodol\u00f3gica de formaci\u00f3n \u2013 acci\u00f3n  - Centro de Epidemiolog\u00eda y Pol\u00edticas de Salud","og_description":"La metodolog\u00eda del programa contempl\u00f3 5 m\u00f3dulos te\u00f3rico-pr\u00e1cticos en aula a cargo del equipo docente del diplomado, acompa\u00f1ado de la tutor\u00eda a distancia a trav\u00e9s de e-learning y un acompa\u00f1amiento tipo coaching, de trabajo en terreno con los equipos de APS. Esto incluye el desarrollo de trabajos en terreno con seguimiento t\u00e9cnico y acompa\u00f1amiento que [&hellip;]","og_url":"https:\/\/medicina.udd.cl\/centro-epidemiologia-politicas-salud\/propuesta-metodologica-de-formacion-\u2013-accion\/","og_site_name":"Centro de Epidemiolog\u00eda y Pol\u00edticas de Salud","article_modified_time":"2012-06-26T20:59:32+00:00","twitter_misc":{"Tiempo de lectura":"1 minuto"},"schema":{"@context":"https:\/\/schema.org","@graph":[{"@type":"WebPage","@id":"https:\/\/medicina.udd.cl\/centro-epidemiologia-politicas-salud\/propuesta-metodologica-de-formacion-%e2%80%93-accion\/","url":"https:\/\/medicina.udd.cl\/centro-epidemiologia-politicas-salud\/propuesta-metodologica-de-formacion-%e2%80%93-accion\/","name":"Propuesta metodol\u00f3gica de formaci\u00f3n \u2013 acci\u00f3n - Centro de Epidemiolog\u00eda y Pol\u00edticas de Salud","isPartOf":{"@id":"https:\/\/medicina.udd.cl\/centro-epidemiologia-politicas-salud\/#website"},"datePublished":"2012-06-26T20:58:37+00:00","dateModified":"2012-06-26T20:59:32+00:00","breadcrumb":{"@id":"https:\/\/medicina.udd.cl\/centro-epidemiologia-politicas-salud\/propuesta-metodologica-de-formacion-%e2%80%93-accion\/#breadcrumb"},"inLanguage":"es","potentialAction":[{"@type":"ReadAction","target":["https:\/\/medicina.udd.cl\/centro-epidemiologia-politicas-salud\/propuesta-metodologica-de-formacion-%e2%80%93-accion\/"]}]},{"@type":"BreadcrumbList","@id":"https:\/\/medicina.udd.cl\/centro-epidemiologia-politicas-salud\/propuesta-metodologica-de-formacion-%e2%80%93-accion\/#breadcrumb","itemListElement":[{"@type":"ListItem","position":1,"name":"Inicio","item":"https:\/\/medicina.udd.cl\/centro-epidemiologia-politicas-salud\/"},{"@type":"ListItem","position":2,"name":"Propuesta metodol\u00f3gica de formaci\u00f3n \u2013 acci\u00f3n"}]},{"@type":"WebSite","@id":"https:\/\/medicina.udd.cl\/centro-epidemiologia-politicas-salud\/#website","url":"https:\/\/medicina.udd.cl\/centro-epidemiologia-politicas-salud\/","name":"Centro de Epidemiolog\u00eda y Pol\u00edticas de Salud","description":"Otro blog m\u00e1s de Medicina","inLanguage":"es"}]}},"_links":{"self":[{"href":"https:\/\/medicina.udd.cl\/centro-epidemiologia-politicas-salud\/wp-json\/wp\/v2\/pages\/315","targetHints":{"allow":["GET"]}}],"collection":[{"href":"https:\/\/medicina.udd.cl\/centro-epidemiologia-politicas-salud\/wp-json\/wp\/v2\/pages"}],"about":[{"href":"https:\/\/medicina.udd.cl\/centro-epidemiologia-politicas-salud\/wp-json\/wp\/v2\/types\/page"}],"author":[{"embeddable":true,"href":"https:\/\/medicina.udd.cl\/centro-epidemiologia-politicas-salud\/wp-json\/wp\/v2\/users\/1"}],"replies":[{"embeddable":true,"href":"https:\/\/medicina.udd.cl\/centro-epidemiologia-politicas-salud\/wp-json\/wp\/v2\/comments?post=315"}],"version-history":[{"count":2,"href":"https:\/\/medicina.udd.cl\/centro-epidemiologia-politicas-salud\/wp-json\/wp\/v2\/pages\/315\/revisions"}],"predecessor-version":[{"id":318,"href":"https:\/\/medicina.udd.cl\/centro-epidemiologia-politicas-salud\/wp-json\/wp\/v2\/pages\/315\/revisions\/318"}],"wp:attachment":[{"href":"https:\/\/medicina.udd.cl\/centro-epidemiologia-politicas-salud\/wp-json\/wp\/v2\/media?parent=315"}],"curies":[{"name":"wp","href":"https:\/\/api.w.org\/{rel}","templated":true}]}}